680
CXUS54 KMEG 031522
CLMJBR


CLIMATE REPORT
NATIONAL WEATHER SERVICE MEMPHIS TN
921 AM CST WED FEB 3 2016

...................................

...THE JONESBORO CLIMATE SUMMARY FOR THE MONTH OF JANUARY 2016...

CLIMATE NORMAL PERIOD 1981 TO 2010
CLIMATE RECORD PERIOD 1897 TO 2016

WEATHER         OBSERVED          NORMAL  DEPART  LAST YEAR`S
                 VALUE   DATE(S)  VALUE   FROM    VALUE  DATE(S)
                                          NORMAL
................................................................
TEMPERATURE (F)
RECORD
 HIGH              82   01/21/1906
 LOW              -18   01/12/1918
HIGHEST            68   01/31        46     22        64  01/19
LOWEST             14   01/18        30    -16         8  01/08
AVG. MAXIMUM     45.1              46.2    -1.1     45.5
AVG. MINIMUM     29.2              28.7     0.5     27.5
MEAN             37.2              37.5    -0.3     36.5
DAYS MAX >= 90      0               0.0     0.0        0
DAYS MAX <= 32      5               3.5     1.5        5
DAYS MIN <= 32     24              20.8     3.2       24
DAYS MIN <= 0       0               0.0     0.0        0

PRECIPITATION (INCHES)
RECORD
 MAXIMUM        18.95   1937
 MINIMUM         0.05   1905
TOTALS           1.80              3.43   -1.63     1.50
DAILY AVG.       0.06              0.11   -0.05     0.05
DAYS >= .01         5                MM      MM        5
DAYS >= .10         3                MM      MM        4
DAYS >= .50         1                MM      MM        1
DAYS >= 1.00        1                MM      MM        0
GREATEST
 24 HR. TOTAL    1.44   01/09 TO 01/09
                        01/08 TO 01/09
                        01/09 TO 01/09

SNOWFALL (INCHES)
RECORDS
 TOTAL           16.5   1918
TOTALS            0.3               2.2    -1.9        T
SINCE 7/1         0.3               2.8    -2.5      0.3
SNOWDEPTH AVG.      0                MM      MM        0
DAYS >= 1.0         0                MM      MM        0
GREATEST
 SNOW DEPTH         0   MM                             0  MM
 24 HR TOTAL      0.3   MM

DEGREE_DAYS
HEATING TOTAL     854               854       0      878
 SINCE 7/1       1867              2296    -429     2324
COOLING TOTAL       0                 0       0        0
 SINCE 1/1          0                 0       0        0
.................................................................

WIND (MPH)
AVERAGE WIND SPEED              8.7
HIGHEST WIND SPEED/DIRECTION    35/210    DATE  01/31
HIGHEST GUST SPEED/DIRECTION    44/210    DATE  01/31

SKY COVER
POSSIBLE SUNSHINE (PERCENT)   MM
AVERAGE SKY COVER           0.30
NUMBER OF DAYS FAIR           17
NUMBER OF DAYS PC              8
NUMBER OF DAYS CLOUDY          6

AVERAGE RH (PERCENT)     76

WEATHER CONDITIONS. NUMBER OF DAYS WITH
THUNDERSTORM              0     MIXED PRECIP               0
HEAVY RAIN                2     RAIN                       2
LIGHT RAIN                4     FREEZING RAIN              3
LT FREEZING RAIN          4     HAIL                       0
HEAVY SNOW                0     SNOW                       0
LIGHT SNOW                4     SLEET                      0
FOG                       9     FOG W/VIS <= 1/4 MILE      0
HAZE                      2

-  INDICATES NEGATIVE NUMBERS.
R  INDICATES RECORD WAS SET OR TIED.
MM INDICATES DATA IS MISSING.
T  INDICATES TRACE AMOUNT.

$$
