442
CXUS54 KMEG 031510
CLMJBR


CLIMATE REPORT
NATIONAL WEATHER SERVICE MEMPHIS TN
1007 AM CDT SUN APR 3 2016

...................................

...THE JONESBORO CLIMATE SUMMARY FOR THE MONTH OF MARCH 2016...

CLIMATE NORMAL PERIOD 1981 TO 2010
CLIMATE RECORD PERIOD 1897 TO 2016

WEATHER         OBSERVED          NORMAL  DEPART  LAST YEAR`S
                 VALUE   DATE(S)  VALUE   FROM    VALUE  DATE(S)
                                          NORMAL
................................................................
TEMPERATURE (F)
RECORD
 HIGH              95   03/24/1929
 LOW                1   03/06/1899
HIGHEST            79   03/15        60      19       78  03/31
LOWEST             29   03/02        40     -11        5  03/06
AVG. MAXIMUM     63.6              60.4     3.2     55.7
AVG. MINIMUM     43.8              40.0     3.8     37.2
MEAN             53.7              50.2     3.5     46.5
DAYS MAX >= 90      0               0.0     0.0        0
DAYS MAX <= 32      0               0.0     0.0        2
DAYS MIN <= 32      2               6.3    -4.3        9
DAYS MIN <= 0       0               0.0     0.0        0

PRECIPITATION (INCHES)
RECORD
 MAXIMUM        11.36   1922
 MINIMUM         0.32   1966
TOTALS          13.22R             4.50    8.72     7.32
DAILY AVG.       0.43              0.15    0.28     0.24
DAYS >= .01        12                MM      MM       16
DAYS >= .10        10                MM      MM       10
DAYS >= .50         7                MM      MM        3
DAYS >= 1.00        4                MM      MM        2
GREATEST
 24 HR. TOTAL    3.05   03/09 TO 03/10

SNOWFALL (INCHES)
RECORDS
 TOTAL           21.0   1965
TOTALS            0.0               0.7    -0.7      7.6
SINCE 7/1         0.3               4.8    -4.5      9.4
SNOWDEPTH AVG.      0                MM      MM        1
DAYS >= 1.0         0                MM      MM        1
GREATEST
 SNOW DEPTH         0   MM                             8  03/05
 24 HR TOTAL      0.0   03/31 TO 03/31

DEGREE_DAYS
HEATING TOTAL     346               464    -118      565
 SINCE 7/1       2835              3420    -585     3813
COOLING TOTAL       4                 6      -2        0
 SINCE 1/1          4                 6      -2        0
.................................................................

WIND (MPH)
AVERAGE WIND SPEED              9.7
HIGHEST WIND SPEED/DIRECTION    36/260    DATE  03/31
HIGHEST GUST SPEED/DIRECTION    53/270    DATE  03/31

SKY COVER
POSSIBLE SUNSHINE (PERCENT)   MM
AVERAGE SKY COVER           0.40
NUMBER OF DAYS FAIR           15
NUMBER OF DAYS PC              8
NUMBER OF DAYS CLOUDY          8

AVERAGE RH (PERCENT)     73

WEATHER CONDITIONS. NUMBER OF DAYS WITH
THUNDERSTORM              0     MIXED PRECIP               0
HEAVY RAIN                6     RAIN                       8
LIGHT RAIN               16     FREEZING RAIN              0
LT FREEZING RAIN          0     HAIL                       0
HEAVY SNOW                0     SNOW                       0
LIGHT SNOW                0     SLEET                      0
FOG                      13     FOG W/VIS <= 1/4 MILE      0
HAZE                      1

-  INDICATES NEGATIVE NUMBERS.
R  INDICATES RECORD WAS SET OR TIED.
MM INDICATES DATA IS MISSING.
T  INDICATES TRACE AMOUNT.

$$
