000
CXUS54 KMEG 011355
CLMJBR


CLIMATE REPORT
NATIONAL WEATHER SERVICE MEMPHIS TN
854 AM CDT SUN MAY 1 2016

...................................

...THE JONESBORO CLIMATE SUMMARY FOR THE MONTH OF APRIL 2016...

CLIMATE NORMAL PERIOD 1981 TO 2010
CLIMATE RECORD PERIOD 1897 TO 2016

WEATHER         OBSERVED          NORMAL  DEPART  LAST YEAR`S
                 VALUE   DATE(S)  VALUE   FROM    VALUE  DATE(S)
                                          NORMAL
................................................................
TEMPERATURE (F)
RECORD
 HIGH              96   04/30/1901
                        04/29/1901
 LOW                0   04/01/2016
HIGHEST            83   04/26        71      12       82  04/09
                        04/24
LOWEST             42   04/09        49      -7       38  04/05
                        04/08
                        04/03
AVG. MAXIMUM     72.9              70.3     2.6     70.5
AVG. MINIMUM     51.8              49.4     2.4     50.6
MEAN             62.3              59.9     2.4     60.5
DAYS MAX >= 90      0               0.1    -0.1        0
DAYS MAX <= 32      0               0.0     0.0        0
DAYS MIN <= 32      0               0.6    -0.6        0
DAYS MIN <= 0       0               0.0     0.0        0

PRECIPITATION (INCHES)
RECORD
 MAXIMUM        15.08   1927
 MINIMUM         0.54   2001
TOTALS           4.46              5.02   -0.56     5.82
DAILY AVG.       0.15              0.17   -0.02     0.19
DAYS >= .01        10                MM      MM       11
DAYS >= .10         7                MM      MM        7
DAYS >= .50         2                MM      MM        3
DAYS >= 1.00        2                MM      MM        3
GREATEST
 24 HR. TOTAL    3.45   04/29 TO 04/30

SNOWFALL (INCHES)
RECORDS
 TOTAL            0.0   2002
                        1993
                        1973
TOTALS            0.0               0.0     0.0      0.0
SINCE 7/1         0.3               4.8    -4.5      9.4
SNOWDEPTH AVG.      0                MM      MM        0
DAYS >= 1.0         0                MM      MM        0
GREATEST
 SNOW DEPTH         0   MM                             0  MM
 24 HR TOTAL      0.0   04/30 TO 04/30

DEGREE_DAYS
HEATING TOTAL     120               195     -75      152
 SINCE 7/1       2955              3615    -660     3965
COOLING TOTAL      46                41       5       28
 SINCE 1/1         50                47       3       28
.................................................................

WIND (MPH)
AVERAGE WIND SPEED              8.9
HIGHEST WIND SPEED/DIRECTION    39/200    DATE  04/10
HIGHEST GUST SPEED/DIRECTION    50/220    DATE  04/10

SKY COVER
POSSIBLE SUNSHINE (PERCENT)   MM
AVERAGE SKY COVER           0.30
NUMBER OF DAYS FAIR           18
NUMBER OF DAYS PC              8
NUMBER OF DAYS CLOUDY          4

AVERAGE RH (PERCENT)     65

WEATHER CONDITIONS. NUMBER OF DAYS WITH
THUNDERSTORM              0     MIXED PRECIP               0
HEAVY RAIN                3     RAIN                       5
LIGHT RAIN               10     FREEZING RAIN              0
LT FREEZING RAIN          0     HAIL                       0
HEAVY SNOW                0     SNOW                       0
LIGHT SNOW                0     SLEET                      0
FOG                       9     FOG W/VIS <= 1/4 MILE      0
HAZE                      2

-  INDICATES NEGATIVE NUMBERS.
R  INDICATES RECORD WAS SET OR TIED.
MM INDICATES DATA IS MISSING.
T  INDICATES TRACE AMOUNT.

$$
