000
CXUS54 KMEG 030148
CLMJBR


CLIMATE REPORT...RETRANSMISSION
NATIONAL WEATHER SERVICE MEMPHIS TN
747 PM CST FRI JAN 2 2015

...................................

...THE JONESBORO CLIMATE SUMMARY FOR THE YEAR OF 2014...

CLIMATE NORMAL PERIOD 1981 TO 2010
CLIMATE RECORD PERIOD 1897 TO 2015

WEATHER         OBSERVED          NORMAL  DEPART  LAST YEAR`S
                 VALUE   DATE(S)  VALUE   FROM    VALUE  DATE(S)
                                          NORMAL
................................................................
TEMPERATURE (F)
RECORD
 HIGH             116   07/12/1901
 LOW              -18   01/12/1918
HIGHEST            98   08/23                        101  09/10
                                                          06/27
LOWEST              4   01/07                         16  12/07
AVG. MAXIMUM     67.8              70.1    -2.3     69.6
AVG. MINIMUM     48.4              49.8    -1.4     49.9
MEAN             58.1              60.0    -1.9     59.7
DAYS MAX >= 90     45              54.2    -9.2       64
DAYS MAX <= 32     14               6.6     7.4       10
DAYS MIN <= 32     82              67.9    14.1       73
DAYS MIN <= 0       0               0.0     0.0        0

PRECIPITATION (INCHES)
RECORD
 MAXIMUM        75.95   2009
 MINIMUM        27.86   1943
TOTALS          44.15             48.10   -3.95    52.42
DAILY AVG.       0.12              0.13   -0.01     0.14
DAYS >= .01       114                MM      MM      109
DAYS >= .10        70                MM      MM       75
DAYS >= .50        34                MM      MM       34
DAYS >= 1.00       14                MM      MM       18

SNOWFALL (INCHES)
RECORDS
 TOTAL           20.3   1929
 SNOW DEPTH        15   01/19/1918
                        01/20/1918
                        01/21/1918
TOTALS            4.5               4.8    -0.3      5.5
SINCE 7/1         0.3               0.6    -0.3      1.0
SNOWDEPTH AVG.      0                MM      MM        0
DAYS >= TRACE      17                MM      MM        9
DAYS >= 1.0         2                MM      MM        2
GREATEST
 SNOW DEPTH         3   03/04                          4  03/22
                        03/03

DEGREE_DAYS
HEATING TOTAL    4036              3654     382     3854
 SINCE 7/1         MM              1442      MM       MM
COOLING TOTAL    1800              1827     -27     2044
 SINCE 1/1       1800              1827     -27     2044

FREEZE DATES
RECORD
 EARLIEST     10/07/1952
 LATEST       05/06/1927
EARLIEST                        11/02
LATEST                          04/02
.................................................................

WIND (MPH)
AVERAGE WIND SPEED              7.5
RESULTANT WIND SPEED/DIRECTION   1/211
HIGHEST WIND SPEED/DIRECTION    46/060    DATE  07/23
HIGHEST GUST SPEED/DIRECTION    64/210    DATE  07/06

SKY COVER
AVERAGE SKY COVER           0.30

AVERAGE RH (PERCENT)     70

WEATHER CONDITIONS. NUMBER OF DAYS WITH
THUNDERSTORM              0     MIXED PRECIP               0
HEAVY RAIN               39     RAIN                      48
LIGHT RAIN              122     FREEZING RAIN              4
LT FREEZING RAIN          7     HAIL                       0
HEAVY SNOW                0     SNOW                       0
LIGHT SNOW               17     SLEET                      5
FOG                      93     FOG W/VIS <= 1/4 MILE      5
HAZE                     20

-  INDICATES NEGATIVE NUMBERS.
R  INDICATES RECORD WAS SET OR TIED.
MM INDICATES DATA IS MISSING.
T  INDICATES TRACE AMOUNT.

$$
