640
CXUS54 KMEG 110312
CLMJBR


CLIMATE REPORT
NATIONAL WEATHER SERVICE MEMPHIS TN
907 PM CST TUE JAN 10 2017

...................................

...THE JONESBORO CLIMATE SUMMARY FOR THE YEAR OF 2016...

CLIMATE NORMAL PERIOD 1981 TO 2010
CLIMATE RECORD PERIOD 1897 TO 2017

WEATHER         OBSERVED          NORMAL  DEPART  LAST YEAR`S
                 VALUE   DATE(S)  VALUE   FROM    VALUE  DATE(S)
                                          NORMAL
................................................................
TEMPERATURE (F)
RECORD
 HIGH             116   07/12/1901
 LOW              -18   01/12/1918
HIGHEST            99   07/22                         97  06/24
                        06/16
LOWEST             13   12/19                          5  03/06
AVG. MAXIMUM     72.3              70.1     2.2     69.1
AVG. MINIMUM     52.9              49.8     3.1     50.0
MEAN             62.6              60.0     2.6     59.6
DAYS MAX >= 90     78              54.2    23.8       54
DAYS MAX <= 32      8               6.6     1.4       15
DAYS MIN <= 32     57              67.9   -10.9       71
DAYS MIN <= 0       0               0.0     0.0        0

PRECIPITATION (INCHES)
RECORD
 MAXIMUM        75.95   2009
 MINIMUM        27.86   1943
TOTALS          52.56             48.10    4.46    64.53
DAILY AVG.       0.14              0.13    0.01     0.18
DAYS >= .01       102                MM      MM      113
DAYS >= .10        70                MM      MM       80
DAYS >= .50        30                MM      MM       43
DAYS >= 1.00       14                MM      MM       21

SNOWFALL (INCHES)
RECORDS
 TOTAL           20.3   1929
 SNOW DEPTH        15   01/19/1918
                        01/20/1918
                        01/21/1918
TOTALS            0.3               4.8    -4.5      9.1
SINCE 7/1           T               0.6    -0.6      0.0
SNOWDEPTH AVG.      0                MM      MM        0
DAYS >= TRACE       8                MM      MM       12
DAYS >= 1.0         0                MM      MM        2
GREATEST
 SNOW DEPTH         0   MM                             8  03/05

DEGREE_DAYS
HEATING TOTAL    3054              3654    -600     3581
 SINCE 7/1       1084              1442    -358       MM
COOLING TOTAL    2285              1827     458     1751
 SINCE 1/1       2285              1827     458     1751

FREEZE DATES
RECORD
 EARLIEST     10/07/1952
 LATEST       05/06/1927
EARLIEST                        11/02
LATEST                          04/02
.................................................................

WIND (MPH)
AVERAGE WIND SPEED              7.5
RESULTANT WIND SPEED/DIRECTION   1/194
HIGHEST WIND SPEED/DIRECTION    39/200    DATE  04/10
HIGHEST GUST SPEED/DIRECTION    53/270    DATE  03/31

SKY COVER
AVERAGE SKY COVER           0.30

AVERAGE RH (PERCENT)     70

WEATHER CONDITIONS. NUMBER OF DAYS WITH
THUNDERSTORM              0     MIXED PRECIP               0
HEAVY RAIN               46     RAIN                      59
LIGHT RAIN              128     FREEZING RAIN              3
LT FREEZING RAIN          6     HAIL                       0
HEAVY SNOW                0     SNOW                       0
LIGHT SNOW                6     SLEET                      1
FOG                     118     FOG W/VIS <= 1/4 MILE      6
HAZE                     21

-  INDICATES NEGATIVE NUMBERS.
R  INDICATES RECORD WAS SET OR TIED.
MM INDICATES DATA IS MISSING.
T  INDICATES TRACE AMOUNT.

$$
