000
CXUS54 KMEG 021625
CLMJBR


CLIMATE REPORT
NATIONAL WEATHER SERVICE MEMPHIS TN
1022 AM CST THU FEB 2 2017

...................................

...THE JONESBORO CLIMATE SUMMARY FOR THE MONTH OF JANUARY 2017...

CLIMATE NORMAL PERIOD 1981 TO 2010
CLIMATE RECORD PERIOD 1897 TO 2017

WEATHER         OBSERVED          NORMAL  DEPART  LAST YEAR`S
                 VALUE   DATE(S)  VALUE   FROM    VALUE  DATE(S)
                                          NORMAL
................................................................
TEMPERATURE (F)
RECORD
 HIGH              82   01/21/1906
 LOW              -18   01/12/1918
HIGHEST            73   01/12      46       27       68  01/31
LOWEST             10   01/08      29      -19       14  01/18
AVG. MAXIMUM     51.7              46.2     5.5     45.1
AVG. MINIMUM     35.7              28.7     7.0     29.2
MEAN             43.7              37.5     6.2     37.2
DAYS MAX >= 90      0               0.0     0.0        0
DAYS MAX <= 32      4               3.5     0.5        5
DAYS MIN <= 32      8              20.8   -12.8       24
DAYS MIN <= 0       0               0.0     0.0        0

PRECIPITATION (INCHES)
RECORD
 MAXIMUM        18.95   1937
 MINIMUM         0.05   1905
TOTALS           3.70              3.43    0.27     1.80
DAILY AVG.       0.12              0.11    0.01     0.06
DAYS >= .01         8                MM      MM        5
DAYS >= .10         5                MM      MM        3
DAYS >= .50         2                MM      MM        1
DAYS >= 1.00        2                MM      MM        1
GREATEST
 24 HR. TOTAL    1.45   01/16 TO 01/16

SNOWFALL (INCHES)
RECORDS
 TOTAL           16.5   1918
TOTALS            0.0               2.2    -2.2      0.3
SINCE 7/1           T               2.8    -2.8      0.3
SNOWDEPTH AVG.      0                MM      MM        0
DAYS >= 1.0         0                MM      MM        0
GREATEST
 SNOW DEPTH         0   MM                             0  MM
 24 HR TOTAL      0.0   01/31 TO 01/31

DEGREE_DAYS
HEATING TOTAL     652               854    -202      854
 SINCE 7/1       1736              2296    -560     1867
COOLING TOTAL       0                 0       0        0
 SINCE 1/1          0                 0       0        0
.................................................................

WIND (MPH)
AVERAGE WIND SPEED              9.1
HIGHEST WIND SPEED/DIRECTION    40/200    DATE  01/10
HIGHEST GUST SPEED/DIRECTION    50/190    DATE  01/10

SKY COVER
POSSIBLE SUNSHINE (PERCENT)   MM
AVERAGE SKY COVER           0.60
NUMBER OF DAYS FAIR           11
NUMBER OF DAYS PC              8
NUMBER OF DAYS CLOUDY         12

AVERAGE RH (PERCENT)     77

WEATHER CONDITIONS. NUMBER OF DAYS WITH
THUNDERSTORM              0     MIXED PRECIP               0
HEAVY RAIN                4     RAIN                       5
LIGHT RAIN                9     FREEZING RAIN              0
LT FREEZING RAIN          0     HAIL                       0
HEAVY SNOW                0     SNOW                       0
LIGHT SNOW                1     SLEET                      0
FOG                      16     FOG W/VIS <= 1/4 MILE      8
HAZE                      5

-  INDICATES NEGATIVE NUMBERS.
R  INDICATES RECORD WAS SET OR TIED.
MM INDICATES DATA IS MISSING.
T  INDICATES TRACE AMOUNT.

$$
