000
CXUS51 KOKX 022208
CLMJFK

CLIMATE REPORT
NATIONAL WEATHER SERVICE NEW YORK NY
508 PM EST MON MAR 2 2015

...................................

...THE KENNEDY NY CLIMATE SUMMARY FOR THE MONTH OF FEBRUARY 2015...

CLIMATE NORMAL PERIOD 1981 TO 2010
CLIMATE RECORD PERIOD 1949 TO 2015

WEATHER         OBSERVED          NORMAL  DEPART  LAST YEAR`S
                 VALUE   DATE(S)  VALUE   FROM    VALUE  DATE(S)
                                          NORMAL
................................................................
TEMPERATURE (F)
RECORD
 HIGH              71   02/27/1997
 LOW               -2   02/08/1963
HIGHEST            43   02/22        MM      MM       55  02/23
LOWEST              3   02/20        MM      MM       11  02/28
AVG. MAXIMUM     32.6              41.8    -9.2     37.4
AVG. MINIMUM     16.5              28.1   -11.6     24.9
MEAN             24.5              34.9   -10.4     31.1
DAYS MAX >= 90      0               0.0     0.0        0
DAYS MAX <= 32     14               3.3    10.7       10
DAYS MIN <= 32     28              19.5     8.5       24
DAYS MIN <= 0       0               0.0     0.0        0

PRECIPITATION (INCHES)
RECORD
 MAXIMUM         6.02   2010
 MINIMUM         0.46   2002
TOTALS           2.35              2.59   -0.24     4.59
DAILY AVG.       0.08              0.09   -0.01     0.16
DAYS >= .01         8               9.6    -1.6       12
DAYS >= .10         5               5.6    -0.6        9
DAYS >= .50         2               1.6     0.4        3
DAYS >= 1.00        1               0.6     0.4        3
GREATEST
 24 HR. TOTAL    1.20   02/01 TO 02/02           02/13 TO 02/14
                                                          02/03 TO 02/03
                                                          02/03 TO 02/03
 STORM TOTAL       MM                                 MM
 (MM/DD(HH))            MM                    02/14(00) TO 02/14(00)
                                                 02/03(00) TO 02/03(00)3
                                                 02/03(00) TO 02/03(00)3

SNOWFALL (INCHES)
RECORDS
 TOTAL           32.1   2003
                        0
                        0
 24 HR TOTAL       MM
TOTALS           13.6               8.3     5.3     21.0
 LIQUID EQUIV    1.36              0.80    0.56     2.10
SINCE 7/1        31.1              19.5    11.6
 LIQUID 7/1      3.11              2.00             4.49
DAYS >= TRACE      14               3.4    10.6       10
DAYS >= 1.0         3               1.7     1.3        7
GREATEST
 SNOW DEPTH         8   02/04                         10  02/18
                        02/03                             02/17
                        02/02                             02/16
 24 HR TOTAL      4.7   02/21 TO 02/22           02/03 TO 02/03
                                                          02/03 TO 02/03
                                                          02/03 TO 02/03
 STORM TOTAL       MM                                 MM
 (MM/DD(HH))            MM                    02/03(00) TO 02/03(00)
                                                 02/03(00) TO 02/03(00)3
                                                 02/03(00) TO 02/03(00)3

DEGREE_DAYS
HEATING TOTAL    1128               841     287      941
 SINCE 7/1       3692              3511     181     3707
COOLING TOTAL       0                 0       0        0
 SINCE 1/1          0                 0       0        0
....................................................

WIND (MPH)
AVERAGE WIND SPEED              13.2
HIGHEST WIND SPEED/DIRECTION    38/310    DATE  02/15
HIGHEST GUST SPEED/DIRECTION    49/310    DATE  02/15

SKY COVER
POSSIBLE SUNSHINE (PERCENT)   MM
AVERAGE SKY COVER           0.60
NUMBER OF DAYS FAIR            3
NUMBER OF DAYS PC             13
NUMBER OF DAYS CLOUDY         12

AVERAGE RH (PERCENT)     57

WEATHER CONDITIONS. NUMBER OF DAYS WITH
THUNDERSTORM              0     MIXED PRECIP               1
HEAVY RAIN                1     RAIN                       1
LIGHT RAIN                1     FREEZING RAIN              0
LT FREEZING RAIN          4     HAIL                       0
HEAVY SNOW                0     SNOW                       3
LIGHT SNOW               12     SLEET                      2
FOG                       5     FOG W/VIS <= 1/4 MILE      1
HAZE                      2

-  INDICATES NEGATIVE NUMBERS.
R  INDICATES RECORD WAS SET OR TIED.
MM INDICATES DATA IS MISSING.
T  INDICATES TRACE AMOUNT.

$$
