000
CXUS51 KOKX 020049
CLMJFK

CLIMATE REPORT
NATIONAL WEATHER SERVICE NEW YORK NY
848 PM EDT WED JUL 1 2015

...................................

...THE KENNEDY NY CLIMATE SUMMARY FOR THE MONTH OF JUNE 2015...

CLIMATE NORMAL PERIOD 1981 TO 2010
CLIMATE RECORD PERIOD 1949 TO 2015

WEATHER         OBSERVED          NORMAL  DEPART  LAST YEAR`S
                 VALUE   DATE(S)  VALUE   FROM    VALUE  DATE(S)
                                          NORMAL
................................................................
TEMPERATURE (F)
RECORD
 HIGH              99   06/26/1949
 LOW               45   06/02/1967
                        06/01/1967
HIGHEST            90   06/21        MM      MM       91  06/18
LOWEST             51   06/02        MM      MM       54  06/01
AVG. MAXIMUM     78.5              78.0     0.5     79.4
AVG. MINIMUM     63.9              62.8     1.1     63.8
MEAN             71.2              70.4     0.8     71.6
DAYS MAX >= 90      1               1.8    -0.8        1
DAYS MAX <= 32      0               0.0     0.0        0
DAYS MIN <= 32      0               0.0     0.0        0
DAYS MIN <= 0       0               0.0     0.0        0

PRECIPITATION (INCHES)
RECORD
 MAXIMUM         9.23   2003
 MINIMUM            T   1949
TOTALS           4.99              3.86    1.13     2.61
DAILY AVG.       0.17              0.13    0.04     0.09
DAYS >= .01        12              10.7     1.3        7
DAYS >= .10         9               6.2     2.8        3
DAYS >= .50         4               2.5     1.5        3
DAYS >= 1.00        2               1.1     0.9        0
GREATEST
 24 HR. TOTAL    1.32   06/27 TO 06/28           06/12 TO 06/13
                                                          06/30 TO 06/30
                                                          06/30 TO 06/30
 STORM TOTAL       MM                                 MM
 (MM/DD(HH))            MM                    06/13(00) TO 06/13(00)
                                                 06/30(00) TO 06/30(00)0
                                                 06/30(00) TO 06/30(00)0

SNOWFALL (INCHES)
RECORDS
 TOTAL             MM   5
 24 HR TOTAL       MM
TOTALS            0.0               0.0     0.0      0.0
 LIQUID EQUIV    0.00              0.00    0.00     0.00
SINCE 7/1        44.2              23.8    20.4
 LIQUID 7/1      4.42              2.40             4.56
DAYS >= TRACE       0               0.0     0.0        0
DAYS >= 1.0         0               0.0     0.0        0
GREATEST
 SNOW DEPTH         0   MM                             0  MM
 24 HR TOTAL      0.0   06/30 TO 06/30           06/30 TO 06/30
                                                          06/30 TO 06/30
                                                          06/30 TO 06/30
 STORM TOTAL       MM                                 MM
 (MM/DD(HH))            MM                    06/30(00) TO 06/30(00)
                                                 06/30(00) TO 06/30(00)0
                                                 06/30(00) TO 06/30(00)0

DEGREE_DAYS
HEATING TOTAL      29                21       8        0
 SINCE 7/1       5000              4839     161     5099
COOLING TOTAL     225               183      42      208
 SINCE 1/1        285               218      67      240
.................................................

WIND (MPH)
AVERAGE WIND SPEED              10.2
HIGHEST WIND SPEED/DIRECTION    37/310    DATE  06/21
HIGHEST GUST SPEED/DIRECTION    46/130    DATE  06/30

SKY COVER
POSSIBLE SUNSHINE (PERCENT)   MM
AVERAGE SKY COVER           0.70
NUMBER OF DAYS FAIR            1
NUMBER OF DAYS PC             13
NUMBER OF DAYS CLOUDY         16

AVERAGE RH (PERCENT)     67

WEATHER CONDITIONS. NUMBER OF DAYS WITH
THUNDERSTORM              0     MIXED PRECIP               0
HEAVY RAIN                3     RAIN                       8
LIGHT RAIN               19     FREEZING RAIN              0
LT FREEZING RAIN          0     HAIL                       0
HEAVY SNOW                0     SNOW                       0
LIGHT SNOW                0     SLEET                      0
FOG                      10     FOG W/VIS <= 1/4 MILE      0
HAZE                      6

-  INDICATES NEGATIVE NUMBERS.
R  INDICATES RECORD WAS SET OR TIED.
MM INDICATES DATA IS MISSING.
T  INDICATES TRACE AMOUNT.

$$
