000
CXUS51 KOKX 011513
CLMJFK

CLIMATE REPORT
NATIONAL WEATHER SERVICE NEW YORK NY
1109 AM EDT TUE JUL 1 2014


...THE KENNEDY NY CLIMATE SUMMARY FOR THE MONTH OF JUNE 2014...

CLIMATE NORMAL PERIOD 1981 TO 2010
CLIMATE RECORD PERIOD 1949 TO 2014

WEATHER         OBSERVED          NORMAL  DEPART  LAST YEAR`S
                 VALUE   DATE(S)  VALUE   FROM    VALUE  DATE(S)
                                          NORMAL
................................................................
TEMPERATURE (F)
RECORD
 HIGH              99   06/26/1949
 LOW               45   06/02/1967
                        06/01/1967
HIGHEST            91   06/18        MM      MM       91  06/25
LOWEST             54   06/01        MM      MM       54  06/14
AVG. MAXIMUM     79.4              78.0     1.4     77.7
AVG. MINIMUM     63.8              62.8     1.0     63.1
MEAN             71.6              70.4     1.2     70.4
DAYS MAX >= 90      1               1.8    -0.8        2
DAYS MAX <= 32      0               0.0     0.0        0
DAYS MIN <= 32      0               0.0     0.0        0
DAYS MIN <= 0       0               0.0     0.0        0

PRECIPITATION (INCHES)
RECORD
 MAXIMUM           MM   MM
 MINIMUM           MM   MM
TOTALS           2.61              3.86   -1.25     7.95
DAILY AVG.       0.09              0.13   -0.04     0.26
DAYS >= .01         7              10.7    -3.7       15
DAYS >= .10         3               6.2    -3.2       10
DAYS >= .50         3               2.5     0.5        3
DAYS >= 1.00        0               1.1    -1.1        2
GREATEST
 24 HR. TOTAL    1.00   06/12 TO 06/13           06/07 TO 06/08
                                                          06/30 TO 06/30
                                                          06/30 TO 06/30
 STORM TOTAL       MM                                 MM
 (MM/DD(HH))            MM                    06/08(00) TO 06/08(00)
                                                 06/30(00) TO 06/30(00)0
                                                 06/30(00) TO 06/30(00)0

SNOWFALL (INCHES)
RECORDS
 TOTAL             MM   5
 24 HR TOTAL       MM
TOTALS            0.0               0.0     0.0      0.0
 LIQUID EQUIV    0.00              0.00    0.00     0.00
SINCE 7/1        45.6              23.8    21.8
 LIQUID 7/1      4.56              2.40             1.76
DAYS >= TRACE       0               0.0     0.0        0
DAYS >= 1.0         0               0.0     0.0        0
GREATEST
 SNOW DEPTH         0   MM                             0  MM
 24 HR TOTAL      0.0   06/30 TO 06/30           06/30 TO 06/30
                                                          06/30 TO 06/30
                                                          06/30 TO 06/30
 STORM TOTAL       MM                                 MM
 (MM/DD(HH))            MM                    06/30(00) TO 06/30(00)
                                                 06/30(00) TO 06/30(00)0
                                                 06/30(00) TO 06/30(00)0

DEGREE_DAYS
HEATING TOTAL       0                21     -21       10
 SINCE 7/1       5099              4839     260     4706
COOLING TOTAL     208               183      25      180
 SINCE 1/1        240               218      22      206
.................................................

WIND (MPH)
AVERAGE WIND SPEED              9.4
HIGHEST WIND SPEED/DIRECTION    29/170    DATE  06/24
HIGHEST GUST SPEED/DIRECTION    44/010    DATE  06/07

SKY COVER
POSSIBLE SUNSHINE (PERCENT)   MM
AVERAGE SKY COVER           0.60
NUMBER OF DAYS FAIR            2
NUMBER OF DAYS PC             21
NUMBER OF DAYS CLOUDY          7

AVERAGE RH (PERCENT)     66

WEATHER CONDITIONS. NUMBER OF DAYS WITH
THUNDERSTORM              0     MIXED PRECIP               0
HEAVY RAIN                4     RAIN                       3
LIGHT RAIN               10     FREEZING RAIN              0
LT FREEZING RAIN          0     HAIL                       0
HEAVY SNOW                0     SNOW                       0
LIGHT SNOW                0     SLEET                      0
FOG                       9     FOG W/VIS <= 1/4 MILE      1
HAZE                      3

-  INDICATES NEGATIVE NUMBERS.
R  INDICATES RECORD WAS SET OR TIED.
MM INDICATES DATA IS MISSING.
T  INDICATES TRACE AMOUNT.

$$
