000
CXUS53 KJKL 011417 CCA
CLMJKL

CLIMATE REPORT...CORRECTION
NATIONAL WEATHER SERVICE JACKSON KY
953 AM EDT THU JUN 1 2017

...................................

...THE JACKSON KY CLIMATE SUMMARY FOR THE MONTH OF MAY 2017...

CLIMATE NORMAL PERIOD 1981 TO 2010
CLIMATE RECORD PERIOD 1981 TO 2017

WEATHER         OBSERVED          NORMAL  DEPART  LAST YEAR`S
                 VALUE   DATE(S)  VALUE   FROM    VALUE  DATE(S)
                                          NORMAL
................................................................
TEMPERATURE (F)
RECORD
 HIGH              91   05/31/2006
 LOW               32   05/03/2004
                        05/16/1997
                        05/07/1989
HIGHEST            87   05/17        86       1       87  05/27
LOWEST             38   05/07        41      -3       39  05/16
AVG. MAXIMUM     74.4              74.6    -0.2     72.5
AVG. MINIMUM     55.7              54.7     1.0     53.6
MEAN             65.1              64.6     0.5     63.1
DAYS MAX >= 90      0               0.0     0.0        0
DAYS MAX <= 32      0               0.0     0.0        0
DAYS MIN <= 32      0               0.0     0.0        0
DAYS MIN <= 0       0               0.0     0.0        0

PRECIPITATION (INCHES)
RECORD
 MAXIMUM        10.78   2004
 MINIMUM         1.74   2015
TOTALS           7.41              5.20    2.21     7.04
DAILY AVG.       0.24              0.17    0.07     0.23
DAYS >= .01        17              13.8     3.2       18
DAYS >= .10        14               9.7     4.3       13
DAYS >= .50         4               3.4     0.6        4
DAYS >= 1.00        2               1.4     0.6        2
GREATEST
 24 HR. TOTAL    1.85   05/19 TO 05/19              2.08

SNOWFALL (INCHES)
RECORDS
 TOTAL            1.0   1989
TOTALS            0.0                 T     0.0      0.0
SINCE 7/1         4.8              23.5   -18.7     32.5
SNOWDEPTH AVG.      0                MM      MM        0
DAYS >= 1.0         0               0.0     0.0        0
GREATEST
 SNOW DEPTH         0   MM                             0
 24 HR TOTAL      0.0                                0.0

DEGREE_DAYS
HEATING TOTAL      88               101     -13      137
 SINCE 7/1       3209              4222   -1013     3454
COOLING TOTAL     101                90      11       87
 SINCE 1/1        199               136      63      141
.................................................................

WIND (MPH)
AVERAGE WIND SPEED              2.5
HIGHEST WIND SPEED/DIRECTION    22/310    DATE  05/27
HIGHEST GUST SPEED/DIRECTION    35/310    DATE  05/27

SKY COVER
POSSIBLE SUNSHINE (PERCENT)   MM
AVERAGE SKY COVER           0.50
NUMBER OF DAYS FAIR           14
NUMBER OF DAYS PC             10
NUMBER OF DAYS CLOUDY          7

AVERAGE RH (PERCENT)     74

WEATHER CONDITIONS. NUMBER OF DAYS WITH
THUNDERSTORM              8     MIXED PRECIP               0
HEAVY RAIN                7     RAIN                      11
LIGHT RAIN               19     FREEZING RAIN              0
LT FREEZING RAIN          0     HAIL                       0
HEAVY SNOW                0     SNOW                       0
LIGHT SNOW                0     SLEET                      0
FOG                      20     FOG W/VIS <= 1/4 MILE      8
HAZE                      0

-  INDICATES NEGATIVE NUMBERS.
R  INDICATES RECORD WAS SET OR TIED.
MM INDICATES DATA IS MISSING.
T  INDICATES TRACE AMOUNT.

$$

CARICO

...CORRECTED FOR ROUNDING ERROR ON MEAN TEMPERATURE...
