000
CXUS53 KBIS 031344 CCA
CLMJMS

BISCLMJMS 000
TTAA00 KBIS 011149


CLIMATE REPORT
NATIONAL WEATHER SERVICE BISMARCK ND
648 AM CDT MON SEP 1 2014

...................................

...THE JAMESTOWN ND CLIMATE SUMMARY FOR THE MONTH OF AUGUST 2014...

CLIMATE NORMAL PERIOD 1981 TO 2010
CLIMATE RECORD PERIOD 1893 TO 2014

WEATHER         OBSERVED          NORMAL  DEPART  LAST YEAR`S
                 VALUE   DATE(S)  VALUE   FROM    VALUE  DATE(S)
                                          NORMAL
................................................................
TEMPERATURE (F)
RECORD
 HIGH             107   08/04/1947
 LOW               29   08/20/1907
HIGHEST            85                                101  08/20
LOWEST             46                                 44  08/13
AVG. MAXIMUM     77.0              81.4    -4.4
AVG. MINIMUM     57.9              55.0     2.9
MEAN             67.5
DAYS MAX >= 90      0               4.7    -4.7
DAYS MAX <= 32      0               0.0     0.0
DAYS MIN <= 32      0               0.0     0.0
DAYS MIN <= 0       0               0.0     0.0

PRECIPITATION (INCHES)
RECORD
 MAXIMUM         9.30   1918
 MINIMUM         0.26   1984
TOTALS           3.06
DAILY AVG.       0.10              0.07    0.03     0.04
DAYS >= .01        10               8.4     1.6
DAYS >= .10         4               4.1    -0.1        3
DAYS >= .50         2               1.2     0.8        1
DAYS >= 1.00        2               0.4     1.6        0
GREATEST
 24 HR. TOTAL    1.27   08/16 TO 08/16              0.60

DEGREE_DAYS
COOLING TOTAL     111               143     -32
 SINCE 1/1        338               415     -77
.................................................................

WIND (MPH)
HIGHEST WIND SPEED/DIRECTION    26/300    DATE  08/25
HIGHEST GUST SPEED/DIRECTION    36/260    DATE  08/25

SKY COVER
POSSIBLE SUNSHINE (PERCENT)   MM
NUMBER OF DAYS FAIR           13
NUMBER OF DAYS PC             14
NUMBER OF DAYS CLOUDY          4


WEATHER CONDITIONS. NUMBER OF DAYS WITH
THUNDERSTORM              0     MIXED PRECIP               0
HEAVY RAIN                3     RAIN                       4
LIGHT RAIN               15     FREEZING RAIN              0
LT FREEZING RAIN          0     HAIL                       0
HEAVY SNOW                0     SNOW                       0
LIGHT SNOW                0     SLEET                      0
FOG                      17     FOG W/VIS <= 1/4 MILE      6
HAZE                      1

-  INDICATES NEGATIVE NUMBERS.
R  INDICATES RECORD WAS SET OR TIED.
MM INDICATES DATA IS MISSING.
T  INDICATES TRACE AMOUNT.

$$
