000
CXUS51 KCTP 010753
CLMJST

CLIMATE REPORT
NATIONAL WEATHER SERVICE STATE COLLEGE PA
353 AM EDT SAT JUL 1 2017

...................................

...THE JOHNSTOWN CLIMATE SUMMARY FOR THE MONTH OF JUNE 2017...

CLIMATE NORMAL PERIOD 1981 TO 2010
CLIMATE RECORD PERIOD 1892 TO 2017

WEATHER         OBSERVED          NORMAL  DEPART  LAST YEAR`S
                 VALUE   DATE(S)  VALUE   FROM    VALUE  DATE(S)
                                          NORMAL
................................................................
TEMPERATURE (F)
RECORD
 HIGH             102   06/04/1895
 LOW               33   06/03/1986
HIGHEST            86   06/18                         84  06/11
                        06/13
LOWEST             46   06/08                         44  06/09
AVG. MAXIMUM     74.6              73.8     0.8     75.1
AVG. MINIMUM     58.0              55.9     2.1     57.9
MEAN             66.3              64.8     1.5     66.5
DAYS MAX >= 90      0                MM      MM        0
DAYS MAX <= 32      0                MM      MM        0
DAYS MIN <= 32      0                MM      MM        0
DAYS MIN <= 0       0                MM      MM        0

PRECIPITATION (INCHES)
RECORD
 MAXIMUM        11.96   2015
 MINIMUM         0.73   1966
TOTALS           7.81                MM      MM     4.68
DAILY AVG.       0.26              0.14    0.12     0.16
DAYS >= .01        14                MM      MM       12
DAYS >= .10         5                MM      MM        9
DAYS >= .50         4                MM      MM        3
DAYS >= 1.00        3                MM      MM        1
GREATEST
 24 HR. TOTAL    2.98   06/15 TO 06/15

DEGREE_DAYS
HEATING TOTAL      59                79     -20       43
 SINCE 7/1       5522              6688   -1166     5530
COOLING TOTAL     106                75      31       94
 SINCE 1/1        135                93      42      132
......................................................

WIND (MPH)
AVERAGE WIND SPEED              8.5
HIGHEST WIND SPEED/DIRECTION    29/290    DATE  06/19
HIGHEST GUST SPEED/DIRECTION    40/300    DATE  06/19

SKY COVER
POSSIBLE SUNSHINE (PERCENT)   MM
AVERAGE SKY COVER           0.40
NUMBER OF DAYS FAIR           13
NUMBER OF DAYS PC             14
NUMBER OF DAYS CLOUDY          3

AVERAGE RH (PERCENT)     71

WEATHER CONDITIONS. NUMBER OF DAYS WITH
THUNDERSTORM              7     MIXED PRECIP               0
HEAVY RAIN                5     RAIN                       8
LIGHT RAIN               15     FREEZING RAIN              0
LT FREEZING RAIN          0     HAIL                       0
HEAVY SNOW                0     SNOW                       0
LIGHT SNOW                0     SLEET                      0
FOG                      14     FOG W/VIS <= 1/4 MILE      3
HAZE                      1

-  INDICATES NEGATIVE NUMBERS.
R  INDICATES RECORD WAS SET OR TIED.
MM INDICATES DATA IS MISSING.
T  INDICATES TRACE AMOUNT.

$$
MS
