000
CXUS51 KCTP 011147
CLMJST

PHLCLMJST 000
TTAA00 KCTP 011020


CLIMATE REPORT
NATIONAL WEATHER SERVICE STATE COLLEGE PA
745 AM EDT MON AUG 1 2016

...................................

...THE JOHNSTOWN CLIMATE SUMMARY FOR THE MONTH OF JULY 2016...

CLIMATE NORMAL PERIOD 1981 TO 2010
CLIMATE RECORD PERIOD 1892 TO 2016

WEATHER         OBSERVED          NORMAL  DEPART  LAST YEAR`S
                 VALUE   DATE(S)  VALUE   FROM    VALUE  DATE(S)
                                          NORMAL
................................................................
TEMPERATURE (F)
RECORD
 HIGH             104   07/09/1936
 LOW               39   07/01/1943
HIGHEST            90   07/25                         85  07/29
                                                          07/19
LOWEST             51   07/03                         48  07/16
AVG. MAXIMUM     80.2              78.5     1.7     78.2
AVG. MINIMUM     63.5              60.0     3.5     61.0
MEAN             71.9              69.3     2.6     69.6
DAYS MAX >= 90      1                MM      MM        0
DAYS MAX <= 32      0                MM      MM        0
DAYS MIN <= 32      0                MM      MM        0
DAYS MIN <= 0       0                MM      MM        0

PRECIPITATION (INCHES)
RECORD
 MAXIMUM        14.01   1977
 MINIMUM         0.80   1966
TOTALS           4.52              3.85    0.67     4.59
DAILY AVG.       0.15              0.12    0.03     0.15
DAYS >= .01        15                MM      MM       13
DAYS >= .10         9                MM      MM        7
DAYS >= .50         2                MM      MM        3
DAYS >= 1.00        1                MM      MM        2
GREATEST
 24 HR. TOTAL    2.20   07/30 TO 07/30
                        07/29 TO 07/30
                        07/30 TO 07/30

DEGREE_DAYS
HEATING TOTAL      11                13      -2        7
 SINCE 7/1         11                13      -2        7
COOLING TOTAL     232               145      87      156
 SINCE 1/1        364               243     121      330
.....................................................

WIND (MPH)
AVERAGE WIND SPEED              7.1
HIGHEST WIND SPEED/DIRECTION    26/310    DATE  07/24
HIGHEST GUST SPEED/DIRECTION    36/220    DATE  07/09

SKY COVER
POSSIBLE SUNSHINE (PERCENT)   MM
AVERAGE SKY COVER           0.40
NUMBER OF DAYS FAIR           15
NUMBER OF DAYS PC             14
NUMBER OF DAYS CLOUDY          2

AVERAGE RH (PERCENT)     67

WEATHER CONDITIONS. NUMBER OF DAYS WITH
THUNDERSTORM              9     MIXED PRECIP               0
HEAVY RAIN                6     RAIN                       8
LIGHT RAIN               14     FREEZING RAIN              0
LT FREEZING RAIN          0     HAIL                       0
HEAVY SNOW                0     SNOW                       0
LIGHT SNOW                0     SLEET                      0
FOG                      18     FOG W/VIS <= 1/4 MILE      6
HAZE                     15

-  INDICATES NEGATIVE NUMBERS.
R  INDICATES RECORD WAS SET OR TIED.
MM INDICATES DATA IS MISSING.
T  INDICATES TRACE AMOUNT.

&&

IT WAS A WARM JULY WITH THE MEAN TEMPERATURE BEING OVER
2 DEGREES ABOVE NORMAL. THERE WAS 1 DAY AT 90 DEGREES OR
HIGHER.

$$

MARTIN
