858
CXUS51 KCTP 010921
CLMJST

PHLCLMJST 000
TTAA00 KCTP 010846


CLIMATE REPORT
NATIONAL WEATHER SERVICE STATE COLLEGE PA
520 AM EDT SAT APR 1 2017

...................................

...THE JOHNSTOWN CLIMATE SUMMARY FOR THE MONTH OF MARCH 2017...

CLIMATE NORMAL PERIOD 1981 TO 2010
CLIMATE RECORD PERIOD 1892 TO 2017

WEATHER         OBSERVED          NORMAL  DEPART  LAST YEAR`S
                 VALUE   DATE(S)  VALUE   FROM    VALUE  DATE(S)
                                          NORMAL
................................................................
TEMPERATURE (F)
RECORD
 HIGH              86   03/27/1989
                        03/23/1907
 LOW               -2   03/06/2015
                        03/01/1990
                        03/09/1943
HIGHEST            68   03/25                         72  03/24
                        03/24
LOWEST              7   03/05                         17  03/03
AVG. MAXIMUM     42.5              43.5    -1.0     53.7
AVG. MINIMUM     27.0              27.6    -0.6     35.8
MEAN             34.8              35.5    -0.7     44.7
DAYS MAX >= 90      0                MM      MM        0
DAYS MAX <= 32      8                MM      MM        2
DAYS MIN <= 32     18                MM      MM       14
DAYS MIN <= 0       0                MM      MM        0

PRECIPITATION (INCHES)
RECORD
 MAXIMUM        10.00   1908
 MINIMUM         1.27   1910
TOTALS           4.06              3.29    0.77     1.60
DAILY AVG.       0.13              0.11    0.02     0.05
DAYS >= .01        13                MM      MM       11
DAYS >= .10         8                MM      MM        6
DAYS >= .50         3                MM      MM        0
DAYS >= 1.00        1                MM      MM        0
GREATEST
 24 HR. TOTAL    1.31   03/01 TO 03/01

DEGREE_DAYS
HEATING TOTAL     930               913      17      622
 SINCE 7/1       4850              5792    -942     4685
COOLING TOTAL       0                 0       0        0
 SINCE 1/1          0                 0       0        0
.....................................................

WIND (MPH)
AVERAGE WIND SPEED              11.9
HIGHEST WIND SPEED/DIRECTION    40/300    DATE  03/15
HIGHEST GUST SPEED/DIRECTION    54/250    DATE  03/08

SKY COVER
POSSIBLE SUNSHINE (PERCENT)   MM
AVERAGE SKY COVER           0.60
NUMBER OF DAYS FAIR            6
NUMBER OF DAYS PC             10
NUMBER OF DAYS CLOUDY         15

AVERAGE RH (PERCENT)     72

WEATHER CONDITIONS. NUMBER OF DAYS WITH
THUNDERSTORM              2     MIXED PRECIP               0
HEAVY RAIN                2     RAIN                      10
LIGHT RAIN               14     FREEZING RAIN              0
LT FREEZING RAIN          1     HAIL                       0
HEAVY SNOW                4     SNOW                       8
LIGHT SNOW               13     SLEET                      0
FOG                      23     FOG W/VIS <= 1/4 MILE      8
HAZE                      4

-  INDICATES NEGATIVE NUMBERS.
R  INDICATES RECORD WAS SET OR TIED.
MM INDICATES DATA IS MISSING.
T  INDICATES TRACE AMOUNT.

&&

$$

MARTIN
