000
CXUS51 KCTP 171334
CLMJST

CLIMATE REPORT
NATIONAL WEATHER SERVICE STATE COLLEGE PA
935 AM EDT TUE MAR 17 2015

...................................

...THE JOHNSTOWN CLIMATE SUMMARY FOR THE MONTH OF FEBRUARY 2015...

CLIMATE NORMAL PERIOD 1981 TO 2010
CLIMATE RECORD PERIOD 2000 TO 2015

WEATHER         OBSERVED          NORMAL  DEPART  LAST YEAR`S
                 VALUE   DATE(S)  VALUE   FROM    VALUE  DATE(S)
                                          NORMAL
................................................................
TEMPERATURE (F)
RECORD
 HIGH              77   02/11/1932
 LOW              -17   02/10/1899
HIGHEST            49   02/08                         50  02/21
LOWEST            -11   02/16                         -3  02/28
AVG. MAXIMUM     25.2              34.1    -8.9     28.5
AVG. MINIMUM      7.2              20.1   -12.9     14.8
MEAN             16.2              27.1   -10.9     21.7
DAYS MAX >= 90      0                MM      MM        0
DAYS MAX <= 32     21                MM      MM       19
DAYS MIN <= 32     27                MM      MM       28
DAYS MIN <= 0       8                MM      MM        3

PRECIPITATION (INCHES)
RECORD
 MAXIMUM         7.64   1893
 MINIMUM         0.66   1968
TOTALS           1.48              2.35   -0.87     3.16
DAILY AVG.       0.05              0.08   -0.03     0.12
DAYS >= .01        14                MM      MM       15
DAYS >= .10         4                MM      MM       10
DAYS >= .50         1                MM      MM        2
DAYS >= 1.00        0                MM      MM        0
GREATEST
 24 HR. TOTAL    0.83   02/01 TO 02/02

DEGREE_DAYS
HEATING TOTAL    1359              1061     298     1209
 SINCE 7/1       5189              4879     310     5328
COOLING TOTAL       0                 0       0        0
 SINCE 1/1          0                 0       0        0
.........................................................

WIND (MPH)
AVERAGE WIND SPEED              11.6
HIGHEST WIND SPEED/DIRECTION    35/300    DATE  02/15
HIGHEST GUST SPEED/DIRECTION    48/310    DATE  02/15

SKY COVER
POSSIBLE SUNSHINE (PERCENT)   MM
AVERAGE SKY COVER           0.70
NUMBER OF DAYS FAIR            4
NUMBER OF DAYS PC             11
NUMBER OF DAYS CLOUDY         13

AVERAGE RH (PERCENT)     70

WEATHER CONDITIONS. NUMBER OF DAYS WITH
THUNDERSTORM              0     MIXED PRECIP               0
HEAVY RAIN                0     RAIN                       1
LIGHT RAIN                3     FREEZING RAIN              2
LT FREEZING RAIN          2     HAIL                       0
HEAVY SNOW                6     SNOW                       8
LIGHT SNOW               22     SLEET                      0
FOG                      20     FOG W/VIS <= 1/4 MILE      6
HAZE                     19

-  INDICATES NEGATIVE NUMBERS.
R  INDICATES RECORD WAS SET OR TIED.
MM INDICATES DATA IS MISSING.
T  INDICATES TRACE AMOUNT.

$$

RXR
