000
CXUS53 KIND 011610
CLMLAF


CLIMATE REPORT
NATIONAL WEATHER SERVICE INDIANAPOLIS IN
1110 AM EST FRI DEC 1 2017

...................................

...THE LAFAYETTE IN CLIMATE SUMMARY FOR THE MONTH OF NOVEMBER 2017...

CLIMATE NORMAL PERIOD 1981 TO 2010
CLIMATE RECORD PERIOD 9999 TO 9999

WEATHER         OBSERVED          NORMAL  DEPART  LAST YEAR`S
                 VALUE   DATE(S)  VALUE   FROM    VALUE  DATE(S)
                                          NORMAL
................................................................
TEMPERATURE (F)
HIGHEST            68   11/05                         78  11/01
LOWEST             19   11/10                         19  11/21
AVG. MAXIMUM     50.5              51.3    -0.8     55.8
AVG. MINIMUM     32.4              34.3    -1.9     35.6
MEAN             41.5              42.8    -1.3     45.7
DAYS MAX >= 90      0               0.0     0.0        0
DAYS MAX <= 32      0               0.9    -0.9        0
DAYS MIN <= 32     18              13.1     4.9       10
DAYS MIN <= 0       0               0.0     0.0        0

PRECIPITATION (INCHES)
TOTALS           2.96              2.97   -0.01     2.93
DAILY AVG.       0.10              0.10    0.00     0.10
DAYS >= .01         8              10.7    -2.7        7
DAYS >= .10         4               6.3    -2.3        5
DAYS >= .50         2               2.1    -0.1        3
DAYS >= 1.00        1               0.8     0.2        0
GREATEST
 24 HR. TOTAL    2.00   11/18 TO 11/18

DEGREE_DAYS
HEATING TOTAL     699               667      32      574
 SINCE 7/1       1045              1101     -56      846
COOLING TOTAL       0                 1      -1        3
 SINCE 1/1        853               983    -130     1102
.................................................................

WIND (MPH)
AVERAGE WIND SPEED              7.4
HIGHEST WIND SPEED/DIRECTION    28/330    DATE  11/18
HIGHEST GUST SPEED/DIRECTION    38/350    DATE  11/18

SKY COVER
POSSIBLE SUNSHINE (PERCENT)   MM
AVERAGE SKY COVER           0.50
NUMBER OF DAYS FAIR           13
NUMBER OF DAYS PC              9
NUMBER OF DAYS CLOUDY          8

AVERAGE RH (PERCENT)     75

WEATHER CONDITIONS. NUMBER OF DAYS WITH
THUNDERSTORM              3     MIXED PRECIP               0
HEAVY RAIN                4     RAIN                       4
LIGHT RAIN               11     FREEZING RAIN              0
LT FREEZING RAIN          0     HAIL                       0
HEAVY SNOW                0     SNOW                       0
LIGHT SNOW                0     SLEET                      1
FOG                      15     FOG W/VIS <= 1/4 MILE      1
HAZE                      1

-  INDICATES NEGATIVE NUMBERS.
R  INDICATES RECORD WAS SET OR TIED.
MM INDICATES DATA IS MISSING.
T  INDICATES TRACE AMOUNT.

$$
