000
CXUS53 KIND 011510
CLMLAF


CLIMATE REPORT
NATIONAL WEATHER SERVICE INDIANAPOLIS IN
1110 AM EDT TUE APR 1 2014

...................................

...THE LAFAYETTE IN CLIMATE SUMMARY FOR THE MONTH OF MARCH 2014...

CLIMATE NORMAL PERIOD 1981 TO 2010
CLIMATE RECORD PERIOD 9999 TO 9999

WEATHER         OBSERVED          NORMAL  DEPART  LAST YEAR`S
                 VALUE   DATE(S)  VALUE   FROM    VALUE  DATE(S)
                                          NORMAL
................................................................
TEMPERATURE (F)
HIGHEST            68   03/31                         66  03/10
LOWEST              2   03/03                         14  03/21
AVG. MAXIMUM     43.4              50.3    -6.9     41.2
AVG. MINIMUM     22.4              31.3    -8.9     25.7
MEAN             32.9              40.8    -7.9     33.5
DAYS MAX >= 90      0               0.0     0.0        0
DAYS MAX <= 32      5               1.9     3.1        3
DAYS MIN <= 32     25              16.4     8.6       28
DAYS MIN <= 0       0               0.0     0.0        0

PRECIPITATION (INCHES)
TOTALS           1.50              2.67   -1.17     1.25
DAILY AVG.       0.05              0.09   -0.04     0.04
DAYS >= .01         6              10.9    -4.9       11
DAYS >= .10         3               5.7    -2.7        2
DAYS >= .50         1               1.4    -0.4        1
DAYS >= 1.00        0               0.3    -0.3        0
GREATEST
 24 HR. TOTAL    0.88   03/12 TO 03/12

DEGREE_DAYS
HEATING TOTAL     988               751     237      968
 SINCE 7/1       5950              5085     865     5303
COOLING TOTAL       0                 1      -1        0
 SINCE 1/1          0                 1      -1        0
.................................................................

WIND (MPH)
AVERAGE WIND SPEED              9.2
HIGHEST WIND SPEED/DIRECTION    30/190    DATE  03/28
HIGHEST GUST SPEED/DIRECTION    46/190    DATE  03/28

SKY COVER
POSSIBLE SUNSHINE (PERCENT)   MM
AVERAGE SKY COVER           0.40
NUMBER OF DAYS FAIR           17
NUMBER OF DAYS PC              7
NUMBER OF DAYS CLOUDY          7

AVERAGE RH (PERCENT)     68

WEATHER CONDITIONS. NUMBER OF DAYS WITH
THUNDERSTORM              1     MIXED PRECIP               0
HEAVY RAIN                1     RAIN                       2
LIGHT RAIN                6     FREEZING RAIN              0
LT FREEZING RAIN          1     HAIL                       0
HEAVY SNOW                1     SNOW                       2
LIGHT SNOW                7     SLEET                      0
FOG                      17     FOG W/VIS <= 1/4 MILE      1
HAZE                     12

-  INDICATES NEGATIVE NUMBERS.
R  INDICATES RECORD WAS SET OR TIED.
MM INDICATES DATA IS MISSING.
T  INDICATES TRACE AMOUNT.

$$
