000
CXUS53 KIND 011510
CLMLAF


CLIMATE REPORT
NATIONAL WEATHER SERVICE INDIANAPOLIS IN
1110 AM EDT FRI MAY 1 2015

...................................

...THE LAFAYETTE IN CLIMATE SUMMARY FOR THE MONTH OF APRIL 2015...

CLIMATE NORMAL PERIOD 1981 TO 2010
CLIMATE RECORD PERIOD 9999 TO 9999

WEATHER         OBSERVED          NORMAL  DEPART  LAST YEAR`S
                 VALUE   DATE(S)  VALUE   FROM    VALUE  DATE(S)
                                          NORMAL
................................................................
TEMPERATURE (F)
HIGHEST            77   04/18                         77  04/12
LOWEST             24   04/04                         25  04/16
AVG. MAXIMUM     62.8              62.9    -0.1     62.1
AVG. MINIMUM     40.0              40.9    -0.9     39.6
MEAN             51.4              51.9    -0.5     50.8
DAYS MAX >= 90      0               0.0     0.0        0
DAYS MAX <= 32      0               0.1    -0.1        0
DAYS MIN <= 32      6               5.2     0.8        7
DAYS MIN <= 0       0               0.0     0.0        0

PRECIPITATION (INCHES)
TOTALS           2.30              3.54   -1.24     4.20
DAILY AVG.       0.08              0.12   -0.04     0.14
DAYS >= .01         8              11.4    -3.4       14
DAYS >= .10         5               7.1    -2.1        5
DAYS >= .50         3               2.2     0.8        2
DAYS >= 1.00        0               0.8    -0.8        1
GREATEST
 24 HR. TOTAL    0.70   04/25 TO 04/25

DEGREE_DAYS
HEATING TOTAL     402               405      -3      418
 SINCE 7/1       6365              5490     875     6368
COOLING TOTAL       2                12     -10        1
 SINCE 1/1          2                13     -11        1
.................................................................

WIND (MPH)
AVERAGE WIND SPEED              8.8
HIGHEST WIND SPEED/DIRECTION    33/270    DATE  04/10
HIGHEST GUST SPEED/DIRECTION    46/280    DATE  04/10

SKY COVER
POSSIBLE SUNSHINE (PERCENT)   MM
AVERAGE SKY COVER           0.40
NUMBER OF DAYS FAIR           14
NUMBER OF DAYS PC             11
NUMBER OF DAYS CLOUDY          5

AVERAGE RH (PERCENT)     65

WEATHER CONDITIONS. NUMBER OF DAYS WITH
THUNDERSTORM              2     MIXED PRECIP               0
HEAVY RAIN                4     RAIN                       5
LIGHT RAIN               15     FREEZING RAIN              0
LT FREEZING RAIN          0     HAIL                       0
HEAVY SNOW                0     SNOW                       0
LIGHT SNOW                0     SLEET                      0
FOG                      14     FOG W/VIS <= 1/4 MILE      3
HAZE                      1

-  INDICATES NEGATIVE NUMBERS.
R  INDICATES RECORD WAS SET OR TIED.
MM INDICATES DATA IS MISSING.
T  INDICATES TRACE AMOUNT.

$$
