000
CXUS53 KIND 011512
CLMLAF


CLIMATE REPORT
NATIONAL WEATHER SERVICE INDIANAPOLIS IN
1109 AM EDT SAT AUG 1 2015

...................................

...THE LAFAYETTE IN CLIMATE SUMMARY FOR THE MONTH OF JULY 2015...

CLIMATE NORMAL PERIOD 1981 TO 2010
CLIMATE RECORD PERIOD 9999 TO 9999

WEATHER         OBSERVED          NORMAL  DEPART  LAST YEAR`S
                 VALUE   DATE(S)  VALUE   FROM    VALUE  DATE(S)
                                          NORMAL
................................................................
TEMPERATURE (F)
HIGHEST            90   07/28                         86  07/22
                        07/18                             07/07
LOWEST             51   07/08                         49  07/04
AVG. MAXIMUM     81.4              84.9    -3.5     79.1
AVG. MINIMUM     61.7              64.2    -2.5     57.6
MEAN             71.5              74.6    -3.1     68.3
DAYS MAX >= 90      2               5.8    -3.8        0
DAYS MAX <= 32      0               0.0     0.0        0
DAYS MIN <= 32      0               0.0     0.0        0
DAYS MIN <= 0       0               0.0     0.0        0

PRECIPITATION (INCHES)
TOTALS           6.67              3.97    2.70     3.99
DAILY AVG.       0.22              0.13    0.09     0.13
DAYS >= .01        11              11.4    -0.4       13
DAYS >= .10         7               7.2    -0.2        8
DAYS >= .50         5               2.8     2.2        5
DAYS >= 1.00        3               1.1     1.9        0
GREATEST
 24 HR. TOTAL    2.06   07/17 TO 07/17

DEGREE_DAYS
HEATING TOTAL       6                 1       5       18
 SINCE 7/1          6                 1       5       18
COOLING TOTAL     217               297     -80      126
 SINCE 1/1        489               591    -102      448
.................................................................

WIND (MPH)
AVERAGE WIND SPEED              5.0
HIGHEST WIND SPEED/DIRECTION    28/350    DATE  07/13
HIGHEST GUST SPEED/DIRECTION    33/020    DATE  07/17

SKY COVER
POSSIBLE SUNSHINE (PERCENT)   MM
AVERAGE SKY COVER           0.30
NUMBER OF DAYS FAIR           19
NUMBER OF DAYS PC             11
NUMBER OF DAYS CLOUDY          1

AVERAGE RH (PERCENT)     79

WEATHER CONDITIONS. NUMBER OF DAYS WITH
THUNDERSTORM              7     MIXED PRECIP               0
HEAVY RAIN                8     RAIN                       7
LIGHT RAIN               11     FREEZING RAIN              0
LT FREEZING RAIN          0     HAIL                       0
HEAVY SNOW                0     SNOW                       0
LIGHT SNOW                0     SLEET                      0
FOG                      25     FOG W/VIS <= 1/4 MILE      5
HAZE                      9

-  INDICATES NEGATIVE NUMBERS.
R  INDICATES RECORD WAS SET OR TIED.
MM INDICATES DATA IS MISSING.
T  INDICATES TRACE AMOUNT.

$$
