000
CXUS53 KIND 011742
CLMLAF


CLIMATE REPORT
NATIONAL WEATHER SERVICE INDIANAPOLIS IN
1236 PM EST SUN FEB 1 2015

...................................

...THE LAFAYETTE IN CLIMATE SUMMARY FOR THE MONTH OF JANUARY 2015...

CLIMATE NORMAL PERIOD 1981 TO 2010
CLIMATE RECORD PERIOD 9999 TO 9999

WEATHER         OBSERVED          NORMAL  DEPART  LAST YEAR`S
                 VALUE   DATE(S)  VALUE   FROM    VALUE  DATE(S)
                                          NORMAL
................................................................
TEMPERATURE (F)
HIGHEST            46   01/17                         50  01/13
LOWEST            -10   01/08                        -14  01/07
AVG. MAXIMUM     31.2              34.0    -2.8     28.3
AVG. MINIMUM     14.8              19.0    -4.2      9.6
MEAN             23.0              26.5    -3.5     18.8
DAYS MAX >= 90      0               0.0     0.0        0
DAYS MAX <= 32     13              12.9     0.1       18
DAYS MIN <= 32     30              25.8     4.2       29
DAYS MIN <= 0       6               3.1     2.9        9

PRECIPITATION (INCHES)
TOTALS           1.30              1.86   -0.56     0.91
DAILY AVG.       0.05              0.06   -0.01     0.03
DAYS >= .01         6               8.7    -2.7       13
DAYS >= .10         3               4.0    -1.0        2
DAYS >= .50         1               0.8     0.2        0
DAYS >= 1.00        0               0.3    -0.3        0
GREATEST
 24 HR. TOTAL    0.90   01/02 TO 01/03

DEGREE_DAYS
HEATING TOTAL    1290              1193      97     1330
 SINCE 7/1       3753              3368     385     3668
COOLING TOTAL       0                 0       0        0
 SINCE 1/1          0                 0       0        0
.................................................................

WIND (MPH)
AVERAGE WIND SPEED              7.5
HIGHEST WIND SPEED/DIRECTION    33/290    DATE  01/09
HIGHEST GUST SPEED/DIRECTION    46/290    DATE  01/09

SKY COVER
POSSIBLE SUNSHINE (PERCENT)   MM
AVERAGE SKY COVER           0.50
NUMBER OF DAYS FAIR           11
NUMBER OF DAYS PC             11
NUMBER OF DAYS CLOUDY          9

AVERAGE RH (PERCENT)     78

WEATHER CONDITIONS. NUMBER OF DAYS WITH
THUNDERSTORM              0     MIXED PRECIP               0
HEAVY RAIN                0     RAIN                       1
LIGHT RAIN                6     FREEZING RAIN              0
LT FREEZING RAIN          1     HAIL                       0
HEAVY SNOW                0     SNOW                       2
LIGHT SNOW               14     SLEET                      0
FOG                      26     FOG W/VIS <= 1/4 MILE      2
HAZE                      5

-  INDICATES NEGATIVE NUMBERS.
R  INDICATES RECORD WAS SET OR TIED.
MM INDICATES DATA IS MISSING.
T  INDICATES TRACE AMOUNT.

$$
