419
CXUS55 KCYS 061359
CLMLAR


CLIMATE REPORT
NATIONAL WEATHER SERVICE CHEYENNE WY
658 AM MST TUE DEC 6 2016

...................................

...THE LARAMIE WY AIRPORT CLIMATE SUMMARY FOR THE MONTH OF NOVEMBER 2016...

CLIMATE NORMAL PERIOD 1981 TO 2010
CLIMATE RECORD PERIOD 1948 TO 2016

WEATHER         OBSERVED          NORMAL  DEPART  LAST YEAR`S
                 VALUE   DATE(S)  VALUE   FROM    VALUE
                                          NORMAL
.............................................................
TEMPERATURE (F)
RECORD
 HIGH              70   11/15/1999
 LOW              -26   11/25/1993
HIGHEST            66   11/16        MM      MM       65
LOWEST              1   11/18        17     -16       -7
AVG. MAXIMUM     50.2              41.3     8.9     41.1
AVG. MINIMUM     21.5              17.4     4.1     17.1
MEAN             35.8              29.3     6.5     29.1
DAYS MAX >= 90      0               0.0                0
DAYS MAX <= 32      4               7.8                7
DAYS MIN <= 32     28              27.6               29
DAYS MIN <= 0       0               2.6                2

PRECIPITATION (INCHES)
RECORD
 MAXIMUM         2.62   1983
 MINIMUM         0.00   1949
TOTALS           0.73              0.54    0.19     0.42
DAYS >= .01         5               5.7    -0.7        8
DAYS >= .10         2               1.9     0.1        1
DAYS >= .50         0               0.1    -0.1        0
DAYS >= 1.00        0               0.0     0.0        0
GREATEST
 24 HR. TOTAL    0.37   11/21 TO 11/22

DEGREE_DAYS
HEATING TOTAL     869              1069    -200     1070
 SINCE 7/1       1848              2312    -464     1924
COOLING TOTAL       0                 0       0        0
 SINCE 1/1        119                67      52       65
..............................................................

WIND (MPH)
AVERAGE WIND SPEED              11.4
HIGHEST WIND SPEED/DIRECTION    45/230    DATE  11/16
HIGHEST GUST SPEED/DIRECTION    55/230    DATE  11/16

SKY COVER
POSSIBLE SUNSHINE (PERCENT)   MM
AVERAGE SKY COVER           0.20
NUMBER OF DAYS FAIR           22
NUMBER OF DAYS PC              6
NUMBER OF DAYS CLOUDY          2

AVERAGE RH (PERCENT)     55

WEATHER CONDITIONS. NUMBER OF DAYS WITH
THUNDERSTORM              0     MIXED PRECIP               0
HEAVY RAIN                1     RAIN                       3
LIGHT RAIN                3     FREEZING RAIN              0
LT FREEZING RAIN          0     HAIL                       0
HEAVY SNOW                1     SNOW                       2
LIGHT SNOW                6     SLEET                      0
FOG                       7     FOG W/VIS <= 1/4 MILE      2
HAZE                      0

-  INDICATES NEGATIVE NUMBERS.
R  INDICATES RECORD WAS SET OR TIED.
MM INDICATES DATA IS MISSING.
T  INDICATES TRACE AMOUNT.

$$
