000
CXUS55 KCYS 022121
CLMLAR


CLIMATE REPORT
NATIONAL WEATHER SERVICE CHEYENNE WY
221 PM MST WED MAR 2 2016

...................................

...THE LARAMIE WY AIRPORT CLIMATE SUMMARY FOR THE MONTH OF FEBRUARY 2016...

CLIMATE NORMAL PERIOD 1981 TO 2010
CLIMATE RECORD PERIOD 1948 TO 2016

WEATHER         OBSERVED          NORMAL  DEPART  LAST YEAR`S
                 VALUE   DATE(S)  VALUE   FROM    VALUE
                                          NORMAL
.............................................................
TEMPERATURE (F)
RECORD
 HIGH              63   02/08/1954
 LOW              -39   02/02/2011
HIGHEST            57   02/17        MM      MM       59
LOWEST             -6   02/03        MM      MM      -15
AVG. MAXIMUM     41.0              35.2     5.8     38.8
AVG. MINIMUM     18.9              11.9     7.0     15.8
MEAN             30.0              23.5     6.5     27.2
DAYS MAX >= 90      0               0.0                0
DAYS MAX <= 32      7              10.1                9
DAYS MIN <= 32     29              27.3               25
DAYS MIN <= 0       2               4.7                6

PRECIPITATION (INCHES)
RECORD
 MAXIMUM         1.58   1993
 MINIMUM         0.02   1999
TOTALS           0.12              0.34   -0.22     0.67
DAYS >= .01         3               5.1    -2.1        7
DAYS >= .10         0               0.8    -0.8        3
DAYS >= .50         0               0.1    -0.1        0
DAYS >= 1.00        0               0.0     0.0        0
GREATEST
 24 HR. TOTAL    0.11   02/01 TO 02/02

DEGREE_DAYS
HEATING TOTAL    1011              1161    -150     1051
 SINCE 7/1       5782              6214    -432     5677
COOLING TOTAL       0                 0       0        0
 SINCE 1/1          0                 0       0        0
..............................................................

WIND (MPH)
AVERAGE WIND SPEED              15.0
HIGHEST WIND SPEED/DIRECTION    55/260    DATE  02/15
HIGHEST GUST SPEED/DIRECTION    69/270    DATE  02/15

SKY COVER
POSSIBLE SUNSHINE (PERCENT)   MM
AVERAGE SKY COVER           0.20
NUMBER OF DAYS FAIR           20
NUMBER OF DAYS PC              7
NUMBER OF DAYS CLOUDY          2

AVERAGE RH (PERCENT)     57

WEATHER CONDITIONS. NUMBER OF DAYS WITH
THUNDERSTORM              0     MIXED PRECIP               0
HEAVY RAIN                0     RAIN                       0
LIGHT RAIN                0     FREEZING RAIN              0
LT FREEZING RAIN          0     HAIL                       0
HEAVY SNOW                0     SNOW                       2
LIGHT SNOW                9     SLEET                      0
FOG                       8     FOG W/VIS <= 1/4 MILE      0
HAZE                      6

-  INDICATES NEGATIVE NUMBERS.
R  INDICATES RECORD WAS SET OR TIED.
MM INDICATES DATA IS MISSING.
T  INDICATES TRACE AMOUNT.

$$
