000
CXUS55 KCYS 101856
CLMLAR


CLIMATE REPORT
NATIONAL WEATHER SERVICE CHEYENNE WY
1256 PM MDT TUE MAY 10 2016

...................................

...THE LARAMIE WY AIRPORT CLIMATE SUMMARY FOR THE MONTH OF APRIL 2016...

CLIMATE NORMAL PERIOD 1981 TO 2010
CLIMATE RECORD PERIOD 1948 TO 2016

WEATHER         OBSERVED          NORMAL  DEPART  LAST YEAR`S
                 VALUE   DATE(S)  VALUE   FROM    VALUE
                                          NORMAL
.............................................................
TEMPERATURE (F)
RECORD
 HIGH              77   04/24/2012
 LOW              -14   04/02/1975
HIGHEST            70   04/22        MM      MM       69
LOWEST             10   04/27        MM      MM       10
AVG. MAXIMUM     49.3              51.1    -1.8     51.3
AVG. MINIMUM     25.9              24.6     1.3     25.5
MEAN             37.6              37.9    -0.3     38.4
DAYS MAX >= 90      0               0.0                0
DAYS MAX <= 32      3               1.9                1
DAYS MIN <= 32     29              24.7               27
DAYS MIN <= 0       0               0.3                0

PRECIPITATION (INCHES)
RECORD
 MAXIMUM         3.71   1983
 MINIMUM         0.00   2011
TOTALS           2.56              1.07    1.49     1.73
DAYS >= .01        13               7.8     5.2       12
DAYS >= .10         8               3.3     4.7        7
DAYS >= .50         1               0.3     0.7        0
DAYS >= 1.00        0               0.0     0.0        0
GREATEST
 24 HR. TOTAL    0.79   04/25 TO 04/26

DEGREE_DAYS
HEATING TOTAL     815               814       1      793
 SINCE 7/1       7665              8049    -384     7339
COOLING TOTAL       0                 0       0        0
 SINCE 1/1          0                 0       0        0
..............................................................

WIND (MPH)
AVERAGE WIND SPEED              12.0
HIGHEST WIND SPEED/DIRECTION    45/300    DATE  04/05
HIGHEST GUST SPEED/DIRECTION    54/220    DATE  04/23

SKY COVER
POSSIBLE SUNSHINE (PERCENT)   MM
AVERAGE SKY COVER           0.50
NUMBER OF DAYS FAIR           13
NUMBER OF DAYS PC              7
NUMBER OF DAYS CLOUDY         10

AVERAGE RH (PERCENT)     68

WEATHER CONDITIONS. NUMBER OF DAYS WITH
THUNDERSTORM              0     MIXED PRECIP               0
HEAVY RAIN                1     RAIN                       1
LIGHT RAIN                9     FREEZING RAIN              0
LT FREEZING RAIN          0     HAIL                       0
HEAVY SNOW                4     SNOW                       6
LIGHT SNOW               11     SLEET                      0
FOG                      13     FOG W/VIS <= 1/4 MILE      6
HAZE                      2

-  INDICATES NEGATIVE NUMBERS.
R  INDICATES RECORD WAS SET OR TIED.
MM INDICATES DATA IS MISSING.
T  INDICATES TRACE AMOUNT.

$$
