000
CXUS55 KCYS 082002
CLMLAR


CLIMATE REPORT
NATIONAL WEATHER SERVICE CHEYENNE WY
202 PM MDT FRI MAY 8 2015

...................................

...THE LARAMIE WY AIRPORT CLIMATE SUMMARY FOR THE MONTH OF APRIL 2015...

CLIMATE NORMAL PERIOD 1981 TO 2010
CLIMATE RECORD PERIOD 1948 TO 2015

WEATHER         OBSERVED          NORMAL  DEPART  LAST YEAR`S
                 VALUE   DATE(S)  VALUE   FROM    VALUE
                                          NORMAL
.............................................................
TEMPERATURE (F)
RECORD
 HIGH              77   04/24/2012
 LOW              -14   04/02/1975
HIGHEST            69   04/30        MM      MM       69
                        04/29
LOWEST             10   04/03        MM      MM        1
AVG. MAXIMUM     51.3              51.1     0.2     51.2
AVG. MINIMUM     25.5              24.6     0.9     25.3
MEAN             38.4              37.9     0.5     38.3
DAYS MAX >= 90      0               0.0                0
DAYS MAX <= 32      1               1.9                1
DAYS MIN <= 32     27              24.7               23
DAYS MIN <= 0       0               0.3                0

PRECIPITATION (INCHES)
RECORD
 MAXIMUM         3.71   1983
 MINIMUM         0.00   2011
TOTALS           1.73              1.07    0.66     0.80
DAYS >= .01        12               7.8     4.2        6
DAYS >= .10         7               3.3     3.7        3
DAYS >= .50         0               0.3    -0.3        0
DAYS >= 1.00        0               0.0     0.0        0
GREATEST
 24 HR. TOTAL    0.39   04/17 TO 04/18

DEGREE_DAYS
HEATING TOTAL     793               814     -21      794
 SINCE 7/1       7339              8049    -710     7835
COOLING TOTAL       0                 0       0        0
 SINCE 1/1          0                 0       0        0
..............................................................

WIND (MPH)
AVERAGE WIND SPEED              10.8
HIGHEST WIND SPEED/DIRECTION    38/260    DATE  04/12
HIGHEST GUST SPEED/DIRECTION    47/260    DATE  04/12

SKY COVER
POSSIBLE SUNSHINE (PERCENT)   MM
AVERAGE SKY COVER           0.40
NUMBER OF DAYS FAIR           15
NUMBER OF DAYS PC             10
NUMBER OF DAYS CLOUDY          5

AVERAGE RH (PERCENT)     60

WEATHER CONDITIONS. NUMBER OF DAYS WITH
THUNDERSTORM              0     MIXED PRECIP               0
HEAVY RAIN                1     RAIN                       1
LIGHT RAIN                5     FREEZING RAIN              0
LT FREEZING RAIN          0     HAIL                       0
HEAVY SNOW                2     SNOW                       5
LIGHT SNOW               10     SLEET                      0
FOG                      11     FOG W/VIS <= 1/4 MILE      4
HAZE                      0

-  INDICATES NEGATIVE NUMBERS.
R  INDICATES RECORD WAS SET OR TIED.
MM INDICATES DATA IS MISSING.
T  INDICATES TRACE AMOUNT.

$$
