000
CXUS55 KCYS 131919
CLMLAR


CLIMATE REPORT
NATIONAL WEATHER SERVICE CHEYENNE WY
118 PM MDT WED AUG 13 2014

...................................

...THE LARAMIE WY AIRPORT CLIMATE SUMMARY FOR THE MONTH OF JULY 2014...

CLIMATE NORMAL PERIOD 1981 TO 2010
CLIMATE RECORD PERIOD 1948 TO 2014

WEATHER         OBSERVED          NORMAL  DEPART  LAST YEAR`S
                 VALUE   DATE(S)  VALUE   FROM    VALUE
                                          NORMAL
.............................................................
TEMPERATURE (F)
RECORD
 HIGH              94   07/22/1982
 LOW               32   07/07/1993
                        07/07/1952
HIGHEST            89   07/07        MM      MM       93
LOWEST             36   07/01        MM      MM       45
AVG. MAXIMUM     80.1              80.1     0.0     81.4
AVG. MINIMUM     49.9              48.0     1.9     50.5
MEAN             65.0              64.0     1.0     65.9
DAYS MAX >= 90      0               1.2                1
DAYS MAX <= 32      0               0.0                0
DAYS MIN <= 32      0               0.0                0
DAYS MIN <= 0       0               0.0                0

PRECIPITATION (INCHES)
RECORD
 MAXIMUM         4.43   1998
 MINIMUM         0.17   1997
TOTALS           3.32              1.43    1.89     1.89
DAYS >= .01        10               9.2     0.8       14
DAYS >= .10         7               4.0     3.0        5
DAYS >= .50         2               0.7     1.3        1
DAYS >= 1.00        1               0.1     0.9        0
GREATEST
 24 HR. TOTAL    1.19   07/29 TO 07/30

DEGREE_DAYS
HEATING TOTAL      55                69     -14       22
 SINCE 7/1         55                69     -14       22
COOLING TOTAL      62                40      22       58
 SINCE 1/1         65                47      18       94
..............................................................

WIND (MPH)
AVERAGE WIND SPEED              9.8
HIGHEST WIND SPEED/DIRECTION    38/090    DATE  07/29
HIGHEST GUST SPEED/DIRECTION    49/090    DATE  07/29

SKY COVER
POSSIBLE SUNSHINE (PERCENT)   MM
AVERAGE SKY COVER           0.20
NUMBER OF DAYS FAIR           23
NUMBER OF DAYS PC              7
NUMBER OF DAYS CLOUDY          1

AVERAGE RH (PERCENT)     57

WEATHER CONDITIONS. NUMBER OF DAYS WITH
THUNDERSTORM              0     MIXED PRECIP               0
HEAVY RAIN                6     RAIN                       7
LIGHT RAIN               14     FREEZING RAIN              0
LT FREEZING RAIN          0     HAIL                       0
HEAVY SNOW                0     SNOW                       0
LIGHT SNOW                0     SLEET                      0
FOG                      15     FOG W/VIS <= 1/4 MILE      4
HAZE                      5

-  INDICATES NEGATIVE NUMBERS.
R  INDICATES RECORD WAS SET OR TIED.
MM INDICATES DATA IS MISSING.
T  INDICATES TRACE AMOUNT.

$$
