086
CXUS55 KVEF 011205
CLMLAS

CLIMATE REPORT
NATIONAL WEATHER SERVICE LAS VEGAS, NV
442 AM PDT THU JUN 1 2017

...................................

...THE LAS VEGAS NV CLIMATE SUMMARY FOR THE MONTH OF MAY 2017...

CLIMATE NORMAL PERIOD 1981 TO 2010
CLIMATE RECORD PERIOD 1937 TO 2017

WEATHER         OBSERVED          NORMAL  DEPART  LAST YEAR`S
                 VALUE   DATE(S)  VALUE   FROM    VALUE  DATE(S)
                                          NORMAL
................................................................
TEMPERATURE (F)
RECORD
 HIGH             109   05/28/2003
                        05/26/1951
 LOW               38   05/03/1942
HIGHEST           102   05/24       101       1       99  05/31
                                                          05/13
LOWEST             51   05/07        52      -1       54  05/01
AVG. MAXIMUM     89.2              88.9     0.3     85.9
AVG. MINIMUM     65.6              65.8    -0.2     64.8
MEAN             77.4              77.3     0.1     75.3
DAYS MAX >= 90     18              15.3     2.7       11
DAYS MAX <= 32      0               0.0     0.0        0
DAYS MIN <= 32      0               0.0     0.0        0
DAYS MIN <= 0       0               0.0     0.0        0

PRECIPITATION (INCHES)
RECORD
 MAXIMUM         0.96   1969
 MINIMUM         0.00   2013
                        2012
                        2009
TOTALS           0.08              0.12   -0.04     0.04
DAILY AVG.       0.00              0.00    0.00     0.00
DAYS >= .01         2               1.2     0.8        1
DAYS >= .10         0               0.3    -0.3        0
DAYS >= .50         0               0.1    -0.1        0
DAYS >= 1.00        0               0.0     0.0        0
GREATEST
 24 HR. TOTAL    0.07   05/07 TO 05/07

SNOWFALL (INCHES)
RECORDS
 TOTAL            0.0   2002
                        2001
 24 HR TOTAL       MM
TOTALS            0.0               0.0     0.0      0.0
SINCE 7/1         0.0
SNOWDEPTH AVG.      0
DAYS >= TRACE       0
DAYS >= 1.0         0
GREATEST
 SNOW DEPTH         0
 24 HR TOTAL      0.0   05/31 TO 05/31
 STORM TOTAL       MM
 (MM/DD(HH))

DEGREE_DAYS
HEATING TOTAL       7                 7       0        3
 SINCE 7/1       1470              1950    -480     1696
COOLING TOTAL     399               390       9      330
 SINCE 1/1        677               550     127      536

FREEZE DATES
RECORD
 EARLIEST     10/21/1949
 LATEST       04/12/1967
EARLIEST                        11/25
LATEST                          02/28
.................................................................

WIND (MPH)
AVERAGE WIND SPEED              8.0
HIGHEST WIND SPEED/DIRECTION    46/040    DATE  05/18
HIGHEST GUST SPEED/DIRECTION    52/040    DATE  05/18

SKY COVER
POSSIBLE SUNSHINE (PERCENT)   MM
AVERAGE SKY COVER           0.30
NUMBER OF DAYS FAIR           16
NUMBER OF DAYS PC             15
NUMBER OF DAYS CLOUDY          0

AVERAGE RH (PERCENT)     19

WEATHER CONDITIONS. NUMBER OF DAYS WITH
THUNDERSTORM              1     MIXED PRECIP               0
HEAVY RAIN                0     RAIN                       1
LIGHT RAIN                3     FREEZING RAIN              0
LT FREEZING RAIN          0     HAIL                       0
HEAVY SNOW                0     SNOW                       0
LIGHT SNOW                0     SLEET                      0
FOG                       0     FOG W/VIS <= 1/4 MILE      0
HAZE                      1

-  INDICATES NEGATIVE NUMBERS.
R  INDICATES RECORD WAS SET OR TIED.
MM INDICATES DATA IS MISSING.
T  INDICATES TRACE AMOUNT.

$$
