000
CXUS55 KVEF 011124
CLMLAS

CLIMATE REPORT
NATIONAL WEATHER SERVICE LAS VEGAS, NV
406 AM PDT TUE JUL 1 2014

...................................

...THE LAS VEGAS NV CLIMATE SUMMARY FOR THE MONTH OF JUNE 2014...

CLIMATE NORMAL PERIOD 1981 TO 2010
CLIMATE RECORD PERIOD 1937 TO 2014

WEATHER         OBSERVED          NORMAL  DEPART  LAST YEAR`S
                 VALUE   DATE(S)  VALUE   FROM    VALUE  DATE(S)
                                          NORMAL
................................................................
TEMPERATURE (F)
RECORD
 HIGH             117   06/30/2013
 LOW               48   06/06/1993
HIGHEST           111   06/30       109       2      117  06/30
LOWEST             70   06/19        60      10       73  06/20
                        06/18                             06/02
AVG. MAXIMUM    101.4              98.7     2.7    103.9
AVG. MINIMUM     77.4              74.6     2.8     79.1
MEAN             89.4              86.7     2.7     91.5
DAYS MAX >= 90     30              26.0     4.0       30
DAYS MAX <= 32      0               0.0     0.0        0
DAYS MIN <= 32      0               0.0     0.0        0
DAYS MIN <= 0       0               0.0     0.0        0

PRECIPITATION (INCHES)
RECORD
 MAXIMUM         0.97   1990
 MINIMUM         0.00   2013
                        2012
                        2011
TOTALS           0.00R             0.07   -0.07     0.00
DAILY AVG.       0.00              0.00    0.00     0.00
DAYS >= .01         0               0.6    -0.6        0
DAYS >= .10         0               0.2    -0.2        0
DAYS >= .50         0               0.0     0.0        0
DAYS >= 1.00        0               0.0     0.0        0
GREATEST
 24 HR. TOTAL    0.00   06/01 TO 06/02
                        06/02 TO 06/02
                        06/02 TO 06/03

SNOWFALL (INCHES)
RECORDS
 TOTAL            0.0   2002
                        2001
 24 HR TOTAL       MM
TOTALS            0.0               0.0     0.0      0.0
SINCE 7/1         0.0
SNOWDEPTH AVG.      0
DAYS >= TRACE       0
DAYS >= 1.0         0
GREATEST
 SNOW DEPTH         0
 24 HR TOTAL      0.0   06/30 TO 06/30
 STORM TOTAL       MM
 (MM/DD(HH))

DEGREE_DAYS
HEATING TOTAL       0                 1      -1        0
 SINCE 7/1       1512              1951    -439     1757
COOLING TOTAL     741               650      91      804
 SINCE 1/1       1399              1200     199     1494

FREEZE DATES
RECORD
 EARLIEST     10/21/1949
 LATEST       04/12/1967
EARLIEST      12/05             11/25
LATEST        12/12             02/28
.................................................................

WIND (MPH)
AVERAGE WIND SPEED              11.9
HIGHEST WIND SPEED/DIRECTION    39/210    DATE  06/15
HIGHEST GUST SPEED/DIRECTION    50/220    DATE  06/15

SKY COVER
POSSIBLE SUNSHINE (PERCENT)   MM
AVERAGE SKY COVER           0.20
NUMBER OF DAYS FAIR           25
NUMBER OF DAYS PC              5
NUMBER OF DAYS CLOUDY          0

AVERAGE RH (PERCENT)     11

WEATHER CONDITIONS. NUMBER OF DAYS WITH
THUNDERSTORM              0     MIXED PRECIP               0
HEAVY RAIN                0     RAIN                       0
LIGHT RAIN                0     FREEZING RAIN              0
LT FREEZING RAIN          0     HAIL                       0
HEAVY SNOW                0     SNOW                       0
LIGHT SNOW                0     SLEET                      0
FOG                       0     FOG W/VIS <= 1/4 MILE      0
HAZE                      1

-  INDICATES NEGATIVE NUMBERS.
R  INDICATES RECORD WAS SET OR TIED.
MM INDICATES DATA IS MISSING.
T  INDICATES TRACE AMOUNT.

$$
