000
CXUS46 KLOX 011808
CLMLAX


CLIMATE REPORT
NATIONAL WEATHER SERVICE LOS ANGELES/OXNARD CA
1108 AM PDT FRI JUL 1 2016

...................................

...THE LOS ANGELES INTL AIRPORT CA CLIMATE SUMMARY FOR THE MONTH OF JUNE 2016...

CLIMATE NORMAL PERIOD 1981 TO 2010
CLIMATE RECORD PERIOD 1944 TO 2016

WEATHER         OBSERVED          NORMAL  DEPART  LAST YEAR`S
                 VALUE   DATE(S)  VALUE   FROM    VALUE
                                          NORMAL
.............................................................
TEMPERATURE (F)
HIGHEST            95   06/20
LOWEST             56   06/05
AVG. MAXIMUM     73.2              70.6     2.6
AVG. MINIMUM     61.5              60.5     1.0
MEAN             67.3              65.5     1.8
DAYS MAX >= 90      1
DAYS MAX <= 32      0
DAYS MIN <= 32      0
DAYS MIN <= 0       0

PRECIPITATION (INCHES)
TOTALS              T              0.08   -0.08
DAILY AVG.          T              0.00    0.00
DAYS >= .01         0
DAYS >= .10         0
DAYS >= .50         0
DAYS >= 1.00        0
GREATEST
 24 HR. TOTAL       T   06/11 TO 06/11
                        06/10 TO 06/11
                        06/11 TO 06/11

DEGREE_DAYS
HEATING TOTAL      16                25      -9       11
 SINCE 7/1        978              1419    -441      827
COOLING TOTAL      93                42      51       57
 SINCE 1/1        186                82     104      170
..............................................................

WIND (MPH)
AVERAGE WIND SPEED              7.9
HIGHEST WIND SPEED/DIRECTION    23/270    DATE  06/13
HIGHEST GUST SPEED/DIRECTION    27/270    DATE  06/18

SKY COVER
POSSIBLE SUNSHINE (PERCENT)   MM
AVERAGE SKY COVER           0.60
NUMBER OF DAYS FAIR            5
NUMBER OF DAYS PC             12
NUMBER OF DAYS CLOUDY         13

AVERAGE RH (PERCENT)     75

WEATHER CONDITIONS. NUMBER OF DAYS WITH
THUNDERSTORM              0     MIXED PRECIP               0
HEAVY RAIN                0     RAIN                       0
LIGHT RAIN                1     FREEZING RAIN              0
LT FREEZING RAIN          0     HAIL                       0
HEAVY SNOW                0     SNOW                       0
LIGHT SNOW                0     SLEET                      0
FOG                      21     FOG W/VIS <= 1/4 MILE      7
HAZE                     22

-  INDICATES NEGATIVE NUMBERS.
R  INDICATES RECORD WAS SET OR TIED.
MM INDICATES DATA IS MISSING.
T  INDICATES TRACE AMOUNT.

$$
