000
CXUS54 KLUB 011534
CLMLBB


CLIMATE REPORT
NATIONAL WEATHER SERVICE LUBBOCK, TX
933 AM CST THU DEC 1 2016

...................................

...THE LUBBOCK CLIMATE SUMMARY FOR THE MONTH OF NOVEMBER 2016...

CLIMATE NORMAL PERIOD 1981 TO 2010
CLIMATE RECORD PERIOD 1911 TO 2016

WEATHER         OBSERVED          NORMAL  DEPART  LAST YEAR`S
                 VALUE   DATE(S)  VALUE   FROM    VALUE  DATE(S)
                                          NORMAL
................................................................
TEMPERATURE (F)
RECORD
 HIGH              90   11/09/2006
 LOW                    11/23/1957
HIGHEST            88   11/01                         82  11/02
LOWEST             21   11/30                         25  11/22
AVG. MAXIMUM     67.5              63.6     3.9     64.1
AVG. MINIMUM     41.1              35.9     5.2     36.7
MEAN             54.3              49.8     4.5     50.4
DAYS MAX >= 90      0               0.0     0.0        0
DAYS MAX <= 32      0               0.2    -0.2        0
DAYS MIN <= 32      5               9.5    -4.5        8
DAYS MIN <= 0       0               0.0     0.0        0

PRECIPITATION (INCHES)
RECORD
 MAXIMUM         6.65   2004
 MINIMUM         0.00   1999
                        1960
TOTALS           0.54              0.85   -0.31     0.81
DAILY AVG.       0.02              0.03   -0.01     0.03
DAYS >= .01         6                                  6
DAYS >= .10         1                                  3
DAYS >= .50         0                                  0
DAYS >= 1.00        0                                  0
GREATEST
 24 HR. TOTAL    0.30   11/02 TO 11/03

SNOWFALL (INCHES)
RECORDS
 TOTAL           21.4   1980
 24 HR TOTAL       MM
 SNOW DEPTH        MM   MM
TOTALS            0.0               0.9    -0.9        T
SINCE 7/1         0.0               0.9    -0.9        T
SNOWDEPTH AVG.      0                MM      MM        0
DAYS >= TRACE       0               0.6    -0.6        2
DAYS >= 1.0         0               0.3    -0.3        0
GREATEST
 SNOW DEPTH         0   MM                             0  MM
 24 HR TOTAL      0.0   11/30 TO 11/30           11/28 TO 11/28
                                                          11/28 TO 11/28
                                                          11/28 TO 11/28

DEGREE_DAYS
HEATING TOTAL     318               460    -142      432
 SINCE 7/1        364               642    -278      519
COOLING TOTAL       7                 3       4        0
 SINCE 1/1       2114              1804     310     1922
.........................................................

WIND (MPH)
AVERAGE WIND SPEED              43.4
HIGHEST WIND SPEED/DIRECTION   999/999    DATE  11/27
HIGHEST GUST SPEED/DIRECTION   999/999    DATE  11/27

SKY COVER
POSSIBLE SUNSHINE (PERCENT)   MM
AVERAGE SKY COVER           0.50
NUMBER OF DAYS FAIR           11
NUMBER OF DAYS PC             14
NUMBER OF DAYS CLOUDY          5

AVERAGE RH (PERCENT)     59

WEATHER CONDITIONS. NUMBER OF DAYS WITH
THUNDERSTORM              0     MIXED PRECIP               0
HEAVY RAIN                0     RAIN                       3
LIGHT RAIN                9     FREEZING RAIN              0
LT FREEZING RAIN          0     HAIL                       0
HEAVY SNOW                0     SNOW                       0
LIGHT SNOW                0     SLEET                      0
FOG                      10     FOG W/VIS <= 1/4 MILE      3
HAZE                      4

-  INDICATES NEGATIVE NUMBERS.
R  INDICATES RECORD WAS SET OR TIED.
MM INDICATES DATA IS MISSING.
T  INDICATES TRACE AMOUNT.

$$
