000
CXUS54 KLUB 011733
CLMLBB


CLIMATE REPORT
NATIONAL WEATHER SERVICE LUBBOCK, TX
1131 AM CST SUN JAN 1 2017

...................................

...THE LUBBOCK CLIMATE SUMMARY FOR THE MONTH OF DECEMBER 2016...

CLIMATE NORMAL PERIOD 1981 TO 2010
CLIMATE RECORD PERIOD 1911 TO 2016

WEATHER         OBSERVED          NORMAL  DEPART  LAST YEAR`S
                 VALUE   DATE(S)  VALUE   FROM    VALUE  DATE(S)
                                          NORMAL
................................................................
TEMPERATURE (F)
RECORD
 HIGH              83   12/06/1939
 LOW               -2   12/22/1989
                        12/28/1924
HIGHEST            78   12/16                         76  12/11
LOWEST              4   12/18                         17  12/29
AVG. MAXIMUM     55.6              54.1     1.5     57.3
AVG. MINIMUM     28.4              27.1     1.3     29.5
MEAN             42.0              40.6     1.4     43.4
DAYS MAX >= 90      0               0.0     0.0        0
DAYS MAX <= 32      2               1.8     0.2        2
DAYS MIN <= 32     21              22.6    -1.6       24
DAYS MIN <= 0       0               0.1    -0.1        0

PRECIPITATION (INCHES)
RECORD
 MAXIMUM         2.70   1942
 MINIMUM         0.00   1955
TOTALS           0.49              0.76   -0.27     1.57
DAILY AVG.       0.02              0.02    0.00     0.05
DAYS >= .01         4                                  4
DAYS >= .10         2                                  3
DAYS >= .50         0                                  1
DAYS >= 1.00        0                                  0
GREATEST
 24 HR. TOTAL    0.36   12/02 TO 12/03

SNOWFALL (INCHES)
RECORDS
 TOTAL           11.2   2015
 24 HR TOTAL       MM
 SNOW DEPTH        MM   MM
TOTALS              T               2.3    -2.3     11.2
SINCE 7/1           T               3.2    -3.2     11.2
SNOWDEPTH AVG.      0                MM      MM        1
DAYS >= TRACE       2               1.8     0.2        4
DAYS >= 1.0         0               0.7    -0.7        1
GREATEST
 SNOW DEPTH         0   MM                            11  12/27
 24 HR TOTAL        T   12/17 TO 12/17           12/27 TO 12/27
                                                          12/27 TO 12/27
                                                          12/27 TO 12/27

DEGREE_DAYS
HEATING TOTAL     706               756     -50      660
 SINCE 7/1       1070              1398    -328     1179
COOLING TOTAL       0                 0       0        0
 SINCE 1/1       2114              1804     310     1922
........................................................

WIND (MPH)
AVERAGE WIND SPEED              11.5
HIGHEST WIND SPEED/DIRECTION    40/170    DATE  12/25
HIGHEST GUST SPEED/DIRECTION    53/180    DATE  12/25

SKY COVER
POSSIBLE SUNSHINE (PERCENT)   MM
AVERAGE SKY COVER           0.60
NUMBER OF DAYS FAIR            4
NUMBER OF DAYS PC             25
NUMBER OF DAYS CLOUDY          2

AVERAGE RH (PERCENT)     56

WEATHER CONDITIONS. NUMBER OF DAYS WITH
THUNDERSTORM              0     MIXED PRECIP               0
HEAVY RAIN                2     RAIN                       4
LIGHT RAIN                5     FREEZING RAIN              0
LT FREEZING RAIN          0     HAIL                       0
HEAVY SNOW                0     SNOW                       0
LIGHT SNOW                2     SLEET                      1
FOG                       9     FOG W/VIS <= 1/4 MILE      0
HAZE                      7

-  INDICATES NEGATIVE NUMBERS.
R  INDICATES RECORD WAS SET OR TIED.
MM INDICATES DATA IS MISSING.
T  INDICATES TRACE AMOUNT.

$$
