000
CXUS54 KLUB 011651
CLMLBB


CLIMATE REPORT
NATIONAL WEATHER SERVICE LUBBOCK, TX
1050 AM CST WED FEB 1 2017

...................................

...THE LUBBOCK CLIMATE SUMMARY FOR THE MONTH OF JANUARY 2017...

CLIMATE NORMAL PERIOD 1981 TO 2010
CLIMATE RECORD PERIOD 1911 TO 2017

WEATHER         OBSERVED          NORMAL  DEPART  LAST YEAR`S
                 VALUE   DATE(S)  VALUE   FROM    VALUE  DATE(S)
                                          NORMAL
................................................................
TEMPERATURE (F)
RECORD
 HIGH              87   01/17/1914
 LOW              -16   01/13/1963
HIGHEST            81   01/09                         80  01/30
LOWEST              7   01/07                         20  01/27
                                                          01/03
AVG. MAXIMUM     56.9              54.1     2.8     55.3
AVG. MINIMUM     30.6              26.4     4.2     27.0
MEAN             43.8              40.2     3.6     41.1
DAYS MAX >= 90      0               0.0     0.0        0
DAYS MAX <= 32      1               1.9    -0.9        0
DAYS MIN <= 32     18              24.4    -6.4       27
DAYS MIN <= 0       0               0.1    -0.1        0

PRECIPITATION (INCHES)
RECORD
 MAXIMUM         4.05   1949
 MINIMUM         0.00   2014
                        1986
                        1971
TOTALS           2.03              0.65    1.38     0.30
DAILY AVG.       0.07              0.02    0.05     0.01
DAYS >= .01         6                                  4
DAYS >= .10         3                                  1
DAYS >= .50         2                                  0
DAYS >= 1.00        0                                  0
GREATEST
 24 HR. TOTAL    1.00   01/14 TO 01/15

SNOWFALL (INCHES)
RECORDS
 TOTAL           25.3   1983
 24 HR TOTAL     16.3   01/20/1983 TO 01/21/1983
 SNOW DEPTH        17   01/21/1983
                        01/22/1983
TOTALS            0.2               2.6    -2.4      2.1
SINCE 7/1         0.2               5.8    -5.6     13.3
SNOWDEPTH AVG.      0                MM      MM        0
DAYS >= TRACE       1               1.9    -0.9        4
DAYS >= 1.0         0               0.7    -0.7        1
GREATEST
 SNOW DEPTH         0   MM                             1  01/09
                                                          01/08
                                                          01/03
 24 HR TOTAL      0.2   MM                       01/08 TO 01/08
                                                          01/08 TO 01/08
                                                          01/08 TO 01/08

DEGREE_DAYS
HEATING TOTAL     653               767    -114      734
 SINCE 7/1       1723              2165    -442     1913
COOLING TOTAL       0                 0       0        0
 SINCE 1/1          0                 0       0        0
.........................................................

WIND (MPH)
AVERAGE WIND SPEED              12.0
HIGHEST WIND SPEED/DIRECTION    45/290    DATE  01/21
HIGHEST GUST SPEED/DIRECTION    53/290    DATE  01/21

SKY COVER
POSSIBLE SUNSHINE (PERCENT)   MM
AVERAGE SKY COVER           0.50
NUMBER OF DAYS FAIR           14
NUMBER OF DAYS PC             12
NUMBER OF DAYS CLOUDY          5

AVERAGE RH (PERCENT)     55

WEATHER CONDITIONS. NUMBER OF DAYS WITH
THUNDERSTORM              0     MIXED PRECIP               0
HEAVY RAIN                2     RAIN                       3
LIGHT RAIN                7     FREEZING RAIN              1
LT FREEZING RAIN          2     HAIL                       1
HEAVY SNOW                0     SNOW                       0
LIGHT SNOW                1     SLEET                      0
FOG                       9     FOG W/VIS <= 1/4 MILE      2
HAZE                      2

-  INDICATES NEGATIVE NUMBERS.
R  INDICATES RECORD WAS SET OR TIED.
MM INDICATES DATA IS MISSING.
T  INDICATES TRACE AMOUNT.

$$
