000
CXUS54 KLUB 011541
CLMLBB


CLIMATE REPORT
NATIONAL WEATHER SERVICE LUBBOCK, TX
940 AM CST WED MAR 1 2017

...................................

...THE LUBBOCK CLIMATE SUMMARY FOR THE MONTH OF FEBRUARY 2017...

CLIMATE NORMAL PERIOD 1981 TO 2010
CLIMATE RECORD PERIOD 1911 TO 2017

WEATHER         OBSERVED          NORMAL  DEPART  LAST YEAR`S
                 VALUE   DATE(S)  VALUE   FROM    VALUE  DATE(S)
                                          NORMAL
................................................................
TEMPERATURE (F)
RECORD
 HIGH              91   02/11/2017
 LOW              -17   02/08/1933
HIGHEST            91R  02/11                         87  02/18
LOWEST             23   02/03                         17  02/06
                        02/02
AVG. MAXIMUM     68.0              58.9     9.1     65.4
AVG. MINIMUM     36.0              30.1     5.9     30.8
MEAN             52.0              44.5     7.5     48.1
DAYS MAX >= 90      1               0.0     1.0        0
DAYS MAX <= 32      0               0.9    -0.9        0
DAYS MIN <= 32     11              17.2    -6.2       18
DAYS MIN <= 0       0               0.0     0.0        0

PRECIPITATION (INCHES)
RECORD
 MAXIMUM         5.83   1911
 MINIMUM         0.00   1955
                        1954
TOTALS           0.89              0.75    0.14     0.09
DAILY AVG.       0.03              0.03    0.00     0.00
DAYS >= .01         2                                  1
DAYS >= .10         1                                  0
DAYS >= .50         1                                  0
DAYS >= 1.00        0                                  0
GREATEST
 24 HR. TOTAL    0.87   02/13 TO 02/13
                        02/12 TO 02/13
                        02/13 TO 02/13

SNOWFALL (INCHES)
RECORDS
 TOTAL           16.8   1956
 24 HR TOTAL       MM
 SNOW DEPTH        MM   MM
TOTALS              T               1.6    -1.6        T
SINCE 7/1         0.2               7.4    -7.2     13.3
SNOWDEPTH AVG.      0                MM      MM        0
DAYS >= TRACE       1               1.4    -0.4        2
DAYS >= 1.0         0               0.6    -0.6        0
GREATEST
 SNOW DEPTH         0   MM                             0  MM
 24 HR TOTAL        T   02/13 TO 02/13           02/23 TO 02/23
                                                          02/23 TO 02/23
                                                          02/23 TO 02/23

DEGREE_DAYS
HEATING TOTAL     361               574    -213      487
 SINCE 7/1       2084              2739    -655     2400
COOLING TOTAL       4                 0       4        4
 SINCE 1/1          4                 0       4        4
....................................................

WIND (MPH)
AVERAGE WIND SPEED              13.0
HIGHEST WIND SPEED/DIRECTION    49/250    DATE  02/28
HIGHEST GUST SPEED/DIRECTION    60/240    DATE  02/28

SKY COVER
POSSIBLE SUNSHINE (PERCENT)   MM
AVERAGE SKY COVER           0.40
NUMBER OF DAYS FAIR           12
NUMBER OF DAYS PC             12
NUMBER OF DAYS CLOUDY          4

AVERAGE RH (PERCENT)     46

WEATHER CONDITIONS. NUMBER OF DAYS WITH
THUNDERSTORM              0     MIXED PRECIP               0
HEAVY RAIN                1     RAIN                       1
LIGHT RAIN                4     FREEZING RAIN              0
LT FREEZING RAIN          0     HAIL                       0
HEAVY SNOW                0     SNOW                       0
LIGHT SNOW                0     SLEET                      1
FOG                       4     FOG W/VIS <= 1/4 MILE      0
HAZE                      7

-  INDICATES NEGATIVE NUMBERS.
R  INDICATES RECORD WAS SET OR TIED.
MM INDICATES DATA IS MISSING.
T  INDICATES TRACE AMOUNT.

$$
