000
CXUS54 KLUB 011736
CLMLBB


CLIMATE REPORT
NATIONAL WEATHER SERVICE LUBBOCK, TX
1126 AM CST SUN MAR 1 2015

...................................

...THE LUBBOCK CLIMATE SUMMARY FOR THE MONTH OF FEBRUARY 2015...

CLIMATE NORMAL PERIOD 1981 TO 2010
CLIMATE RECORD PERIOD 1911 TO 2015

WEATHER         OBSERVED          NORMAL  DEPART  LAST YEAR`S
                 VALUE   DATE(S)  VALUE   FROM    VALUE  DATE(S)
                                          NORMAL
................................................................
TEMPERATURE (F)
RECORD
 HIGH              89   02/28/2006
                        02/24/1918
 LOW              -17   02/08/1933
HIGHEST            84   02/07                         87  02/15
LOWEST             13   02/28                          7  02/06
                        02/27
AVG. MAXIMUM     59.4              58.9     0.5     57.4
AVG. MINIMUM     27.9              30.1    -2.2     27.6
MEAN             43.6              44.5    -0.9     42.5
DAYS MAX >= 90      0               0.0     0.0        0
DAYS MAX <= 32      3               0.9     2.1        6
DAYS MIN <= 32     19              17.2     1.8       18
DAYS MIN <= 0       0               0.0     0.0        0

PRECIPITATION (INCHES)
RECORD
 MAXIMUM         5.83   1911
 MINIMUM         0.00   1955
                        1954
TOTALS           0.66              0.75   -0.09     0.16
DAILY AVG.       0.02              0.03   -0.01     0.01
DAYS >= .01         6                                  3
DAYS >= .10         2                                  1
DAYS >= .50         0                                  0
DAYS >= 1.00        0                                  0
GREATEST
 24 HR. TOTAL    0.57   02/26 TO 02/27

SNOWFALL (INCHES)
RECORDS
 TOTAL           16.8   1956
 24 HR TOTAL       MM
 SNOW DEPTH        MM   MM
TOTALS            6.5               1.6     4.9      1.8
SINCE 7/1        13.6               7.4     6.2      4.2
SNOWDEPTH AVG.      0                MM      MM        0
DAYS >= TRACE       6               1.4     4.6        5
DAYS >= 1.0         2               0.6     1.4        1
GREATEST
 SNOW DEPTH         5   02/27                          1  02/02
 24 HR TOTAL      4.6   02/27 TO 02/28           02/02 TO 02/02
                                                          02/02 TO 02/02
                                                          02/02 TO 02/02

DEGREE_DAYS
HEATING TOTAL     590               574      16      624
 SINCE 7/1       2719              2739     -20     2852
COOLING TOTAL       0                 0       0        0
 SINCE 1/1          0                 0       0        0
...................................................

WIND (MPH)
AVERAGE WIND SPEED              12.0
HIGHEST WIND SPEED/DIRECTION    37/020    DATE  02/04
HIGHEST GUST SPEED/DIRECTION    47/040    DATE  02/11

SKY COVER
POSSIBLE SUNSHINE (PERCENT)   MM
AVERAGE SKY COVER           0.50
NUMBER OF DAYS FAIR           10
NUMBER OF DAYS PC              9
NUMBER OF DAYS CLOUDY          9

AVERAGE RH (PERCENT)     61

WEATHER CONDITIONS. NUMBER OF DAYS WITH
THUNDERSTORM              0     MIXED PRECIP               0
HEAVY RAIN                0     RAIN                       0
LIGHT RAIN                3     FREEZING RAIN              0
LT FREEZING RAIN          6     HAIL                       0
HEAVY SNOW                1     SNOW                       5
LIGHT SNOW                5     SLEET                      2
FOG                      12     FOG W/VIS <= 1/4 MILE      2
HAZE                      5

-  INDICATES NEGATIVE NUMBERS.
R  INDICATES RECORD WAS SET OR TIED.
MM INDICATES DATA IS MISSING.
T  INDICATES TRACE AMOUNT.

$$
