000
CXUS54 KLUB 072121
CLMLBB


CLIMATE REPORT
NATIONAL WEATHER SERVICE LUBBOCK, TX
420 PM CDT MON AUG 7 2017

...................................

...THE LUBBOCK CLIMATE SUMMARY FOR THE MONTH OF JULY 2017...

CLIMATE NORMAL PERIOD 1981 TO 2010
CLIMATE RECORD PERIOD 1911 TO 2017

WEATHER         OBSERVED          NORMAL  DEPART  LAST YEAR`S
                 VALUE   DATE(S)  VALUE   FROM    VALUE  DATE(S)
                                          NORMAL
................................................................
TEMPERATURE (F)
RECORD
 HIGH             109   07/07/2016
                        07/10/1940
                        86/12/2537
 LOW               49   07/05/1915
HIGHEST            98   07/29                        109  07/07
LOWEST             63   07/02                         66  07/28
AVG. MAXIMUM     92.9              92.8     0.1     99.5
AVG. MINIMUM     69.2              67.7     1.5     71.4
MEAN             81.1              80.3     0.8     85.5
DAYS MAX >= 90     28              22.3     5.7       31
DAYS MAX <= 32      0               0.0     0.0        0
DAYS MIN <= 32      0               0.0     0.0        0
DAYS MIN <= 0       0               0.0     0.0        0

PRECIPITATION (INCHES)
RECORD
 MAXIMUM         7.20   1976
 MINIMUM         0.00   1970
TOTALS           5.84              1.91    3.93     0.58
DAILY AVG.       0.19              0.06    0.13     0.02
DAYS >= .01         7                                  4
DAYS >= .10         6                                  2
DAYS >= .50         5                                  0
DAYS >= 1.00        3                                  0
GREATEST
 24 HR. TOTAL    1.76   07/16 TO 07/16

DEGREE_DAYS
HEATING TOTAL       0                 0       0        0
 SINCE 7/1          0                 0       0        0
COOLING TOTAL     504               473      31      642
 SINCE 1/1       1284              1093     191     1295
.................................................................

WIND (MPH)
AVERAGE WIND SPEED              9.8
HIGHEST WIND SPEED/DIRECTION    47/320    DATE  07/04
HIGHEST GUST SPEED/DIRECTION    58/360    DATE  07/03

SKY COVER
POSSIBLE SUNSHINE (PERCENT)   MM
AVERAGE SKY COVER           0.40
NUMBER OF DAYS FAIR           13
NUMBER OF DAYS PC             16
NUMBER OF DAYS CLOUDY          2

AVERAGE RH (PERCENT)     53

WEATHER CONDITIONS. NUMBER OF DAYS WITH
THUNDERSTORM              0     MIXED PRECIP               0
HEAVY RAIN                5     RAIN                       4
LIGHT RAIN                7     FREEZING RAIN              0
LT FREEZING RAIN          0     HAIL                       1
HEAVY SNOW                0     SNOW                       0
LIGHT SNOW                0     SLEET                      0
FOG                       5     FOG W/VIS <= 1/4 MILE      0
HAZE                      5

-  INDICATES NEGATIVE NUMBERS.
R  INDICATES RECORD WAS SET OR TIED.
MM INDICATES DATA IS MISSING.
T  INDICATES TRACE AMOUNT.

$$
