000
CXUS53 KLBF 011138
CLMLBF


CLIMATE REPORT
NATIONAL WEATHER SERVICE NORTH PLATTE
634 AM CDT WED NOV 1 2017

...................................

...THE NORTH PLATTE NE CLIMATE SUMMARY FOR THE MONTH OF OCTOBER 2017...

CLIMATE NORMAL PERIOD 1981 TO 2010
CLIMATE RECORD PERIOD 1874 TO 2017

WEATHER         OBSERVED          NORMAL  DEPART  LAST YEAR`S
                 VALUE   DATE(S)  VALUE   FROM    VALUE  DATE(S)
                                          NORMAL
................................................................
TEMPERATURE (F)
RECORD
 HIGH              96   10/05/1947
 LOW                4   10/28/1925
                        10/29/1913
HIGHEST            81   10/17        86      -5       83  10/28
                                                          10/27
                                                          10/10
LOWEST             12   10/28        17      -5       30  10/22
                                                          10/07
AVG. MAXIMUM     66.1              64.5     1.6     72.5
AVG. MINIMUM     34.5              33.6     0.9     38.6
MEAN             50.3              49.1     1.2     55.5
DAYS MAX >= 90      0               0.3    -0.3        0
DAYS MAX <= 32      0               0.4    -0.4        0
DAYS MIN <= 32     15              13.3     1.7        6
DAYS MIN <= 0       0               0.0     0.0        0

PRECIPITATION (INCHES)
RECORD
 MAXIMUM         5.80   1946
 MINIMUM            T   1933
TOTALS           3.11              1.55    1.56     1.54
DAILY AVG.       0.10              0.05    0.05     0.05
DAYS >= .01         6               6.6    -0.6        5
DAYS >= .10         3               3.4    -0.4        2
DAYS >= .50         2               0.9     1.1        1
DAYS >= 1.00        1               0.3     0.7        1
GREATEST
 24 HR. TOTAL    1.80   10/06 TO 10/06           10/03 TO 10/03
                                                          10/03 TO 10/04
                                                          10/06 TO 10/06

SNOWFALL (INCHES)
RECORDS
 TOTAL           30.3   2009
TOTALS            0.6               2.1    -1.5        T
SINCE 7/1         0.6               2.3    -1.7        T
SNOWDEPTH AVG.      0                MM      MM        0
DAYS >= 1.0         0               0.6    -0.6        0
GREATEST
 SNOW DEPTH         T   10/31                          0  MM
 24 HR TOTAL      0.6   10/31 TO 10/31

DEGREE_DAYS
HEATING TOTAL     448               498     -50      288
 SINCE 7/1        557               669    -112      379
COOLING TOTAL       1                 3      -2        3
 SINCE 1/1        954               768     186      911
.......................................................

WIND (MPH)
AVERAGE WIND SPEED              9.7
HIGHEST WIND SPEED/DIRECTION    38/340    DATE  10/26
HIGHEST GUST SPEED/DIRECTION    51/340    DATE  10/26

SKY COVER
POSSIBLE SUNSHINE (PERCENT)   MM
AVERAGE SKY COVER           0.30
NUMBER OF DAYS FAIR           21
NUMBER OF DAYS PC              5
NUMBER OF DAYS CLOUDY          5

AVERAGE RH (PERCENT)     63

WEATHER CONDITIONS. NUMBER OF DAYS WITH
THUNDERSTORM              0     MIXED PRECIP               0
HEAVY RAIN                3     RAIN                       3
LIGHT RAIN                7     FREEZING RAIN              0
LT FREEZING RAIN          0     HAIL                       0
HEAVY SNOW                0     SNOW                       1
LIGHT SNOW                1     SLEET                      0
FOG                       7     FOG W/VIS <= 1/4 MILE      0
HAZE                      0

-  INDICATES NEGATIVE NUMBERS.
R  INDICATES RECORD WAS SET OR TIED.
MM INDICATES DATA IS MISSING.
T  INDICATES TRACE AMOUNT.

$$
