000
CXUS53 KLBF 011418
CLMLBF


CLIMATE REPORT
NATIONAL WEATHER SERVICE NORTH PLATTE
905 AM CDT TUE APR 1 2014

...................................

...THE NORTH PLATTE NE CLIMATE SUMMARY FOR THE MONTH OF MARCH 2014...

CLIMATE NORMAL PERIOD 1981 TO 2010
CLIMATE RECORD PERIOD 1874 TO 2014

WEATHER         OBSERVED          NORMAL  DEPART  LAST YEAR`S
                 VALUE   DATE(S)  VALUE   FROM    VALUE  DATE(S)
                                          NORMAL
................................................................
TEMPERATURE (F)
RECORD
 HIGH              88   03/31/1946
 LOW              -22   03/03/2002
                        03/03/1960
HIGHEST            76   03/26        77      -1       79  03/15
LOWEST             -5   03/02         4      -9        7  03/26
                                                          03/20
AVG. MAXIMUM     53.1              52.5     0.6     52.0
AVG. MINIMUM     20.1              23.5    -3.4     21.2
MEAN             36.6              38.0    -1.4     36.6
DAYS MAX >= 90      0               0.0     0.0        0
DAYS MAX <= 32      4               2.6     1.4        2
DAYS MIN <= 32     31              26.0     5.0       30
DAYS MIN <= 0       3               0.5     2.5        0

PRECIPITATION (INCHES)
RECORD
 MAXIMUM         4.37   1949
 MINIMUM         0.04   1882
TOTALS           0.79              1.05   -0.26     0.49
DAILY AVG.       0.03              0.03    0.00     0.02
DAYS >= .01         6               6.7    -0.7        6
DAYS >= .10         4               2.7     1.3        1
DAYS >= .50         0               0.6    -0.6        0
DAYS >= 1.00        0               0.0     0.0        0
GREATEST
 24 HR. TOTAL    0.23   03/27 TO 03/27           03/29 TO 03/29
                                                          03/09 TO 03/09
                                                          03/09 TO 03/09

SNOWFALL (INCHES)
RECORDS
 TOTAL           27.8   1912
TOTALS            6.3               4.4     1.9      2.7
SINCE 7/1        28.7              25.3     3.4     22.6
SNOWDEPTH AVG.      0                MM      MM        0
DAYS >= 1.0         2               1.4     0.6        2
GREATEST
 SNOW DEPTH         2   03/23                          1  03/24
                                                          03/10
                                                          03/09
 24 HR TOTAL      2.8   MM

DEGREE_DAYS
HEATING TOTAL     874               837      37      873
 SINCE 7/1       6065              5865     200     5833
COOLING TOTAL       0                 0       0        0
 SINCE 1/1          0                 0       0        0
..........................................................

WIND (MPH)
AVERAGE WIND SPEED              10.0
HIGHEST WIND SPEED/DIRECTION    41/300    DATE  03/31
HIGHEST GUST SPEED/DIRECTION    52/300    DATE  03/31

SKY COVER
POSSIBLE SUNSHINE (PERCENT)   MM
AVERAGE SKY COVER           0.30
NUMBER OF DAYS FAIR           17
NUMBER OF DAYS PC             12
NUMBER OF DAYS CLOUDY          2

AVERAGE RH (PERCENT)     62

WEATHER CONDITIONS. NUMBER OF DAYS WITH
THUNDERSTORM              0     MIXED PRECIP               0
HEAVY RAIN                0     RAIN                       1
LIGHT RAIN                3     FREEZING RAIN              0
LT FREEZING RAIN          1     HAIL                       0
HEAVY SNOW                1     SNOW                       3
LIGHT SNOW                6     SLEET                      0
FOG                       9     FOG W/VIS <= 1/4 MILE      2
HAZE                      4

-  INDICATES NEGATIVE NUMBERS.
R  INDICATES RECORD WAS SET OR TIED.
MM INDICATES DATA IS MISSING.
T  INDICATES TRACE AMOUNT.

$$
