000
CXUS53 KLBF 011318
CLMLBF

CLIMATE REPORT
NATIONAL WEATHER SERVICE NORTH PLATTE
800 AM CDT MON JUN 1 2015

...................................

...THE NORTH PLATTE NE CLIMATE SUMMARY FOR THE MONTH OF MAY 2015...

CLIMATE NORMAL PERIOD 1981 TO 2010
CLIMATE RECORD PERIOD 1874 TO 2015

WEATHER         OBSERVED          NORMAL  DEPART  LAST YEAR`S
                 VALUE   DATE(S)  VALUE   FROM    VALUE  DATE(S)
                                          NORMAL
................................................................
TEMPERATURE (F)
RECORD
 HIGH              99   05/27/2006
                        05/08/1934
 LOW               18   05/02/2005
HIGHEST            84   05/02        88      -4       90  05/29
LOWEST             27   05/12        29      -2       25  05/02
AVG. MAXIMUM     66.9              71.7    -4.8     72.5
AVG. MINIMUM     43.9              44.1    -0.2     43.0
MEAN             55.4              57.9    -2.5     57.8
DAYS MAX >= 90      0               0.8    -0.8        1
DAYS MAX <= 32      0               0.0     0.0        0
DAYS MIN <= 32      3               2.4     0.6        8
DAYS MIN <= 0       0               0.0     0.0        0

PRECIPITATION (INCHES)
RECORD
 MAXIMUM         8.01   1962
 MINIMUM         0.11   1897
TOTALS           4.34              3.28    1.06     1.81
DAILY AVG.       0.14              0.11    0.03     0.06
DAYS >= .01        18              11.6     6.4        8
DAYS >= .10        14               6.8     7.2        6
DAYS >= .50         3               2.2     0.8        1
DAYS >= 1.00        0               0.7    -0.7        0
GREATEST
 24 HR. TOTAL    0.84   05/09 TO 05/10           05/23 TO 05/23
                                                          05/12 TO 05/12
                                                          05/12 TO 05/12

SNOWFALL (INCHES)
RECORDS
 TOTAL            6.0   1950
TOTALS              T                 T     0.0        T
SINCE 7/1        21.3              28.5    -7.2     29.8
SNOWDEPTH AVG.      0                MM      MM        0
DAYS >= 1.0         0               0.0     0.0        0
GREATEST
 SNOW DEPTH         0   MM                             0  MM
 24 HR TOTAL        T   05/15 TO 05/15
                        05/17 TO 05/17
                        05/19 TO 05/19

DEGREE_DAYS
HEATING TOTAL     286               245      41      263
 SINCE 7/1       6270              6635    -365     6830
COOLING TOTAL       0                25     -25       47
 SINCE 1/1          2                28     -26       49
...................................................

WIND (MPH)
AVERAGE WIND SPEED              10.4
HIGHEST WIND SPEED/DIRECTION    38/020    DATE  05/09
HIGHEST GUST SPEED/DIRECTION    49/020    DATE  05/09

SKY COVER
POSSIBLE SUNSHINE (PERCENT)   MM
AVERAGE SKY COVER           0.50
NUMBER OF DAYS FAIR            8
NUMBER OF DAYS PC             16
NUMBER OF DAYS CLOUDY          7

AVERAGE RH (PERCENT)     73

WEATHER CONDITIONS. NUMBER OF DAYS WITH
THUNDERSTORM              0     MIXED PRECIP               0
HEAVY RAIN                4     RAIN                      10
LIGHT RAIN               20     FREEZING RAIN              0
LT FREEZING RAIN          0     HAIL                       0
HEAVY SNOW                0     SNOW                       0
LIGHT SNOW                0     SLEET                      0
FOG                      14     FOG W/VIS <= 1/4 MILE      2
HAZE                      0

-  INDICATES NEGATIVE NUMBERS.
R  INDICATES RECORD WAS SET OR TIED.
MM INDICATES DATA IS MISSING.
T  INDICATES TRACE AMOUNT.

$$
