079
CXUS53 KLBF 011419
CLMLBF


CLIMATE REPORT
NATIONAL WEATHER SERVICE NORTH PLATTE
917 AM CDT MON MAY 1 2017

...................................

...THE NORTH PLATTE NE CLIMATE SUMMARY FOR THE MONTH OF APRIL 2017...

CLIMATE NORMAL PERIOD 1981 TO 2010
CLIMATE RECORD PERIOD 1874 TO 2017

WEATHER         OBSERVED          NORMAL  DEPART  LAST YEAR`S
                 VALUE   DATE(S)  VALUE   FROM    VALUE  DATE(S)
                                          NORMAL
................................................................
TEMPERATURE (F)
RECORD
 HIGH              98   04/30/1992
 LOW               -3   04/02/1936
HIGHEST            82   04/08        85      -3       81  04/23
LOWEST             26   04/11        18       8       23  04/02
AVG. MAXIMUM     64.6              62.2     2.4     62.5
AVG. MINIMUM     37.0              33.0     4.0     35.3
MEAN             50.8              47.6     3.2     48.9
DAYS MAX >= 90      0               0.2    -0.2        0
DAYS MAX <= 32      0               0.3    -0.3        0
DAYS MIN <= 32     11              13.8    -2.8       11
DAYS MIN <= 0       0               0.0     0.0        0

PRECIPITATION (INCHES)
RECORD
 MAXIMUM         7.10   1915
 MINIMUM         0.04   1928
TOTALS           2.23              2.27   -0.04     5.36
DAILY AVG.       0.07              0.08   -0.01     0.18
DAYS >= .01         8               8.4    -0.4       11
DAYS >= .10         4               4.6    -0.6        7
DAYS >= .50         2               1.4     0.6        4
DAYS >= 1.00        1               0.4     0.6        2
GREATEST
 24 HR. TOTAL    1.19   04/27 TO 04/28

SNOWFALL (INCHES)
RECORDS
 TOTAL           14.8   1886
TOTALS            1.0               3.2    -2.2      2.5
SINCE 7/1        21.3              28.5    -7.2     32.4
SNOWDEPTH AVG.      0                MM      MM        0
DAYS >= 1.0         1               0.9     0.1        1
GREATEST
 SNOW DEPTH         0   MM                             0  04/30
 24 HR TOTAL      1.0   04/30 TO 04/30

DEGREE_DAYS
HEATING TOTAL     421               525    -104      478
 SINCE 7/1       5394              6390    -996     5441
COOLING TOTAL       2                 3      -1        1
 SINCE 1/1          2                 3      -1        1
.................................................

WIND (MPH)
AVERAGE WIND SPEED              10.8
HIGHEST WIND SPEED/DIRECTION    37/360    DATE  04/30
HIGHEST GUST SPEED/DIRECTION    50/030    DATE  04/30

SKY COVER
POSSIBLE SUNSHINE (PERCENT)   MM
AVERAGE SKY COVER           0.40
NUMBER OF DAYS FAIR           16
NUMBER OF DAYS PC              9
NUMBER OF DAYS CLOUDY          5

AVERAGE RH (PERCENT)     63

WEATHER CONDITIONS. NUMBER OF DAYS WITH
THUNDERSTORM              0     MIXED PRECIP               0
HEAVY RAIN                1     RAIN                       6
LIGHT RAIN                9     FREEZING RAIN              0
LT FREEZING RAIN          0     HAIL                       0
HEAVY SNOW                0     SNOW                       1
LIGHT SNOW                3     SLEET                      0
FOG                      12     FOG W/VIS <= 1/4 MILE      1
HAZE                      3

-  INDICATES NEGATIVE NUMBERS.
R  INDICATES RECORD WAS SET OR TIED.
MM INDICATES DATA IS MISSING.
T  INDICATES TRACE AMOUNT.

$$
