000
CXUS53 KLBF 110358 CCA
CLMLBF

CLIMATE REPORT
NATIONAL WEATHER SERVICE NORTH PLATTE
1050 PM CDT FRI JUL 10 2015

...................................

...THE NORTH PLATTE NE CLIMATE SUMMARY FOR THE MONTH OF JUNE 2015...

CLIMATE NORMAL PERIOD 1981 TO 2010
CLIMATE RECORD PERIOD 1874 TO 2015

WEATHER         OBSERVED          NORMAL  DEPART  LAST YEAR`S
                 VALUE   DATE(S)  VALUE   FROM    VALUE  DATE(S)
                                          NORMAL
................................................................
TEMPERATURE (F)
RECORD
 HIGH             107   06/26/2012
                        06/15/1952
 LOW               29   06/02/1969
HIGHEST            97   06/30        96       1       93  06/17
                                                          06/03
LOWEST             52   06/27        41      11       43  06/10
AVG. MAXIMUM     83.1              81.8     1.3     81.0
AVG. MINIMUM     58.0              54.0     4.0     54.6
MEAN             70.6              67.9     2.7     67.8
DAYS MAX >= 90      5               5.4    -0.4        4
DAYS MAX <= 32      0               0.0     0.0        0
DAYS MIN <= 32      0               0.0     0.0        0
DAYS MIN <= 0       0               0.0     0.0        0

PRECIPITATION (INCHES)
RECORD
 MAXIMUM        10.47   1951
 MINIMUM         0.33   1952
TOTALS           2.73              3.42   -0.69     8.75
DAILY AVG.       0.09              0.11   -0.02     0.29
DAYS >= .01        11              10.5     0.5       15
DAYS >= .10         7               6.6     0.4        9
DAYS >= .50         1               2.6    -1.6        7
DAYS >= 1.00        0               0.6    -0.6        3
GREATEST
 24 HR. TOTAL    0.97   06/10 TO 06/11           06/06 TO 06/06

SNOWFALL (INCHES)
RECORDS
 TOTAL              T   2014
                        2013
                        2009
TOTALS            0.0               0.0     0.0        T
SINCE 7/1        21.3              28.5    -7.2     29.8
SNOWDEPTH AVG.      0                MM      MM        0
DAYS >= 1.0         0               0.0     0.0        0
GREATEST
 SNOW DEPTH         0   MM                             0  MM
 24 HR TOTAL      0.0   06/30 TO 06/30

DEGREE_DAYS
HEATING TOTAL       5                51     -46       39
 SINCE 7/1       6275              6686    -411     6869
COOLING TOTAL     178               138      40      131
 SINCE 1/1        180               166      14      180
.......................................................

WIND (MPH)
AVERAGE WIND SPEED              7.3
HIGHEST WIND SPEED/DIRECTION    33/340    DATE  06/18
HIGHEST GUST SPEED/DIRECTION    45/350    DATE  06/18

SKY COVER
POSSIBLE SUNSHINE (PERCENT)   MM
AVERAGE SKY COVER           0.20
NUMBER OF DAYS FAIR           20
NUMBER OF DAYS PC              8
NUMBER OF DAYS CLOUDY          2

AVERAGE RH (PERCENT)     70

WEATHER CONDITIONS. NUMBER OF DAYS WITH
THUNDERSTORM              0     MIXED PRECIP               0
HEAVY RAIN                3     RAIN                       3
LIGHT RAIN               12     FREEZING RAIN              0
LT FREEZING RAIN          0     HAIL                       0
HEAVY SNOW                0     SNOW                       0
LIGHT SNOW                0     SLEET                      0
FOG                       7     FOG W/VIS <= 1/4 MILE      0
HAZE                      2

-  INDICATES NEGATIVE NUMBERS.
R  INDICATES RECORD WAS SET OR TIED.
MM INDICATES DATA IS MISSING.
T  INDICATES TRACE AMOUNT.

$$
