484
CXUS53 KLBF 011415
CLMLBF

CLIMATE REPORT
NATIONAL WEATHER SERVICE NORTH PLATTE
745 AM CST MON FEB 1 2016

...................................

...THE NORTH PLATTE NE CLIMATE SUMMARY FOR THE MONTH OF JANUARY 2016...

CLIMATE NORMAL PERIOD 1981 TO 2010
CLIMATE RECORD PERIOD 1874 TO 2016

WEATHER         OBSERVED          NORMAL  DEPART  LAST YEAR`S
                 VALUE   DATE(S)  VALUE   FROM    VALUE  DATE(S)
                                          NORMAL
................................................................
TEMPERATURE (F)
RECORD
 HIGH              74   01/27/2015
 LOW              -35   01/15/1888
HIGHEST            60   01/28        59       1       74  01/27
LOWEST             -2   01/10       -10       8      -11  01/04
AVG. MAXIMUM     41.1              38.9     2.2     42.4
AVG. MINIMUM     15.8              11.1     4.7     12.0
MEAN             28.5              25.0     3.5     27.2
DAYS MAX >= 90      0               0.0     0.0        0
DAYS MAX <= 32      6               9.3    -3.3        7
DAYS MIN <= 32     31              30.9     0.1       31
DAYS MIN <= 0       2               5.0    -3.0        4

PRECIPITATION (INCHES)
RECORD
 MAXIMUM         2.33   1879
 MINIMUM            T   1997
                        1964
                        1961
TOTALS           0.48              0.34    0.14     0.28
DAILY AVG.       0.02              0.01    0.01     0.01
DAYS >= .01         8               4.1     3.9        4
DAYS >= .10         2               1.1     0.9        1
DAYS >= .50         0               0.1    -0.1        0
DAYS >= 1.00        0               0.0     0.0        0
GREATEST
 24 HR. TOTAL    0.20   01/25 TO 01/25

SNOWFALL (INCHES)
RECORDS
 TOTAL           21.2   1949
TOTALS            5.6               4.8     0.8      3.5
SINCE 7/1        13.6              15.6    -2.0     12.6
SNOWDEPTH AVG.      0                 2      -2        1
DAYS >= 1.0         2               1.4     0.6        2
GREATEST
 SNOW DEPTH         2   01/26                          4  01/01
 24 HR TOTAL      2.6   01/25 TO 01/25

DEGREE_DAYS
HEATING TOTAL    1126              1240    -114     1165
 SINCE 7/1       3394              4020    -626     3852
COOLING TOTAL       0                 0       0        0
 SINCE 1/1          0                 0       0        0
..................................................

WIND (MPH)
AVERAGE WIND SPEED              7.7
HIGHEST WIND SPEED/DIRECTION    36/290    DATE  01/14
HIGHEST GUST SPEED/DIRECTION    43/290    DATE  01/14

SKY COVER
POSSIBLE SUNSHINE (PERCENT)   MM
AVERAGE SKY COVER           0.40
NUMBER OF DAYS FAIR           18
NUMBER OF DAYS PC              4
NUMBER OF DAYS CLOUDY          9

AVERAGE RH (PERCENT)     69

WEATHER CONDITIONS. NUMBER OF DAYS WITH
THUNDERSTORM              0     MIXED PRECIP               0
HEAVY RAIN                0     RAIN                       0
LIGHT RAIN                0     FREEZING RAIN              0
LT FREEZING RAIN          0     HAIL                       0
HEAVY SNOW                0     SNOW                       0
LIGHT SNOW               10     SLEET                      0
FOG                      10     FOG W/VIS <= 1/4 MILE      0
HAZE                      0

-  INDICATES NEGATIVE NUMBERS.
R  INDICATES RECORD WAS SET OR TIED.
MM INDICATES DATA IS MISSING.
T  INDICATES TRACE AMOUNT.

$$
