000
CXUS52 KILM 040324
CLMLBT


CLIMATE REPORT
NATIONAL WEATHER SERVICE WILMINGTON NC
1123 PM EDT WED JUN 3 2015

...................................

...THE LUMBERTON NC CLIMATE SUMMARY FOR THE MONTH OF MAY 2015...

CLIMATE NORMAL PERIOD 1981 TO 2010
CLIMATE RECORD PERIOD 9999 TO 9999

WEATHER         OBSERVED          NORMAL  DEPART  LAST YEAR`S
                 VALUE   DATE(S)  VALUE   FROM    VALUE  DATE(S)
                                          NORMAL
................................................................
TEMPERATURE (F)
HIGHEST            92   05/31                         94
                        05/30
                        05/26
LOWEST             45   05/03                         45
                        05/02
AVG. MAXIMUM     85.3              82.1     3.2     84.9
AVG. MINIMUM     59.1              57.6     1.5     58.6
MEAN             72.2              69.8     2.4     71.7
DAYS MAX >= 90     12               3.4     8.6        8
DAYS MAX <= 32      0               0.0     0.0        0
DAYS MIN <= 32      0               0.0     0.0        0
DAYS MIN <= 0       0               0.0     0.0        0

PRECIPITATION (INCHES)
RECORD
 MAXIMUM         8.51   1977
 MINIMUM         0.40   1911
TOTALS           1.93              3.05   -1.12     3.60
DAILY AVG.       0.06              0.10   -0.04     0.12
DAYS >= .01         7                                  5
DAYS >= .10         5                                  2
DAYS >= .50         1                                  1
DAYS >= 1.00        0                                  1
GREATEST
 24 HR. TOTAL    0.92   05/09 TO 05/09

DEGREE_DAYS
HEATING TOTAL      12                32     -20       17
COOLING TOTAL     245               182      63      237
.......................................................

WIND (MPH)
AVERAGE WIND SPEED              5.7
RESULTANT WIND SPEED/DIRECTION   1/091
HIGHEST WIND SPEED/DIRECTION    25/010    DATE  05/01
HIGHEST GUST SPEED/DIRECTION    37/290    DATE  05/21

SKY COVER
POSSIBLE SUNSHINE (PERCENT)   MM
AVERAGE SKY COVER           0.30
NUMBER OF DAYS FAIR           24
NUMBER OF DAYS PC              6
NUMBER OF DAYS CLOUDY          1

AVERAGE RH (PERCENT)     69

WEATHER CONDITIONS. NUMBER OF DAYS WITH
THUNDERSTORM              4     MIXED PRECIP              MM
HEAVY RAIN                5     RAIN                       4
LIGHT RAIN                9     FREEZING RAIN              0
LT FREEZING RAIN          0     HAIL                      MM
HEAVY SNOW                0     SNOW                       0
LIGHT SNOW                0     SLEET                     MM
FOG                      22     FOG W/VIS <= 1/4 MILE      0
HAZE                      5

-  INDICATES NEGATIVE NUMBERS.
R  INDICATES RECORD WAS SET OR TIED.
MM INDICATES DATA IS MISSING.
T  INDICATES TRACE AMOUNT.

$$
