000
CXUS52 KILM 011314
CLMLBT


CLIMATE REPORT
NATIONAL WEATHER SERVICE WILMINGTON NC
812 AM EST THU JAN 1 2015

...................................

...THE LUMBERTON NC CLIMATE SUMMARY FOR THE YEAR OF 2014...

CLIMATE NORMAL PERIOD 1981 TO 2010
CLIMATE RECORD PERIOD 9999 TO 9999

WEATHER         OBSERVED          NORMAL  DEPART  LAST YEAR`S
                 VALUE   DATE(S)  VALUE   FROM    VALUE  DATE(S)
                                          NORMAL
................................................................
TEMPERATURE (F)
HIGHEST            98   07/09                        100  06/13
                        07/08
                        06/19
LOWEST             10   01/30                         19  11/25
AVG. MAXIMUM     73.4              73.9    -0.5     73.2
AVG. MINIMUM     50.8              51.4    -0.6     51.2
MEAN             62.1              62.6    -0.5     62.2
DAYS MAX >= 90     68              50.6    17.4       55
DAYS MAX <= 32      3               0.5     2.5        1
DAYS MIN <= 32     63              48.8    14.2       61
DAYS MIN <= 0       0               0.0     0.0        0

PRECIPITATION (INCHES)
RECORD
 MAXIMUM        65.74   1924
 MINIMUM        22.65   2007
TOTALS          42.40             43.52   -1.12    44.87
DAILY AVG.       0.12              0.12    0.00     0.12
DAYS >= .01       121                                120
DAYS >= .10        71                                 80
DAYS >= .50        30                                 32
DAYS >= 1.00        6                                 13
GREATEST
 24 HR. TOTAL    3.31   05/15 TO 05/16

DEGREE_DAYS
HEATING TOTAL    3001              2761     240     2783
 SINCE 7/1       1053              1050       3      997
COOLING TOTAL    2061              1910     151     1876
 SINCE 1/1       2061              1909     152     1876
..................................................

WIND (MPH)
AVERAGE WIND SPEED              6.0
RESULTANT WIND SPEED/DIRECTION   1/318
HIGHEST WIND SPEED/DIRECTION    38/270    DATE  02/21
HIGHEST GUST SPEED/DIRECTION    51/270    DATE  02/21

SKY COVER
POSSIBLE SUNSHINE (PERCENT)   MM
AVERAGE SKY COVER           0.30
NUMBER OF DAYS FAIR          221
NUMBER OF DAYS PC             81
NUMBER OF DAYS CLOUDY         63

AVERAGE RH (PERCENT)     70

WEATHER CONDITIONS. NUMBER OF DAYS WITH
THUNDERSTORM             49     MIXED PRECIP               0
HEAVY RAIN               55     RAIN                      60
LIGHT RAIN              133     FREEZING RAIN              1
LT FREEZING RAIN          3     HAIL                       0
HEAVY SNOW                1     SNOW                       4
LIGHT SNOW                6     SLEET                      3
FOG                     230     FOG W/VIS <= 1/4 MILE     43
HAZE                     74

-  INDICATES NEGATIVE NUMBERS.
R  INDICATES RECORD WAS SET OR TIED.
MM INDICATES DATA IS MISSING.
T  INDICATES TRACE AMOUNT.

$$
