000
CXUS52 KILM 011950
CLMLBT


CLIMATE REPORT
NATIONAL WEATHER SERVICE WILMINGTON NC
349 PM EDT WED NOV 1 2017

...................................

...THE LUMBERTON NC CLIMATE SUMMARY FOR THE MONTH OF OCTOBER 2017...

CLIMATE NORMAL PERIOD 1981 TO 2010
CLIMATE RECORD PERIOD 9999 TO 9999

WEATHER         OBSERVED          NORMAL  DEPART  LAST YEAR`S
                 VALUE   DATE(S)  VALUE   FROM    VALUE  DATE(S)
                                          NORMAL
................................................................
TEMPERATURE (F)
HIGHEST            87   10/12                         86
                        10/10
LOWEST             35   10/30                         38
                        10/27
AVG. MAXIMUM     78.2              75.5     2.7     78.5
AVG. MINIMUM     53.1              51.3     1.8     54.1
MEAN             65.6              63.4     2.2     66.4
DAYS MAX >= 90      0               0.3    -0.3        0
DAYS MAX <= 32      0               0.0     0.0        0
DAYS MIN <= 32      0               0.8    -0.8        0
DAYS MIN <= 0       0               0.0     0.0        0

PRECIPITATION (INCHES)
RECORD
 MAXIMUM        12.77   2016
 MINIMUM         0.00   2000
TOTALS           2.26              2.57   -0.31    12.77
DAILY AVG.       0.07              0.08   -0.01     0.47
DAYS >= .01         7                                  3
DAYS >= .10         5                                  2
DAYS >= .50         2                                  1
DAYS >= 1.00        0                                  1
GREATEST
 24 HR. TOTAL    0.84   10/09 TO 10/09

DEGREE_DAYS
HEATING TOTAL      97               123     -26       36
COOLING TOTAL     122                73      49       81
.........................................................

WIND (MPH)
AVERAGE WIND SPEED              5.3
RESULTANT WIND SPEED/DIRECTION   1/061
HIGHEST WIND SPEED/DIRECTION    29/200    DATE  10/23
HIGHEST GUST SPEED/DIRECTION    41/210    DATE  10/23

SKY COVER
POSSIBLE SUNSHINE (PERCENT)   MM
AVERAGE SKY COVER           0.30
NUMBER OF DAYS FAIR           17
NUMBER OF DAYS PC             11
NUMBER OF DAYS CLOUDY          3

AVERAGE RH (PERCENT)     73

WEATHER CONDITIONS. NUMBER OF DAYS WITH
THUNDERSTORM              1     MIXED PRECIP              MM
HEAVY RAIN                4     RAIN                       6
LIGHT RAIN                9     FREEZING RAIN              0
LT FREEZING RAIN          0     HAIL                      MM
HEAVY SNOW                0     SNOW                       0
LIGHT SNOW                0     SLEET                     MM
FOG                      20     FOG W/VIS <= 1/4 MILE      6
HAZE                      1

-  INDICATES NEGATIVE NUMBERS.
R  INDICATES RECORD WAS SET OR TIED.
MM INDICATES DATA IS MISSING.
T  INDICATES TRACE AMOUNT.

$$
