000
CXUS52 KILM 012004
CLMLBT


CLIMATE REPORT
NATIONAL WEATHER SERVICE WILMINGTON NC
357 PM EDT SAT AUG 1 2015

...................................

...THE LUMBERTON NC CLIMATE SUMMARY FOR THE MONTH OF JULY 2015...

CLIMATE NORMAL PERIOD 1981 TO 2010
CLIMATE RECORD PERIOD 9999 TO 9999

WEATHER         OBSERVED          NORMAL  DEPART  LAST YEAR`S
                 VALUE   DATE(S)  VALUE   FROM    VALUE  DATE(S)
                                          NORMAL
................................................................
TEMPERATURE (F)
HIGHEST            99   07/21                         98
LOWEST             64   07/26                         64
AVG. MAXIMUM     93.7              91.0     2.7     89.5
AVG. MINIMUM     72.5              71.3     1.2     71.0
MEAN             83.1              81.1     2.0     80.3
DAYS MAX >= 90     28              18.5     9.5       16
DAYS MAX <= 32      0               0.0     0.0        0
DAYS MIN <= 32      0               0.0     0.0        0
DAYS MIN <= 0       0               0.0     0.0        0

PRECIPITATION (INCHES)
RECORD
 MAXIMUM        14.16   1916
 MINIMUM         0.21   2007
TOTALS           1.30              5.48   -4.18     4.44
DAILY AVG.       0.04              0.18   -0.14     0.14
DAYS >= .01         8                                 11
DAYS >= .10         6                                  6
DAYS >= .50         0                                  2
DAYS >= 1.00        0                                  1
GREATEST
 24 HR. TOTAL    0.49   07/08 TO 07/08

DEGREE_DAYS
HEATING TOTAL       0                 0       0        0
COOLING TOTAL     570               500      70      483
..................................................

WIND (MPH)
AVERAGE WIND SPEED              5.9
RESULTANT WIND SPEED/DIRECTION   2/200
HIGHEST WIND SPEED/DIRECTION    26/030    DATE  07/23
HIGHEST GUST SPEED/DIRECTION    33/030    DATE  07/23

SKY COVER
POSSIBLE SUNSHINE (PERCENT)   MM
AVERAGE SKY COVER           0.20
NUMBER OF DAYS FAIR           28
NUMBER OF DAYS PC              3
NUMBER OF DAYS CLOUDY          0

AVERAGE RH (PERCENT)     68

WEATHER CONDITIONS. NUMBER OF DAYS WITH
THUNDERSTORM              8     MIXED PRECIP              MM
HEAVY RAIN                4     RAIN                       4
LIGHT RAIN                9     FREEZING RAIN              0
LT FREEZING RAIN          0     HAIL                      MM
HEAVY SNOW                0     SNOW                       0
LIGHT SNOW                0     SLEET                     MM
FOG                      18     FOG W/VIS <= 1/4 MILE      1
HAZE                      6

-  INDICATES NEGATIVE NUMBERS.
R  INDICATES RECORD WAS SET OR TIED.
MM INDICATES DATA IS MISSING.
T  INDICATES TRACE AMOUNT.

$$
