000
CXUS52 KILM 020420
CLMLBT


CLIMATE REPORT
NATIONAL WEATHER SERVICE WILMINGTON NC
1117 PM EST SUN FEB 1 2015

...................................

...THE LUMBERTON NC CLIMATE SUMMARY FOR THE MONTH OF JANUARY 2015...

CLIMATE NORMAL PERIOD 1981 TO 2010
CLIMATE RECORD PERIOD 9999 TO 9999

WEATHER         OBSERVED          NORMAL  DEPART  LAST YEAR`S
                 VALUE   DATE(S)  VALUE   FROM    VALUE  DATE(S)
                                          NORMAL
................................................................
TEMPERATURE (F)
HIGHEST            75   01/04                         73
LOWEST             15   01/08                         10
AVG. MAXIMUM     53.6              53.7    -0.1     51.3
AVG. MINIMUM     33.4              33.2     0.2     28.6
MEAN             43.5              43.4     0.1     39.9
DAYS MAX >= 90      0               0.0     0.0        0
DAYS MAX <= 32      1               0.5     0.5        3
DAYS MIN <= 32     13              15.3    -2.3       20
DAYS MIN <= 0       0               0.0     0.0        0

PRECIPITATION (INCHES)
RECORD
 MAXIMUM         7.19   1987
 MINIMUM         0.27   2001
TOTALS           4.69              2.97    1.72     3.07
DAILY AVG.       0.15              0.10    0.05     0.10
DAYS >= .01        11                                 11
DAYS >= .10         6                                  6
DAYS >= .50         3                                  2
DAYS >= 1.00        2                                  0
GREATEST
 24 HR. TOTAL    1.85   01/12 TO 01/12

DEGREE_DAYS
HEATING TOTAL     657               669     -12      772
COOLING TOTAL       0                 1      -1        0
..................................................

WIND (MPH)
AVERAGE WIND SPEED              6.2
RESULTANT WIND SPEED/DIRECTION   2/315
HIGHEST WIND SPEED/DIRECTION    25/350    DATE  01/07
HIGHEST GUST SPEED/DIRECTION    33/340    DATE  01/07

SKY COVER
POSSIBLE SUNSHINE (PERCENT)   MM
AVERAGE SKY COVER           0.40
NUMBER OF DAYS FAIR           17
NUMBER OF DAYS PC              6
NUMBER OF DAYS CLOUDY          8

AVERAGE RH (PERCENT)     67

WEATHER CONDITIONS. NUMBER OF DAYS WITH
THUNDERSTORM              1     MIXED PRECIP               m
HEAVY RAIN                5     RAIN                       5
LIGHT RAIN               13     FREEZING RAIN              0
LT FREEZING RAIN          0     HAIL                       m
HEAVY SNOW                0     SNOW                       0
LIGHT SNOW                0     SLEET                      m
FOG                      15     FOG W/VIS <= 1/4 MILE      5
HAZE                      5

-  INDICATES NEGATIVE NUMBERS.
R  INDICATES RECORD WAS SET OR TIED.
MM INDICATES DATA IS MISSING.
T  INDICATES TRACE AMOUNT.

$$
