000
CXUS52 KILM 021239
CLMLBT


CLIMATE REPORT
NATIONAL WEATHER SERVICE WILMINGTON NC
736 AM EST TUE JAN 2 2018

...................................

...THE LUMBERTON NC CLIMATE SUMMARY FOR THE YEAR OF 2017...

CLIMATE NORMAL PERIOD 1981 TO 2010
CLIMATE RECORD PERIOD 9999 TO 9999

WEATHER         OBSERVED          NORMAL  DEPART  LAST YEAR`S
                 VALUE   DATE(S)  VALUE   FROM    VALUE  DATE(S)
                                          NORMAL
................................................................
TEMPERATURE (F)
HIGHEST            96   07/23                        100  06/12
LOWEST             16   01/09                         21  01/19
AVG. MAXIMUM     75.9              73.9     2.0     75.4
AVG. MINIMUM     53.2              51.4     1.8     53.6
MEAN             64.6              62.6     2.0     64.5
DAYS MAX >= 90     60              50.6     9.4       93
DAYS MAX <= 32      1               0.5     0.5        0
DAYS MIN <= 32     45              48.8    -3.8       48
DAYS MIN <= 0       0               0.0     0.0        0

PRECIPITATION (INCHES)
RECORD
 MAXIMUM        65.74   1924
 MINIMUM        22.65   2007
TOTALS          43.83             43.52    0.31    57.65
DAILY AVG.       0.12              0.12    0.00     0.16
DAYS >= .01       108                                113
DAYS >= .10        81                                 73
DAYS >= .50        26                                 33
DAYS >= 1.00       10                                 10
GREATEST
 24 HR. TOTAL    2.96   MM

DEGREE_DAYS
HEATING TOTAL    2203              2761    -558     2445
 SINCE 7/1       1037              1050     -13      913
COOLING TOTAL    2105              1910     195     2371
 SINCE 1/1       2105              1909     196     2371
.........................................................

WIND (MPH)
AVERAGE WIND SPEED              6.1
RESULTANT WIND SPEED/DIRECTION   1/243
HIGHEST WIND SPEED/DIRECTION    43/310    DATE  03/18
HIGHEST GUST SPEED/DIRECTION    78/030    DATE  06/03

SKY COVER
POSSIBLE SUNSHINE (PERCENT)   MM
AVERAGE SKY COVER           0.30
NUMBER OF DAYS FAIR          233
NUMBER OF DAYS PC             98
NUMBER OF DAYS CLOUDY         33

AVERAGE RH (PERCENT)     72

WEATHER CONDITIONS. NUMBER OF DAYS WITH
THUNDERSTORM             59     MIXED PRECIP              MM
HEAVY RAIN               64     RAIN                      74
LIGHT RAIN              143     FREEZING RAIN              0
LT FREEZING RAIN          1     HAIL                      MM
HEAVY SNOW                0     SNOW                       1
LIGHT SNOW                4     SLEET                     MM
FOG                     203     FOG W/VIS <= 1/4 MILE     31
HAZE                     23

-  INDICATES NEGATIVE NUMBERS.
R  INDICATES RECORD WAS SET OR TIED.
MM INDICATES DATA IS MISSING.
T  INDICATES TRACE AMOUNT.

$$
