000
CXUS54 KLCH 020223
CLMLCH


CLIMATE REPORT
NATIONAL WEATHER SERVICE LAKE CHARLES, LA
821 PM CST MON DEC 1 2014

...................................

...THE LAKE CHARLES CLIMATE SUMMARY FOR THE MONTH OF NOVEMBER 2014...

CLIMATE NORMAL PERIOD 1981 TO 2010
CLIMATE RECORD PERIOD 1895 TO 2014

WEATHER         OBSERVED          NORMAL  DEPART  LAST YEAR`S
                 VALUE   DATE(S)  VALUE   FROM    VALUE  DATE(S)
                                          NORMAL
................................................................
TEMPERATURE (F)
RECORD
 HIGH              91   11/23/1915
                        11/12/1915
 LOW               20   11/30/1911
HIGHEST            82   11/04        MM      MM       81  11/17
                                                          11/05
LOWEST             30   11/19        MM      MM       28  11/29
AVG. MAXIMUM     66.5              71.6    -5.1     67.7
AVG. MINIMUM     45.8              50.7    -4.9     47.3
MEAN             56.2              61.1    -4.9     57.5
DAYS MAX >= 90      0               0.0     0.0        0
DAYS MAX <= 32      0               0.0     0.0        0
DAYS MIN <= 32      2               0.6     1.4        4
DAYS MIN <= 0       0               0.0     0.0        0

PRECIPITATION (INCHES)
RECORD
 MAXIMUM        14.09   1961
 MINIMUM         0.11   1967
TOTALS           7.05              4.43    2.62     3.18
DAILY AVG.       0.23              0.15    0.08     0.11
DAYS >= .01         7               8.3    -1.3        9
DAYS >= .10         6               5.8     0.2        4
DAYS >= .50         4               3.0     1.0        2
DAYS >= 1.00        2               1.4     0.6        1
GREATEST
 24 HR. TOTAL    3.95   11/22 TO 11/23

SNOWFALL (INCHES)
RECORDS
 TOTAL             MM   5
TOTALS            0.0               0.0     0.0      0.0
SINCE 7/1         0.0               0.0     0.0      0.0
SNOWDEPTH AVG.      0                MM      MM        0
DAYS >= 1.0         0               0.0     0.0        0
GREATEST
 SNOW DEPTH         0   MM                             0  MM
 24 HR TOTAL      0.0   11/30 TO 11/30

DEGREE_DAYS
HEATING TOTAL     271               171     100      256
 SINCE 7/1        276               207      69      274
.................................................................

WIND (MPH)
AVERAGE WIND SPEED              8.8
HIGHEST WIND SPEED/DIRECTION    28/350    DATE  11/17
HIGHEST GUST SPEED/DIRECTION    40/340    DATE  11/17

SKY COVER
POSSIBLE SUNSHINE (PERCENT)   MM
AVERAGE SKY COVER           0.30
NUMBER OF DAYS FAIR           21
NUMBER OF DAYS PC              5
NUMBER OF DAYS CLOUDY          4

AVERAGE RH (PERCENT)     70

WEATHER CONDITIONS. NUMBER OF DAYS WITH
THUNDERSTORM              0     MIXED PRECIP               0
HEAVY RAIN                4     RAIN                       7
LIGHT RAIN               10     FREEZING RAIN              0
LT FREEZING RAIN          0     HAIL                       0
HEAVY SNOW                0     SNOW                       0
LIGHT SNOW                0     SLEET                      0
FOG                      14     FOG W/VIS <= 1/4 MILE      3
HAZE                      1

-  INDICATES NEGATIVE NUMBERS.
R  INDICATES RECORD WAS SET OR TIED.
MM INDICATES DATA IS MISSING.
T  INDICATES TRACE AMOUNT.

$$
