826
CXUS54 KLCH 020949
CLMLCH


CLIMATE REPORT
NATIONAL WEATHER SERVICE LAKE CHARLES, LA
449 AM CDT SUN JUL 2 2017

...................................

...THE LAKE CHARLES CLIMATE SUMMARY FOR THE MONTH OF JUNE 2017...

CLIMATE NORMAL PERIOD 1981 TO 2010
CLIMATE RECORD PERIOD 1895 TO 2017

WEATHER         OBSERVED          NORMAL  DEPART  LAST YEAR`S
                 VALUE   DATE(S)  VALUE   FROM    VALUE  DATE(S)
                                          NORMAL
................................................................
TEMPERATURE (F)
RECORD
 HIGH             106   06/27/1930
 LOW               51   06/17/1917
HIGHEST            94   06/19        MM      MM       MM  MM
LOWEST             65   06/09        MM      MM       MM  MM
AVG. MAXIMUM     87.5              89.3    -1.8       MM
AVG. MINIMUM     74.2              72.7     1.5       MM
MEAN             80.9              81.0    -0.1       MM
DAYS MAX >= 90      8              13.2    -5.2       MM
DAYS MAX <= 32      0               0.0     0.0       MM
DAYS MIN <= 32      0               0.0     0.0       MM
DAYS MIN <= 0       0               0.0     0.0       MM

PRECIPITATION (INCHES)
RECORD
 MAXIMUM        25.33   1989
 MINIMUM         0.02   1936
TOTALS           9.70              6.85    2.85       MM
DAILY AVG.       0.32              0.23    0.09       MM
DAYS >= .01        15              10.7     4.3       MM
DAYS >= .10        10               7.3     2.7       MM
DAYS >= .50         5               4.1     0.9       MM
DAYS >= 1.00        3               2.3     0.7       MM
GREATEST
 24 HR. TOTAL    2.53   06/21 TO 06/21

DEGREE_DAYS
COOLING TOTAL     482               480       2       MM
 SINCE 1/1       1185              1018     167       MM
.................................................................

WIND (MPH)
AVERAGE WIND SPEED              7.9
HIGHEST WIND SPEED/DIRECTION    40/150    DATE  06/22
HIGHEST GUST SPEED/DIRECTION    52/140    DATE  06/22

SKY COVER
POSSIBLE SUNSHINE (PERCENT)   MM
AVERAGE SKY COVER           0.40
NUMBER OF DAYS FAIR           14
NUMBER OF DAYS PC             13
NUMBER OF DAYS CLOUDY          3

AVERAGE RH (PERCENT)     80

WEATHER CONDITIONS. NUMBER OF DAYS WITH
THUNDERSTORM              0     MIXED PRECIP               0
HEAVY RAIN                8     RAIN                      10
LIGHT RAIN               19     FREEZING RAIN              0
LT FREEZING RAIN          0     HAIL                       0
HEAVY SNOW                0     SNOW                       0
LIGHT SNOW                0     SLEET                      0
FOG                      19     FOG W/VIS <= 1/4 MILE      1
HAZE                      7

-  INDICATES NEGATIVE NUMBERS.
R  INDICATES RECORD WAS SET OR TIED.
MM INDICATES DATA IS MISSING.
T  INDICATES TRACE AMOUNT.

$$
