000
CXUS53 KLMK 011413
CLMLEX


CLIMATE REPORT
NATIONAL WEATHER SERVICE LOUISVILLE KY
1002 AM EDT WED JUL 1 2015

...................................

...THE LEXINGTON KY CLIMATE SUMMARY FOR THE MONTH OF JUNE 2015...

CLIMATE NORMAL PERIOD 1981 TO 2010
CLIMATE RECORD PERIOD 1872 TO 2015

WEATHER         OBSERVED          NORMAL  DEPART  LAST YEAR`S
                 VALUE   DATE(S)  VALUE   FROM    VALUE  DATE(S)
                                          NORMAL
................................................................
TEMPERATURE (F)
RECORD
 HIGH             104   06/29/1936
 LOW               39   06/01/1966
HIGHEST            91   06/16        MM      MM       91  06/23
LOWEST             51   06/04        MM      MM       53  06/14
AVG. MAXIMUM     83.3              82.9     0.4     84.4
AVG. MINIMUM     64.1              62.5     1.6     65.4
MEAN             73.7              72.7     1.0     74.9
DAYS MAX >= 90      5               2.9     2.1        6
DAYS MAX <= 32      0               0.0     0.0        0
DAYS MIN <= 32      0               0.0     0.0        0
DAYS MIN <= 0       0               0.0     0.0        0

PRECIPITATION (INCHES)
RECORD
 MAXIMUM        11.69   1960
 MINIMUM         0.61   1988
TOTALS           5.64              4.44    1.20     5.59
DAILY AVG.       0.19              0.15    0.04     0.19
DAYS >= .01        15              10.9     4.1       13
DAYS >= .10        10               7.3     2.7        8
DAYS >= .50         4               3.2     0.8        4
DAYS >= 1.00        1               1.0     0.0        1
GREATEST
 24 HR. TOTAL    2.32   06/19 TO 06/20

SNOWFALL (INCHES)
RECORDS
 TOTAL             MM   5
TOTALS            0.0               0.0     0.0      0.0
SINCE 7/1        40.0              13.0    27.0     27.1
SNOWDEPTH AVG.      0                MM      MM        0
DAYS >= 1.0         0               0.0     0.0        0
GREATEST
 SNOW DEPTH         0   MM                             0  MM
 24 HR TOTAL      0.0   06/30 TO 06/30

DEGREE_DAYS
HEATING TOTAL      18                11       7        0
 SINCE 7/1       4964              4611     353     4855
COOLING TOTAL     289               242      47      305
 SINCE 1/1        457               349     108      466
.................................................................

WIND (MPH)
AVERAGE WIND SPEED              7.9
HIGHEST WIND SPEED/DIRECTION    29/250    DATE  06/20
HIGHEST GUST SPEED/DIRECTION    40/250    DATE  06/20

SKY COVER
POSSIBLE SUNSHINE (PERCENT)   MM
AVERAGE SKY COVER           0.30
NUMBER OF DAYS FAIR           19
NUMBER OF DAYS PC              7
NUMBER OF DAYS CLOUDY          4

AVERAGE RH (PERCENT)     75

WEATHER CONDITIONS. NUMBER OF DAYS WITH
THUNDERSTORM              0     MIXED PRECIP               0
HEAVY RAIN               10     RAIN                       9
LIGHT RAIN               17     FREEZING RAIN              0
LT FREEZING RAIN          0     HAIL                       0
HEAVY SNOW                0     SNOW                       0
LIGHT SNOW                0     SLEET                      0
FOG                      20     FOG W/VIS <= 1/4 MILE      1
HAZE                      6

-  INDICATES NEGATIVE NUMBERS.
R  INDICATES RECORD WAS SET OR TIED.
MM INDICATES DATA IS MISSING.
T  INDICATES TRACE AMOUNT.

$$
