000
CXUS51 KOKX 011344
CLMLGA

CLIMATE REPORT
NATIONAL WEATHER SERVICE NEW YORK NY
944 AM EDT MON SEP 1 2014

...................................

...THE LAGUARDIA NY CLIMATE SUMMARY FOR THE MONTH OF AUGUST 2014...

CLIMATE NORMAL PERIOD 1981 TO 2010
CLIMATE RECORD PERIOD 1945 TO 2014

WEATHER         OBSERVED          NORMAL  DEPART  LAST YEAR`S
                 VALUE   DATE(S)  VALUE   FROM    VALUE  DATE(S)
                                          NORMAL
................................................................
TEMPERATURE (F)
RECORD
 HIGH             104   08/09/2001
 LOW               51   08/29/1982
HIGHEST            92   08/31        MM      MM       90  08/21
LOWEST             63   08/15        MM      MM       62  08/14
AVG. MAXIMUM     82.1              83.7    -1.6     82.1
AVG. MINIMUM     68.2              68.9    -0.7     69.4
MEAN             75.1              76.3    -1.2     75.8
DAYS MAX >= 90      1               4.2    -3.2        1
DAYS MAX <= 32      0               0.0     0.0        0
DAYS MIN <= 32      0               0.0     0.0        0
DAYS MIN <= 0       0               0.0     0.0        0

PRECIPITATION (INCHES)
RECORD
 MAXIMUM        17.32   2011
 MINIMUM         0.12   1995
TOTALS           3.50              4.12   -0.62     1.97
DAILY AVG.       0.11              0.13   -0.02     0.06
DAYS >= .01         8               8.7    -0.7       10
DAYS >= .10         5               6.1    -1.1        5
DAYS >= .50         3               2.8     0.2        2
DAYS >= 1.00        1               1.1    -0.1        0
GREATEST
 24 HR. TOTAL    1.27   08/21 TO 08/22           08/13 TO 08/13
                                                          08/12 TO 08/13
                                                          08/13 TO 08/13
 STORM TOTAL       MM                                 MM
 (MM/DD(HH))            MM                    08/13(00) TO 08/13(00)
                                                 08/13(00) TO 08/13(00)3
                                                 08/13(00) TO 08/13(00)3

SNOWFALL (INCHES)
RECORDS
 TOTAL              T   2008
                        0
                        0
 24 HR TOTAL       MM
TOTALS            0.0               0.0     0.0      0.0
 LIQUID EQUIV    0.00              0.00    0.00     0.00
SINCE 7/1         0.0               0.0     0.0      0.0
 LIQUID 7/1      0.00              0.00             0.00
DAYS >= TRACE       0               0.0     0.0        0
DAYS >= 1.0         0               0.0     0.0        0
GREATEST
 SNOW DEPTH         0   MM                             0  MM
 24 HR TOTAL      0.0   08/31 TO 08/31           08/31 TO 08/31
                                                          08/13 TO 08/13
                                                          08/13 TO 08/13
 STORM TOTAL       MM                                 MM
 (MM/DD(HH))            MM                    08/31(00) TO 08/31(00)
                                                 08/13(00) TO 08/13(00)3
                                                 08/13(00) TO 08/13(00)3

DEGREE_DAYS
HEATING TOTAL       0                 1      -1        0
 SINCE 7/1          0                 1      -1        0
COOLING TOTAL     323               351     -28      341
 SINCE 1/1        987              1033     -46     1219
....................................................

WIND (MPH)
AVERAGE WIND SPEED              8.4
HIGHEST WIND SPEED/DIRECTION    35/110    DATE  08/13
HIGHEST GUST SPEED/DIRECTION    40/110    DATE  08/13

SKY COVER
POSSIBLE SUNSHINE (PERCENT)   MM
AVERAGE SKY COVER           0.50
NUMBER OF DAYS FAIR           10
NUMBER OF DAYS PC             13
NUMBER OF DAYS CLOUDY          8

AVERAGE RH (PERCENT)     60

WEATHER CONDITIONS. NUMBER OF DAYS WITH
THUNDERSTORM              0     MIXED PRECIP               0
HEAVY RAIN                3     RAIN                       5
LIGHT RAIN                9     FREEZING RAIN              0
LT FREEZING RAIN          0     HAIL                       0
HEAVY SNOW                0     SNOW                       0
LIGHT SNOW                0     SLEET                      0
FOG                       7     FOG W/VIS <= 1/4 MILE      0
HAZE                      1

-  INDICATES NEGATIVE NUMBERS.
R  INDICATES RECORD WAS SET OR TIED.
MM INDICATES DATA IS MISSING.
T  INDICATES TRACE AMOUNT.

$$
