000
CXUS51 KOKX 020046
CLMLGA

CLIMATE REPORT
NATIONAL WEATHER SERVICE NEW YORK NY
845 PM EDT WED JUL 1 2015

...................................

...THE LAGUARDIA NY CLIMATE SUMMARY FOR THE MONTH OF JUNE 2015...

CLIMATE NORMAL PERIOD 1981 TO 2010
CLIMATE RECORD PERIOD 1945 TO 2015

WEATHER         OBSERVED          NORMAL  DEPART  LAST YEAR`S
                 VALUE   DATE(S)  VALUE   FROM    VALUE  DATE(S)
                                          NORMAL
................................................................
TEMPERATURE (F)
RECORD
 HIGH             101   06/26/1952
 LOW               46   06/11/1972
HIGHEST            92   06/23        MM      MM       88  06/18
                        06/11                             06/17
LOWEST             50   06/02        MM      MM       57  06/01
AVG. MAXIMUM     78.4              80.5    -2.1     80.0
AVG. MINIMUM     64.1              63.8     0.3     65.0
MEAN             71.3              72.2    -0.9     72.5
DAYS MAX >= 90      3               3.8    -0.8        0
DAYS MAX <= 32      0               0.0     0.0        0
DAYS MIN <= 32      0               0.0     0.0        0
DAYS MIN <= 0       0               0.0     0.0        0

PRECIPITATION (INCHES)
RECORD
 MAXIMUM         9.88   2003
 MINIMUM         0.03   1949
TOTALS           4.80              3.94    0.86     3.69
DAILY AVG.       0.16              0.13    0.03     0.12
DAYS >= .01        12              10.5     1.5        7
DAYS >= .10         9               6.6     2.4        3
DAYS >= .50         5               2.6     2.4        3
DAYS >= 1.00        1               1.0     0.0        2
GREATEST
 24 HR. TOTAL    1.95   05/31 TO 06/01           06/12 TO 06/13
                                                          06/30 TO 06/30
                                                          06/30 TO 06/30
 STORM TOTAL       MM                                 MM
 (MM/DD(HH))            MM                    06/13(00) TO 06/13(00)
                                                 06/30(00) TO 06/30(00)0
                                                 06/30(00) TO 06/30(00)0

SNOWFALL (INCHES)
RECORDS
 TOTAL             MM   5
 24 HR TOTAL       MM
TOTALS            0.0               0.0     0.0      0.0
 LIQUID EQUIV    0.00              0.00    0.00     0.00
SINCE 7/1        53.8              26.9    26.9     52.4
 LIQUID 7/1      5.38              2.70             5.24
DAYS >= TRACE       0               0.0     0.0        0
DAYS >= 1.0         0               0.0     0.0        0
GREATEST
 SNOW DEPTH         0   MM                             0  MM
 24 HR TOTAL      0.0   06/30 TO 06/30           06/30 TO 06/30
                                                          06/30 TO 06/30
                                                          06/30 TO 06/30
 STORM TOTAL       MM                                 MM
 (MM/DD(HH))            MM                    06/30(00) TO 06/30(00)
                                                 06/30(00) TO 06/30(00)0
                                                 06/30(00) TO 06/30(00)0

DEGREE_DAYS
HEATING TOTAL      34                16      18        0
 SINCE 7/1       4984              4664     320     5016
COOLING TOTAL     228               231      -3      232
 SINCE 1/1        350               297      53      282
.................................................

WIND (MPH)
AVERAGE WIND SPEED              10.2
HIGHEST WIND SPEED/DIRECTION    35/230    DATE  06/23
HIGHEST GUST SPEED/DIRECTION    49/240    DATE  06/23

SKY COVER
POSSIBLE SUNSHINE (PERCENT)   MM
AVERAGE SKY COVER           0.70
NUMBER OF DAYS FAIR            1
NUMBER OF DAYS PC             11
NUMBER OF DAYS CLOUDY         18

AVERAGE RH (PERCENT)     64

WEATHER CONDITIONS. NUMBER OF DAYS WITH
THUNDERSTORM              0     MIXED PRECIP               0
HEAVY RAIN                5     RAIN                       8
LIGHT RAIN               20     FREEZING RAIN              0
LT FREEZING RAIN          0     HAIL                       0
HEAVY SNOW                0     SNOW                       0
LIGHT SNOW                0     SLEET                      0
FOG                       8     FOG W/VIS <= 1/4 MILE      1
HAZE                      6

-  INDICATES NEGATIVE NUMBERS.
R  INDICATES RECORD WAS SET OR TIED.
MM INDICATES DATA IS MISSING.
T  INDICATES TRACE AMOUNT.

$$
