000
CXUS51 KOKX 011152
CLMLGA

CLIMATE REPORT
NATIONAL WEATHER SERVICE NEW YORK NY
649 AM EST FRI DEC 1 2017



...THE LAGUARDIA NY CLIMATE SUMMARY FOR THE MONTH OF NOVEMBER 2017...

CLIMATE NORMAL PERIOD 1981 TO 2010
CLIMATE RECORD PERIOD 1939 TO 2017

WEATHER         OBSERVED          NORMAL  DEPART  LAST YEAR`S
                 VALUE   DATE(S)  VALUE   FROM    VALUE  DATE(S)
                                          NORMAL
................................................................
TEMPERATURE (F)
RECORD
 HIGH              83   11/02/1950
 LOW               17   11/29/1955
HIGHEST            75   11/03        MM      MM       75  11/03
LOWEST             26   11/11        MM      MM       37  11/23
                                                          11/20
AVG. MAXIMUM     55.0              54.7     0.3     58.7
AVG. MINIMUM     41.1              41.8    -0.7     46.0
MEAN             48.0              48.3    -0.3     52.3
DAYS MAX >= 90      0               0.0     0.0        0
DAYS MAX <= 32      0               0.0     0.0        0
DAYS MIN <= 32      2               2.5    -0.5        0
DAYS MIN <= 0       0               0.0     0.0        0

PRECIPITATION (INCHES)
RECORD
 MAXIMUM         9.92   1972
 MINIMUM         0.31   1976
TOTALS           2.06              3.41   -1.35     5.37
DAILY AVG.       0.07              0.11   -0.04     0.18
DAYS >= .01         8               9.2    -1.2        8
DAYS >= .10         6               5.9     0.1        5
DAYS >= .50         2               2.6    -0.6        3
DAYS >= 1.00        0               0.8    -0.8        2
GREATEST
 24 HR. TOTAL    0.78   11/16 TO 11/16           11/29 TO 11/29
                                                          11/21 TO 11/21
                                                          11/21 TO 11/21
 STORM TOTAL       MM                                 MM
 (MM/DD(HH))            MM                    11/29(00) TO 11/29(00)
                                                 11/21(00) TO 11/21(00)1
                                                 11/21(00) TO 11/21(00)1

SNOWFALL (INCHES)
RECORDS
 TOTAL             MM   5
 24 HR TOTAL       MM
TOTALS              T               0.3    -0.3        T
 LIQUID EQUIV      MM              0.00      MM       MM
SINCE 7/1           T               0.3    -0.3        T
 LIQUID 7/1        MM              0.00               MM
DAYS >= TRACE       1               0.2     0.8        2
DAYS >= 1.0         0               0.1    -0.1        0
GREATEST
 SNOW DEPTH         T   11/20                          0  MM
 24 HR TOTAL        T   11/20 TO 11/20           11/21 TO 11/21
                                                          11/21 TO 11/21
                                                          11/21 TO 11/21
 STORM TOTAL       MM                                 MM
 (MM/DD(HH))            MM                    11/21(00) TO 11/21(00)
                                                 11/21(00) TO 11/21(00)1
                                                 11/21(00) TO 11/21(00)1

DEGREE_DAYS
HEATING TOTAL     506               503       3      373
 SINCE 7/1        591               775    -184      538
COOLING TOTAL       0                 1      -1        2
 SINCE 1/1       1439              1214     225     1745
..................................................

WIND (MPH)
AVERAGE WIND SPEED              10.9
HIGHEST WIND SPEED/DIRECTION    36/310    DATE  11/19
HIGHEST GUST SPEED/DIRECTION    45/300    DATE  11/19

SKY COVER
POSSIBLE SUNSHINE (PERCENT)   MM
AVERAGE SKY COVER           0.60
NUMBER OF DAYS FAIR            4
NUMBER OF DAYS PC             21
NUMBER OF DAYS CLOUDY          5

AVERAGE RH (PERCENT)     61

WEATHER CONDITIONS. NUMBER OF DAYS WITH
THUNDERSTORM              0     MIXED PRECIP               0
HEAVY RAIN                1     RAIN                       4
LIGHT RAIN               12     FREEZING RAIN              0
LT FREEZING RAIN          0     HAIL                       0
HEAVY SNOW                0     SNOW                       0
LIGHT SNOW                1     SLEET                      0
FOG                       6     FOG W/VIS <= 1/4 MILE      0
HAZE                      1

-  INDICATES NEGATIVE NUMBERS.
R  INDICATES RECORD WAS SET OR TIED.
MM INDICATES DATA IS MISSING.
T  INDICATES TRACE AMOUNT.

$$
