000
CXHW51 PHFO 011625
CLMLIH


CLIMATE REPORT
NATIONAL WEATHER SERVICE HONOLULU HI
625 AM HST THU DEC 1 2016

...................................

...THE LIHUE HI CLIMATE SUMMARY FOR THE MONTH OF NOVEMBER 2016...

CLIMATE NORMAL PERIOD 1981 TO 2010
CLIMATE RECORD PERIOD 1946 TO 2016

WEATHER         OBSERVED          NORMAL  DEPART  LAST YEAR`S
                 VALUE   DATE(S)  VALUE   FROM    VALUE  DATE(S)
                                          NORMAL
................................................................
TEMPERATURE (F)
RECORD
 HIGH              87   11/17/1997
                        11/30/1980
 LOW               57   11/25/1958
HIGHEST            84   11/17        81       3       86  11/03
                        11/16                             11/02
                        11/15
LOWEST             65   11/07        71      -6       67  11/24
AVG. MAXIMUM     82.0              80.8     1.2     83.1
AVG. MINIMUM     71.4              70.8     0.6     74.6
MEAN             76.7              75.8     0.9     78.8
DAYS MAX >= 90      0               0.0     0.0        0
DAYS MAX <= 32      0               0.0     0.0        0
DAYS MIN <= 32      0               0.0     0.0        0
DAYS MIN <= 0       0               0.0     0.0        0

PRECIPITATION (INCHES)
RECORD
 MAXIMUM        18.45   1955
 MINIMUM         0.58   2012
                        1963
TOTALS           0.40R             4.46   -4.06     5.72
DAILY AVG.       0.01              0.15   -0.14     0.19
DAYS >= .01        13              17.6    -4.6       18
DAYS >= .10         1               7.2    -6.2        5
DAYS >= .50         0               2.3    -2.3        1
DAYS >= 1.00        0               1.1    -1.1        1
GREATEST
 24 HR. TOTAL    0.15   11/28 TO 11/28              4.39
                        11/27 TO 11/28
                        11/28 TO 11/28

SNOWFALL (INCHES)
RECORDS
 TOTAL             MM   5
TOTALS            0.0               0.0     0.0      0.0
SINCE 7/1         0.0               0.0     0.0      0.0
SNOWDEPTH AVG.      0                MM      MM       MM
DAYS >= 1.0         0               0.0     0.0        0
GREATEST
 SNOW DEPTH         0   MM                            MM  MM
 24 HR TOTAL      0.0   11/30 TO 11/30               0.0

DEGREE_DAYS
HEATING TOTAL       0                 0       0        0
 SINCE 7/1          0                 0       0        0
COOLING TOTAL     358               324      34      422
 SINCE 1/1       3960              3691     269     4079
.................................................................

WIND (MPH)
AVERAGE WIND SPEED              15.9
HIGHEST WIND SPEED/DIRECTION    31/060    DATE  11/24
HIGHEST GUST SPEED/DIRECTION    39/080    DATE  11/23

SKY COVER
POSSIBLE SUNSHINE (PERCENT)   MM
AVERAGE SKY COVER           0.60
NUMBER OF DAYS FAIR            5
NUMBER OF DAYS PC             15
NUMBER OF DAYS CLOUDY         10

AVERAGE RH (PERCENT)     71

WEATHER CONDITIONS. NUMBER OF DAYS WITH
THUNDERSTORM              0     MIXED PRECIP               0
HEAVY RAIN                4     RAIN                       6
LIGHT RAIN               15     FREEZING RAIN              0
LT FREEZING RAIN          0     HAIL                       0
HEAVY SNOW                0     SNOW                       0
LIGHT SNOW                0     SLEET                      0
FOG                      11     FOG W/VIS <= 1/4 MILE      0
HAZE                      7

-  INDICATES NEGATIVE NUMBERS.
R  INDICATES RECORD WAS SET OR TIED.
MM INDICATES DATA IS MISSING.
T  INDICATES TRACE AMOUNT.

$$
