000
CXHW51 PHFO 011722
CLMLIH


CLIMATE REPORT
NATIONAL WEATHER SERVICE HONOLULU HI
722 AM HST WED MAR 1 2017

...................................

...THE LIHUE HI CLIMATE SUMMARY FOR THE MONTH OF FEBRUARY 2017...

CLIMATE NORMAL PERIOD 1981 TO 2010
CLIMATE RECORD PERIOD 1946 TO 2017

WEATHER         OBSERVED          NORMAL  DEPART  LAST YEAR`S
                 VALUE   DATE(S)  VALUE   FROM    VALUE  DATE(S)
                                          NORMAL
................................................................
TEMPERATURE (F)
RECORD
 HIGH              89   02/03/2015
 LOW               52   02/22/1962
HIGHEST            85   02/14        78       7       84  02/05
LOWEST             59   02/26        66      -7       56  02/09
                        02/25                             02/08
                        02/09
AVG. MAXIMUM     78.6              77.8     0.8     79.1
AVG. MINIMUM     64.9              65.5    -0.6     65.1
MEAN             71.8              71.6     0.2     72.1
DAYS MAX >= 90      0               0.0     0.0        0
DAYS MAX <= 32      0               0.0     0.0        0
DAYS MIN <= 32      0               0.0     0.0        0
DAYS MIN <= 0       0               0.0     0.0        0

PRECIPITATION (INCHES)
RECORD
 MAXIMUM        11.35   1989
 MINIMUM            T   1983
TOTALS           6.28              3.16    3.12     0.85
DAILY AVG.       0.22              0.11    0.11     0.03
DAYS >= .01         6              12.1    -6.1        9
DAYS >= .10         3               5.1    -2.1        3
DAYS >= .50         2               1.4     0.6        0
DAYS >= 1.00        2               0.8     1.2        0
GREATEST
 24 HR. TOTAL    4.48   02/10 TO 02/11              0.46

SNOWFALL (INCHES)
RECORDS
 TOTAL            0.0   5
                        0
                        -26215
TOTALS            0.0               0.0     0.0      0.0
SINCE 7/1         0.0               0.0     0.0      0.0
SNOWDEPTH AVG.      0                MM      MM        0
DAYS >= 1.0         0               0.0     0.0        0
GREATEST
 SNOW DEPTH         0   MM                             0  MM
 24 HR TOTAL      0.0   02/28 TO 02/28               0.0

DEGREE_DAYS
HEATING TOTAL       0                 0       0        0
 SINCE 7/1          0                 0       0        0
COOLING TOTAL     197               186      11      213
 SINCE 1/1        441               395      46      455
.................................................................

WIND (MPH)
AVERAGE WIND SPEED              12.7
HIGHEST WIND SPEED/DIRECTION    38/230    DATE  02/05
HIGHEST GUST SPEED/DIRECTION    49/240    DATE  02/05

SKY COVER
POSSIBLE SUNSHINE (PERCENT)   MM
AVERAGE SKY COVER           0.50
NUMBER OF DAYS FAIR           10
NUMBER OF DAYS PC             13
NUMBER OF DAYS CLOUDY          5

AVERAGE RH (PERCENT)     71

WEATHER CONDITIONS. NUMBER OF DAYS WITH
THUNDERSTORM              0     MIXED PRECIP               0
HEAVY RAIN                3     RAIN                       4
LIGHT RAIN                8     FREEZING RAIN              0
LT FREEZING RAIN          0     HAIL                       0
HEAVY SNOW                0     SNOW                       0
LIGHT SNOW                0     SLEET                      0
FOG                       6     FOG W/VIS <= 1/4 MILE      0
HAZE                      2

-  INDICATES NEGATIVE NUMBERS.
R  INDICATES RECORD WAS SET OR TIED.
MM INDICATES DATA IS MISSING.
T  INDICATES TRACE AMOUNT.

$$
