000
CXUS54 KLZK 020512
CLMLIT


CLIMATE REPORT
NATIONAL WEATHER SERVICE LITTLE ROCK AR
1208 AM CDT SAT JUL 2 2016

...................................

...THE LITTLE ROCK ADAMS FIELD CLIMATE SUMMARY FOR THE MONTH OF JUNE 2016...

CLIMATE NORMAL PERIOD 1981 TO 2010
CLIMATE RECORD PERIOD 1874 TO 2016

WEATHER         OBSERVED          NORMAL  DEPART  LAST YEAR`S
                 VALUE   DATE(S)  VALUE   FROM    VALUE  DATE(S)
                                          NORMAL
................................................................
TEMPERATURE (F)
RECORD
 HIGH             107   06/28/2012
 LOW               46   06/03/1969
HIGHEST            98   06/26        89       9       99  06/24
                        06/17
LOWEST             65   06/06        68      -3       64  06/02
AVG. MAXIMUM     91.9              88.9     3.0     90.5
AVG. MINIMUM     73.4              69.4     4.0     71.6
MEAN             82.7              79.1     3.6     81.1
DAYS MAX >= 90     21              14.3     6.7       22
DAYS MAX <= 32      0               0.0     0.0        0
DAYS MIN <= 32      0               0.0     0.0        0
DAYS MIN <= 0       0               0.0     0.0        0

PRECIPITATION (INCHES)
RECORD
 MAXIMUM        10.53   1877
 MINIMUM         0.00   1952
TOTALS           1.83              3.65   -1.82     2.76
DAILY AVG.       0.06              0.12   -0.06     0.09
DAYS >= .01         7               8.7    -1.7        8
DAYS >= .10         6                                  4
DAYS >= .50         0                                  2
DAYS >= 1.00        0               0.9    -0.9        1
GREATEST
 24 HR. TOTAL    0.54   06/03 TO 06/04

SNOWFALL (INCHES)
TOTALS            0.0               0.0     0.0      0.0
 LIQUID EQUIV    0.00              0.00    0.00     0.00
SINCE 7/1         5.7               3.5     2.2     11.1
 LIQUID 7/1      0.57                MM      MM     1.11
SNOWDEPTH AVG.      0
DAYS >= TRACE       0               0.0     0.0        0
DAYS >= 1.0         0                                  0
GREATEST
 SNOW DEPTH         0   MM

DEGREE_DAYS
HEATING TOTAL       0                 0       0        0
 SINCE 7/1       2191              3052    -861     3129
COOLING TOTAL     540               425     115      488
 SINCE 1/1        814               706     108      818

FREEZE DATES
RECORD
 EARLIEST     10/20/1989
 LATEST       04/19/1983
EARLIEST      11/21             11/13
LATEST        03/21             03/19
.......................................................

WIND (MPH)
AVERAGE WIND SPEED              6.1
HIGHEST WIND SPEED/DIRECTION    29/050    DATE  06/27
HIGHEST GUST SPEED/DIRECTION    39/050    DATE  06/27

SKY COVER
POSSIBLE SUNSHINE (PERCENT)   MM
AVERAGE SKY COVER           0.40
NUMBER OF DAYS FAIR           13
NUMBER OF DAYS PC             14
NUMBER OF DAYS CLOUDY          3

AVERAGE RH (PERCENT)     67

WEATHER CONDITIONS. NUMBER OF DAYS WITH
THUNDERSTORM              0     MIXED PRECIP               0
HEAVY RAIN                4     RAIN                       3
LIGHT RAIN                9     FREEZING RAIN              0
LT FREEZING RAIN          0     HAIL                       0
HEAVY SNOW                0     SNOW                       0
LIGHT SNOW                0     SLEET                      0
FOG                      11     FOG W/VIS <= 1/4 MILE      0
HAZE                      3

-  INDICATES NEGATIVE NUMBERS.
R  INDICATES RECORD WAS SET OR TIED.
MM INDICATES DATA IS MISSING.
T  INDICATES TRACE AMOUNT.

&&

...DATA FOR LITTLE ROCK ADAMS FIELD FOR JUNE 2016...

.SUMMARY...
ABOVE AVERAGE TEMPERATURES RETURNED IN JUNE. IN FACT...THERE WERE NO
DAYS WITH BELOW AVERAGE TEMPERATURES DURING THE MONTH. HUMIDITY WAS
HIGHER THIS YEAR VERSUS PREVIOUS JUNES...AND THIS MADE FOR WARMER
LOW TEMPERATURES.

RAINFALL WAS BELOW AVERAGE...AND IT WAS THE DRIEST JUNE IN SEVERAL
YEARS.

.MONTHLY TEMPERATURES...
THE AVERAGE HIGH TEMPERATURE WAS THE WARMEST SINCE 2012. THE AVERAGE
LOW TEMPERATURE WAS THE WARMEST SINCE 2011...AND THE 5TH WARMEST ON
RECORD. THE AVERAGE MONTHLY TEMPERATURE WAS THE WARMEST SINCE
2011...AND THE 8TH WARMEST ON RECORD.

.DAILY TEMPERATURES...
ABOVE AVERAGE ON 27 DAYS...AND AVERAGE ON THREE DAYS. THERE WERE NO
DAYS WITH TEMPERATURES BELOW AVERAGE.

.TEMPERATURE RECORDS TIED OR BROKEN DURING THE MONTH...

DATE  RECORD TYPE               NEW RECORD        PREVIOUS RECORD
15TH  WARMEST LOW TEMPERATURE   78 IN 2016          78 IN 1925
23RD  WARMEST LOW TEMPERATURE   79 IN 2016          78 IN 2010
24TH  WARMEST LOW TEMPERATURE   79 IN 2016          78 IN 2010...1930...
                                                          1925...1897
26TH  WARMEST LOW TEMPERATURE   79 IN 2016          79 IN 1980...1902

.MONTHLY RAINFALL...
IT WAS THE DRIEST JUNE SINCE 2012.

.DAILY RAINFALL RECORDS TIED OR BROKEN...
NONE.

$$

57
