000
CXUS54 KLZK 020104
CLMLIT


CLIMATE REPORT
NATIONAL WEATHER SERVICE LITTLE ROCK AR
700 PM CST THU JAN 1 2015

...................................

...THE LITTLE ROCK ADAMS FIELD CLIMATE SUMMARY FOR THE MONTH OF DECEMBER 2014...

CLIMATE NORMAL PERIOD 1981 TO 2010
CLIMATE RECORD PERIOD 1874 TO 2014

WEATHER         OBSERVED          NORMAL  DEPART  LAST YEAR`S
                 VALUE   DATE(S)  VALUE   FROM    VALUE  DATE(S)
                                          NORMAL
................................................................
TEMPERATURE (F)
RECORD
 HIGH              80   12/03/2005
                        12/05/1956
                        12/24/1955
 LOW               -1   12/23/1989
                        12/24/1963
HIGHEST            71   12/15        53      18       77  12/04
LOWEST             28   12/31        34      -6       20  12/07
AVG. MAXIMUM     52.3              52.3     0.0     52.2
AVG. MINIMUM     38.0              33.7     4.3     33.5
MEAN             45.2              43.0     2.2     42.9
DAYS MAX >= 90      0               0.0     0.0        0
DAYS MAX <= 32      0               1.4    -1.4        2
DAYS MIN <= 32      6              14.0    -8.0       17
DAYS MIN <= 0       0               0.0     0.0        0

PRECIPITATION (INCHES)
RECORD
 MAXIMUM        16.92   1884
 MINIMUM         0.14   1889
TOTALS           3.16              4.97   -1.81     6.94
DAILY AVG.       0.10              0.16   -0.06     0.22
DAYS >= .01        11               9.7     1.3        9
DAYS >= .10         6                                  5
DAYS >= .50         2                                  4
DAYS >= 1.00        1               1.4    -0.4        3
GREATEST
 24 HR. TOTAL    1.39   12/05 TO 12/05

SNOWFALL (INCHES)
RECORDS
 TOTAL           10.3   2012
 24 HR TOTAL     10.3   12/25/2012 TO 12/26/2012
 SNOW DEPTH        10   12/26/2012
TOTALS            0.0               0.2    -0.2      1.3
 LIQUID EQUIV    0.00              0.00    0.00     0.13
SINCE 7/1         0.1               0.2    -0.1      1.3
 LIQUID 7/1      0.01                MM      MM     0.13
SNOWDEPTH AVG.      0
DAYS >= TRACE       0               0.2    -0.2        5
DAYS >= 1.0         0                                  1
GREATEST
 SNOW DEPTH         0   MM
 24 HR TOTAL      0.0

DEGREE_DAYS
HEATING TOTAL     605               683     -78      686
 SINCE 7/1       1176              1197     -21     1270
COOLING TOTAL       0                 2      -2        5
 SINCE 1/1       2050              2206    -156     2207

FREEZE DATES
RECORD
 EARLIEST     10/20/1989
 LATEST       04/19/1983
EARLIEST                        11/13
LATEST                          03/19
.......................................................

WIND (MPH)
AVERAGE WIND SPEED              6.6
HIGHEST WIND SPEED/DIRECTION    25/290    DATE  12/15
HIGHEST GUST SPEED/DIRECTION    35/310    DATE  12/15

SKY COVER
POSSIBLE SUNSHINE (PERCENT)   MM
AVERAGE SKY COVER           0.80
NUMBER OF DAYS FAIR            6
NUMBER OF DAYS PC              5
NUMBER OF DAYS CLOUDY         20

AVERAGE RH (PERCENT)     73

WEATHER CONDITIONS. NUMBER OF DAYS WITH
THUNDERSTORM              0     MIXED PRECIP               0
HEAVY RAIN                2     RAIN                       6
LIGHT RAIN               15     FREEZING RAIN              0
LT FREEZING RAIN          0     HAIL                       0
HEAVY SNOW                0     SNOW                       0
LIGHT SNOW                0     SLEET                      0
FOG                      21     FOG W/VIS <= 1/4 MILE      3
HAZE                      5

-  INDICATES NEGATIVE NUMBERS.
R  INDICATES RECORD WAS SET OR TIED.
MM INDICATES DATA IS MISSING.
T  INDICATES TRACE AMOUNT.

&&

...DATA FOR LITTLE ROCK ADAMS FIELD FOR DECEMBER 2014...

.SUMMARY...
IN YET ANOTHER REVERSAL IN TRENDS...DECEMBER WAS ABOVE THE 30-YEAR
AVERAGE IN TERMS OF TEMPERATURES. IT WAS ONE OF ONLY THREE MONTHS
WITH ABOVE AVERAGE TEMPERATURES THROUGH THE ENTIRE YEAR. THERE WERE
SOME COOL PERIODS SCATTERED THROUGH THE MONTH...WITH THE MOST
PROLONGED ONE COMING IN THE LAST FOUR DAYS. MID MONTH SAW THE MOST
PROLONGED WARM PERIOD...WITH DAILY TEMPERATURES AVERAGING NEAR 15-20
DEGREES ABOVE NORMAL FOR MID DECEMBER.

RAINFALL WAS BELOW AVERAGE FOR THE FIRST DECEMBER SINCE 2010...AND
IT WAS THE DRIEST DECEMBER SINCE THEN AS WELL. FOR THE FIRST
DECEMBER SINCE 2010...NO SNOW FELL.

.MONTHLY TEMPERATURES...

THE AVERAGE HIGH...LOW AND MONTHLY TEMPERATURES WERE THE WARMEST
SINCE 2012.

.DAILY AVERAGE TEMPERATURES...

ABOVE NORMAL ON 18 DAYS...AT NORMAL ON 2 DAYS...AND BELOW NORMAL ON
11 DAYS.

.NUMBER OF DAYS WITH TEMPERATURES...

AT OR ABOVE  60....6...FEWEST SINCE 2010
AT OR BELOW  32....6...FEWEST SINCE 1971

.DAILY TEMPERATURE RECORDS TIED OR BROKEN DURING THE MONTH...

NONE.

.RAINFALL...

IT WAS THE DRIEST DECEMBER SINCE 2010.

.DAILY RAINFALL RECORDS TIED OR BROKEN DURING THE MONTH...

NONE.

.SNOWFALL...

NO SNOW FELL DURING THE MONTH...WHICH WAS THE FIRST TIME SINCE 2010.

.DAILY SNOWFALL RECORDS TIED OR BROKEN DURING THE MONTH...

NONE.

$$

57
