000
CXUS54 KLZK 012102
CLMLIT


CLIMATE REPORT
NATIONAL WEATHER SERVICE LITTLE ROCK AR
359 PM CDT WED JUL 1 2015

...................................

...THE LITTLE ROCK ADAMS FIELD CLIMATE SUMMARY FOR THE MONTH OF JUNE 2015...

CLIMATE NORMAL PERIOD 1981 TO 2010
CLIMATE RECORD PERIOD 1874 TO 2015

WEATHER         OBSERVED          NORMAL  DEPART  LAST YEAR`S
                 VALUE   DATE(S)  VALUE   FROM    VALUE  DATE(S)
                                          NORMAL
................................................................
TEMPERATURE (F)
RECORD
 HIGH             107   06/28/2012
 LOW               46   06/03/1969
HIGHEST            99   06/24        89      10       93  06/22
                                                          06/07
LOWEST             64   06/02        68      -4       62  06/14
AVG. MAXIMUM     90.5              88.9     1.6     87.7
AVG. MINIMUM     71.6              69.4     2.2     70.4
MEAN             81.1              79.1     2.0     79.1
DAYS MAX >= 90     22              14.3     7.7       16
DAYS MAX <= 32      0               0.0     0.0        0
DAYS MIN <= 32      0               0.0     0.0        0
DAYS MIN <= 0       0               0.0     0.0        0

PRECIPITATION (INCHES)
RECORD
 MAXIMUM        10.53   1877
 MINIMUM         0.00   1952
TOTALS           2.76              3.65   -0.89     5.45
DAILY AVG.       0.09              0.12   -0.03     0.18
DAYS >= .01         8               8.7    -0.7       10
DAYS >= .10         4                                 10
DAYS >= .50         2                                  6
DAYS >= 1.00        1               0.9     0.1        1
GREATEST
 24 HR. TOTAL    1.48   06/26 TO 06/26

SNOWFALL (INCHES)
TOTALS            0.0               0.0     0.0      0.0
 LIQUID EQUIV    0.00              0.00    0.00     0.00
SINCE 7/1        11.1               3.5     7.6      6.2
 LIQUID 7/1      1.11                MM      MM     0.62
SNOWDEPTH AVG.      0
DAYS >= TRACE       0               0.0     0.0        0
DAYS >= 1.0         0                                  0
GREATEST
 SNOW DEPTH         0   MM
 24 HR TOTAL      0.0

DEGREE_DAYS
HEATING TOTAL       0                 0       0        0
 SINCE 7/1       3129              3052      77     3464
COOLING TOTAL     488               425      63      430
 SINCE 1/1        818               706     112      697

FREEZE DATES
RECORD
 EARLIEST     10/20/1989
 LATEST       04/19/1983
EARLIEST      03/01             11/13
LATEST        03/07             03/19
.................................................

WIND (MPH)
AVERAGE WIND SPEED              6.2
HIGHEST WIND SPEED/DIRECTION    43/310    DATE  06/26
HIGHEST GUST SPEED/DIRECTION    59/310    DATE  06/26

SKY COVER
POSSIBLE SUNSHINE (PERCENT)   MM
AVERAGE SKY COVER           0.50
NUMBER OF DAYS FAIR            9
NUMBER OF DAYS PC             14
NUMBER OF DAYS CLOUDY          7

AVERAGE RH (PERCENT)     66

WEATHER CONDITIONS. NUMBER OF DAYS WITH
THUNDERSTORM              0     MIXED PRECIP               1
HEAVY RAIN                3     RAIN                       5
LIGHT RAIN               11     FREEZING RAIN              0
LT FREEZING RAIN          0     HAIL                       0
HEAVY SNOW                0     SNOW                       0
LIGHT SNOW                0     SLEET                      0
FOG                       8     FOG W/VIS <= 1/4 MILE      1
HAZE                      1

-  INDICATES NEGATIVE NUMBERS.
R  INDICATES RECORD WAS SET OR TIED.
MM INDICATES DATA IS MISSING.
T  INDICATES TRACE AMOUNT.

&&

...DATA FOR LITTLE ROCK ADAMS FIELD FOR JUNE 2015...

.SUMMARY...

TEMPERATURES WERE ABOVE AVERAGE AND RAINFALL WAS BELOW AVERAGE FOR
JUNE.

THOUGH THE MERCURY CAME CLOSE...IT FAILED TO REACH THE CENTURY MARK
FOR THE 2ND JUNE IN A ROW. WITH THE EXCEPTION OF SEVEN DAYS...DAILY
TEMPERATURES WERE ABOVE AVERAGE MUCH OF THE MONTH. THE WARMEST
TEMPERATURES WERE SEEN DURING THE EARLY PART OF THE LAST WEEK OF THE
MONTH. THE COOLEST PERIODS WERE THE FIRST FEW DAYS OF THE MONTH.

THE MONTH WAS DRY UNTIL THE END OF THE SECOND WEEK...AFTER WHICH
MEASURABLE PRECIPITATION FELL FOR SEVEN STRAIGHT DAYS FROM THE 13TH
THROUGH THE 19TH. IN FACT...THIS WAS THE MOST CONSECUTIVE DAYS IN
THE MONTH OF JUNE WITH MEASURABLE PRECIPITATION SINCE JUNE 2ND-11TH
OF 1986. THE MOST PRECIPITATION FELL DURING THE 26TH...AS STRONG TO
SEVERE THUNDERSTORMS PASSED OVER LITTLE ROCK AND THE SURROUNDING
AREAS.

.MONTHLY TEMPERATURES...

THE AVERAGE HIGH TEMPERATURE WAS THE WARMEST SINCE 2012. THE AVERAGE
LOW AND MONTHLY TEMPERATURES WERE THE WARMEST SINCE 2011.

.DAILY AVERAGE TEMPERATURES...

ABOVE NORMAL ON 23 DAYS...NORMAL ON ONE DAY...AND BELOW NORMAL ON
SIX DAYS.

.NUMBER OF DAYS WITH TEMPERATURES...

AT OR ABOVE 90 DEGREES...22...THE MOST SINCE 2011
AT OR BELOW 70 DEGREES....7...THE LEAST SINCE 2011

.DAILY TEMPERATURE RECORDS TIED OR BROKEN DURING THE MONTH...

NONE.

.RAINFALL...

IT WAS THE DRIEST JUNE SINCE 2012...AND THE FIRST JUNE SINCE 2013
WITH BELOW AVERAGE RAINFALL.

.DAILY RAINFALL RECORDS TIED OR BROKEN DURING THE MONTH...

NONE.

.MISCELLANEOUS PHENOMENA...

A WIND GUST OF 59 MPH WAS RECORDED WITH THE PASSAGE OF A SEVERE
THUNDERSTORM ON JUNE 26TH. THIS WAS THE STRONGEST WIND GUST RECORDED
AT LITTLE ROCK SINCE JUNE 6TH OF LAST YEAR...AND IS THE 6TH HIGHEST
GUST ON RECORD FOR THE MONTH OF JUNE.

$$

57
