000
CXUS54 KLZK 031018
CLMLIT


CLIMATE REPORT
NATIONAL WEATHER SERVICE LITTLE ROCK AR
514 AM CDT WED SEP 3 2014

...................................

...THE LITTLE ROCK ADAMS FIELD CLIMATE SUMMARY FOR THE MONTH OF AUGUST 2014...

CLIMATE NORMAL PERIOD 1981 TO 2010
CLIMATE RECORD PERIOD 1874 TO 2014

WEATHER         OBSERVED          NORMAL  DEPART  LAST YEAR`S
                 VALUE   DATE(S)  VALUE   FROM    VALUE  DATE(S)
                                          NORMAL
................................................................
TEMPERATURE (F)
RECORD
 HIGH             114   08/03/2011
 LOW               52   08/29/1986
                        08/29/1967
                        08/28/1967
HIGHEST            97   08/25        92       5       99  08/31
                        08/24
LOWEST             65   08/14        71      -6       60  08/16
AVG. MAXIMUM     91.0              92.6    -1.6     91.0
AVG. MINIMUM     72.1              72.4    -0.3     71.4
MEAN             81.5              82.5    -1.0     81.2
DAYS MAX >= 90     21              21.2    -0.2       24
DAYS MAX <= 32      0               0.0     0.0        0
DAYS MIN <= 32      0               0.0     0.0        0
DAYS MIN <= 0       0               0.0     0.0        0

PRECIPITATION (INCHES)
RECORD
 MAXIMUM        14.46   1966
 MINIMUM         0.00   1995
TOTALS           2.01              2.59   -0.58     3.56
DAILY AVG.       0.06              0.08   -0.02     0.11
DAYS >= .01         7               6.4     0.6        5
DAYS >= .10         4                                  4
DAYS >= .50         2                                  2
DAYS >= 1.00        0               0.8    -0.8        2
GREATEST
 24 HR. TOTAL    1.00   08/09 TO 08/10

SNOWFALL (INCHES)
TOTALS            0.0               0.0     0.0      0.0
 LIQUID EQUIV    0.00              0.00    0.00     0.00
SINCE 7/1         0.0               0.0     0.0      0.0
 LIQUID 7/1      0.00              0.00    0.00     0.00
SNOWDEPTH AVG.      0
DAYS >= TRACE       0               0.0     0.0        0
DAYS >= 1.0         0                                  0
GREATEST
 SNOW DEPTH         0   MM
 24 HR TOTAL      0.0

DEGREE_DAYS
HEATING TOTAL       0                 0       0        0
 SINCE 7/1          0                 0       0        0
COOLING TOTAL     517               542     -25      509
 SINCE 1/1       1610              1801    -191     1706

FREEZE DATES
RECORD
 EARLIEST     10/20/1989
 LATEST       04/19/1983
EARLIEST                        11/13
LATEST                          03/19
....................................................

WIND (MPH)
AVERAGE WIND SPEED              5.5
HIGHEST WIND SPEED/DIRECTION    32/040    DATE  08/18
HIGHEST GUST SPEED/DIRECTION    44/030    DATE  08/18

SKY COVER
POSSIBLE SUNSHINE (PERCENT)   MM
AVERAGE SKY COVER           0.50
NUMBER OF DAYS FAIR           12
NUMBER OF DAYS PC             15
NUMBER OF DAYS CLOUDY          4

AVERAGE RH (PERCENT)     67

WEATHER CONDITIONS. NUMBER OF DAYS WITH
THUNDERSTORM              0     MIXED PRECIP               0
HEAVY RAIN                3     RAIN                       4
LIGHT RAIN                5     FREEZING RAIN              0
LT FREEZING RAIN          0     HAIL                       0
HEAVY SNOW                0     SNOW                       0
LIGHT SNOW                0     SLEET                      0
FOG                      10     FOG W/VIS <= 1/4 MILE      0
HAZE                      5

-  INDICATES NEGATIVE NUMBERS.
R  INDICATES RECORD WAS SET OR TIED.
MM INDICATES DATA IS MISSING.
T  INDICATES TRACE AMOUNT.

&&

...DATA FOR LITTLE ROCK ADAMS FIELD FOR AUGUST 2014...

.SUMMARY...
THE TREND OF BELOW AVERAGE TEMPERATURES CONTINUED WELL INTO AUGUST.
IN MUCH OF THE FIRST HALF OF THE MONTH...TEMPERATURES ONLY REACHED
94 DEGREES. HOWEVER...REVERSING THE TREND OF MUCH OF THE
SUMMER...THE LAST HALF OF AUGUST LARGELY SAW TEMPERATURES AT OR
ABOVE AVERAGE. FOR THE SECOND AUGUST IN A ROW...HOWEVER...THERE WERE
NO TEMPERATURES AT OR ABOVE 100 DEGREES...AND NO LOW TEMPERATURES AT
OR ABOVE 80 DEGREES.

THIS WAS ALSO THE 11TH CONSECUTIVE MONTH WITH AN AVERAGE TEMPERATURE
AT OR BELOW NORMAL.

PRECIPITATION WAS MOST FREQUENT FROM THE 7TH THROUGH THE 11TH. THERE
WERE ONLY TWO DAYS WITH MEASURABLE RAINFALL FOR THE REMAINDER OF THE
MONTH. IT WAS THE DRIEST AUGUST IN FOUR YEARS.

.MONTHLY TEMPERATURES...

EVEN THOUGH AUGUST TEMPERATURES WERE THE WARMEST IN A YEAR OR TWO...
READINGS WERE STILL BELOW THE 30-YEAR AVERAGE.

THE AVERAGE HIGH TEMPERATURE WAS EXACTLY THE SAME AS 2013.

THE AVERAGE LOW TEMPERATURE WAS THE WARMEST SINCE 2011.

THE AVERAGE MONTHLY TEMPERATURE WAS WARMEST SINCE 2012.

.DAILY AVERAGE TEMPERATURES...

ABOVE NORMAL ON 13 DAYS...NORMAL ON TWO DAYS...AND BELOW NORMAL ON
16 DAYS.

.NUMBER OF DAYS WITH TEMPERATURES...

AT OR ABOVE 100....0...SAME AS 2013
AT OR ABOVE  90...21...THE FEWEST SINCE 2009
AT OR BELOW  70...11...THE MOST SINCE 2012

.DAILY TEMPERATURE RECORDS TIED OR BROKEN DURING THE MONTH...

NONE.

.RAINFALL...

IT WAS THE DRIEST AUGUST SINCE 2010.

.DAILY RAINFALL RECORDS TIED OR BROKEN DURING THE MONTH...

NONE

$$

57
