000
CXUS53 KOAX 011952
CLMLNK

CLIMATE REPORT
NATIONAL WEATHER SERVICE OMAHA NEBRASKA
252 PM CDT TUE AUG 1 2017

...................................

...THE LINCOLN, NEBRASKA CLIMATE SUMMARY FOR THE MONTH OF JULY 2017...

CLIMATE NORMAL PERIOD 1981 TO 2010
CLIMATE RECORD PERIOD 1887 TO 2017

WEATHER         OBSERVED          NORMAL  DEPART
                 VALUE   DATE(S)  VALUE   FROM
                                          NORMAL
................................................
TEMPERATURE (F)
HIGHEST           100   07/21
LOWEST             57   07/01
AVG. MAXIMUM     89.5              89.0     0.5
AVG. MINIMUM     68.0              66.1     1.9
MEAN             78.8              77.6     1.2
DAYS MAX >= 90     14
DAYS MAX <= 32      0
DAYS MIN <= 32      0
DAYS MIN <= 0       0

PRECIPITATION (INCHES)
RECORD
 MAXIMUM        12.50   1993
 MINIMUM         0.08   1936
TOTALS           5.99              3.40    2.59
DAILY AVG.       0.19
DAYS >= .01         5
DAYS >= .10         5
DAYS >= .50         4
DAYS >= 1.00        2
GREATEST
 24 HR. TOTAL    2.83   07/26

SNOWFALL (INCHES)
RECORDS
 TOTAL            0.0   2002
                        2001
                        1989
TOTALS            0.0
SINCE 7/1         0.0
DAYS >= 1.0         0               0.0     0.0
GREATEST
 SNOW DEPTH         0
 24 HR TOTAL      0.0

DEGREE DAYS
HEATING TOTAL       0                 1      -1
 SINCE 7/1          0                 1      -1
COOLING TOTAL     436               390      46
 SINCE 1/1        825               711     114
.................................................

WIND (MPH)
AVERAGE WIND SPEED              7.3
HIGHEST WIND SPEED/DIRECTION    35/180    DATE  07/18
HIGHEST GUST SPEED/DIRECTION    41/240    DATE  07/02

SKY COVER
AVERAGE SKY COVER           0.10


WEATHER CONDITIONS. NUMBER OF DAYS WITH
THUNDERSTORM              5     MIXED PRECIP               0
HEAVY RAIN                4     RAIN                       4
LIGHT RAIN                8     FREEZING RAIN              0
LT FREEZING RAIN          0     HAIL                       0
HEAVY SNOW                0     SNOW                       0
LIGHT SNOW                0     SLEET                      0
FOG                      10     FOG W/VIS <= 1/4 MILE      2
HAZE                      3

-  INDICATES NEGATIVE NUMBERS.
R  INDICATES RECORD WAS SET OR TIED.
MM INDICATES DATA IS MISSING.
T  INDICATES TRACE AMOUNT.
>= INDICATES GREATER THAN OR EQUAL TO.
<= INDICATES LESS THAN OR EQUAL TO.

&&

...JULY WAS WETTER AND SLIGHTLY WARMER THAN NORMAL IN LINCOLN...

JULY WAS SLIGHTLY WARMER THAN NORMAL AT 78.8 DEGREES. THE 5.99
INCHES OF RAIN WERE THE 15TH WETTEST ON RECORD FOR JULY. THOUGH THE
TOTAL PRECIPITATION WAS WELL ABOVE NORMAL, IT FELL ON JUST 5 DAYS IN
THE MONTH, WHICH IS THE 12TH FEWEST NUMBER OF DAYS WITH MEASURABLE
RAIN IN JULY.

SOME OF THE MILDEST WEATHER OF THE MONTH WAS IN THE EARLY PART OF
THE MONTH. THE COOLEST LOW TEMPERATURE OF THE MONTH WAS RECORDED ON
THE 1ST, AT 57 DEGREES. MEASURABLE RAIN FELL IN THUNDERSTORMS ON THE
2ND. WARMER TEMPERATURES ARRIVED IN EARNEST ON THE 9TH, WITH A
STRETCH OF MOSTLY ABOVE-NORMAL TEMPERATURES LASTING THROUGH THE
22ND. THUNDERSTORMS BROUGHT SUBSTANTIAL RAIN AGAIN ON THE 12TH TO
13TH, WITH LIGHT RAIN MEASURED ON THE 18TH. THE TEMPERATURE ON THE
21ST TOPPED OUT AT 100 DEGREES, THE WARMEST READING OF THE MONTH AND
OF THE YEAR SO FAR.

NEAR- TO BELOW-NORMAL TEMPERATURES RETURNED TO END THE MONTH. A
SUBSTANTIAL 2.83 INCHES OF RAIN FELL ON THE 26TH IN THUNDERSTORMS.
THE COOLEST HIGH TEMPERATURE OF THE MONTH WAS RECORDED ON THE 30TH,
AT 81 DEGREES, WHICH IS THE 10TH WARMEST COOLEST-HIGH TEMPERATURE ON
RECORD.


DAILY RECORDS SET IN JULY 2017:
DATE          RECORD           READING  PREVIOUS RECORD
NO RECORDS SET

$$

MAYES/JRB
