000
CXUS53 KLOT 011338
CLMLOT


CLIMATE REPORT
NATIONAL WEATHER SERVICE CHICAGO IL
818 AM CDT TUE APR 1 2014

...................................

...THE ROMEOVILLE  WFO CLIMATE SUMMARY FOR THE MONTH OF MARCH 2014...

CLIMATE NORMAL PERIOD 1981 TO 2010
CLIMATE RECORD PERIOD 1992 TO 2014

WEATHER         OBSERVED          NORMAL  DEPART  LAST YEAR`S
                 VALUE   DATE(S)  VALUE   FROM    VALUE
                                          NORMAL
.............................................................
TEMPERATURE (F)
RECORD
 HIGH              85   03/21/2012
 LOW              -13   03/04/2002
HIGHEST            67                MM      MM
LOWEST             -4                MM      MM
AVG. MAXIMUM     40.2              47.8    -7.6     39.7
AVG. MINIMUM     21.6              29.5    -7.9     25.0
MEAN             30.9              38.6    -7.7

PRECIPITATION (INCHES)
RECORD
 MAXIMUM           MM   MM
 MINIMUM           MM   MM
TOTALS           2.11              2.77   -0.66

SNOWFALL (INCHES)
RECORDS
 TOTAL             MM   MM
TOTALS           10.2               4.4     5.8
SINCE 7/1        75.7              31.8    43.9

DEGREE_DAYS
HEATING TOTAL    1050               817     233
COOLING TOTAL       0                 0       0
 SINCE 1/1          0                 0       0
..............................................................



-  INDICATES NEGATIVE NUMBERS.
R  INDICATES RECORD WAS SET OR TIED.
MM INDICATES DATA IS MISSING.
T  INDICATES TRACE AMOUNT.

$$
