000
CXUS53 KLMK 161211
CLMLOU

CLIMATE REPORT
NATIONAL WEATHER SERVICE LOUISVILLE KY
710 AM EST FRI JAN 16 2015

...................................

...THE LOUISVILLE BOWMAN KY CLIMATE SUMMARY FOR THE MONTH OF DECEMBER 2014...

CLIMATE NORMAL PERIOD 1981 TO 2010
CLIMATE RECORD PERIOD 9999 TO 9999

WEATHER         OBSERVED          NORMAL  DEPART  LAST YEAR`S
                 VALUE   DATE(S)  VALUE   FROM    VALUE  DATE(S)
                                          NORMAL
................................................................
TEMPERATURE (F)
RECORD
 HIGH              MM   MM
 LOW               MM   MM
HIGHEST            65   12/01        MM      MM       71  12/04
LOWEST             17   12/31        MM      MM       12  12/12
AVG. MAXIMUM     46.3              45.1     1.2     45.5
AVG. MINIMUM     33.9              29.4     4.5     29.8
MEAN             40.1              37.2     2.9     37.7
DAYS MAX >= 90      0               0.0     0.0        0
DAYS MAX <= 32      1               3.3    -2.3        5
DAYS MIN <= 32     13              18.6    -5.6       21
DAYS MIN <= 0       0               0.0     0.0        0

PRECIPITATION (INCHES)
RECORD
 MAXIMUM           MM   MM
 MINIMUM           MM   MM
TOTALS           3.18              4.01   -0.83     5.52
DAILY AVG.       0.10              0.13   -0.03     0.18
DAYS >= .01        10                MM      MM       12
DAYS >= .10        10                MM      MM        7
DAYS >= .50         2                MM      MM        3
DAYS >= 1.00        0                MM      MM        1
GREATEST
 24 HR. TOTAL    1.08   12/05 TO 12/06

SNOWFALL (INCHES)
RECORDS
 TOTAL             MM   MM
TOTALS             MM                MM      MM       MM
SINCE 7/1          MM                MM      MM       MM
SNOWDEPTH AVG.     MM                MM      MM       MM
DAYS >= 1.0         0                MM      MM        0
GREATEST
 SNOW DEPTH        MM                                 MM  MM
 24 HR TOTAL       MM

DEGREE_DAYS
HEATING TOTAL     765               860     -95      840
 SINCE 7/1       1744              1664      80     1748
COOLING TOTAL       0                 0       0        0
 SINCE 1/1       1536              1444      92     1446
.................................................................

WIND (MPH)
AVERAGE WIND SPEED              5.7
HIGHEST WIND SPEED/DIRECTION    23/270    DATE  12/24
HIGHEST GUST SPEED/DIRECTION    30/270    DATE  12/24

SKY COVER
POSSIBLE SUNSHINE (PERCENT)   MM
AVERAGE SKY COVER           0.70
NUMBER OF DAYS FAIR            7
NUMBER OF DAYS PC              5
NUMBER OF DAYS CLOUDY         19

AVERAGE RH (PERCENT)     75

WEATHER CONDITIONS. NUMBER OF DAYS WITH
THUNDERSTORM              0     MIXED PRECIP               0
HEAVY RAIN                9     RAIN                       7
LIGHT RAIN               16     FREEZING RAIN              0
LT FREEZING RAIN          0     HAIL                       0
HEAVY SNOW                0     SNOW                       0
LIGHT SNOW                1     SLEET                      0
FOG                      17     FOG W/VIS <= 1/4 MILE      0
HAZE                      8

-  INDICATES NEGATIVE NUMBERS.
R  INDICATES RECORD WAS SET OR TIED.
MM INDICATES DATA IS MISSING.
T  INDICATES TRACE AMOUNT.

$$
