000
CXUS53 KLMK 011235
CLMLOU


CLIMATE REPORT
NATIONAL WEATHER SERVICE LOUISVILLE KY
734 AM EST SUN JAN 1 2017

...................................

...THE LOUISVILLE BOWMAN KY CLIMATE SUMMARY FOR THE MONTH OF DECEMBER 2016...

CLIMATE NORMAL PERIOD 1981 TO 2010
CLIMATE RECORD PERIOD 9999 TO 9999

WEATHER         OBSERVED          NORMAL  DEPART  LAST YEAR`S
                 VALUE   DATE(S)  VALUE   FROM    VALUE  DATE(S)
                                          NORMAL
................................................................
TEMPERATURE (F)
RECORD
 HIGH              MM   MM
 LOW               MM   MM
HIGHEST            75   12/26        MM      MM       72  12/12
LOWEST             13   12/19        MM      MM       23  12/04
                        12/15
AVG. MAXIMUM     45.1              45.1     0.0     56.8
AVG. MINIMUM     30.2              29.4     0.8     41.0
MEAN             37.6              37.2     0.4     48.9
DAYS MAX >= 90      0               0.0     0.0        0
DAYS MAX <= 32      3               3.3    -0.3        0
DAYS MIN <= 32     19              18.6     0.4        9
DAYS MIN <= 0       0               0.0     0.0        0

PRECIPITATION (INCHES)
RECORD
 MAXIMUM           MM   MM
 MINIMUM           MM   MM
TOTALS           5.04              4.01    1.03     6.12
DAILY AVG.       0.16              0.13    0.03     0.20
DAYS >= .01        12                MM      MM       10
DAYS >= .10         8                MM      MM        9
DAYS >= .50         2                MM      MM        3
DAYS >= 1.00        1                MM      MM        2
GREATEST
 24 HR. TOTAL    2.45   12/17 TO 12/18

SNOWFALL (INCHES)
RECORDS
 TOTAL             MM   MM
TOTALS             MM                MM      MM       MM
SINCE 7/1          MM                MM      MM       MM
SNOWDEPTH AVG.     MM                MM      MM       MM
DAYS >= 1.0         0                MM      MM       MM
GREATEST
 SNOW DEPTH        MM                                 MM  MM
 24 HR TOTAL       MM

DEGREE_DAYS
HEATING TOTAL     840               860     -20      496
 SINCE 7/1       1368              1664    -296     1099
COOLING TOTAL       1                 0       1        3
 SINCE 1/1       1883              1444     439     1577
.................................................................

WIND (MPH)
AVERAGE WIND SPEED              6.7
HIGHEST WIND SPEED/DIRECTION    31/290    DATE  12/30
HIGHEST GUST SPEED/DIRECTION    45/280    DATE  12/30

SKY COVER
POSSIBLE SUNSHINE (PERCENT)   MM
AVERAGE SKY COVER           0.60
NUMBER OF DAYS FAIR            9
NUMBER OF DAYS PC             11
NUMBER OF DAYS CLOUDY         11

AVERAGE RH (PERCENT)     64

WEATHER CONDITIONS. NUMBER OF DAYS WITH
THUNDERSTORM              0     MIXED PRECIP               0
HEAVY RAIN                6     RAIN                       8
LIGHT RAIN               13     FREEZING RAIN              0
LT FREEZING RAIN          0     HAIL                       0
HEAVY SNOW                0     SNOW                       0
LIGHT SNOW                3     SLEET                      0
FOG                      14     FOG W/VIS <= 1/4 MILE      2
HAZE                      6

-  INDICATES NEGATIVE NUMBERS.
R  INDICATES RECORD WAS SET OR TIED.
MM INDICATES DATA IS MISSING.
T  INDICATES TRACE AMOUNT.

$$
