000
CXUS53 KLMK 021418
CLMLOU


CLIMATE REPORT
NATIONAL WEATHER SERVICE LOUISVILLE KY
913 AM EST THU MAR 2 2017

...................................

...THE LOUISVILLE BOWMAN KY CLIMATE SUMMARY FOR THE MONTH OF FEBRUARY 2017...

CLIMATE NORMAL PERIOD 1981 TO 2010
CLIMATE RECORD PERIOD 9999 TO 9999

WEATHER         OBSERVED          NORMAL  DEPART  LAST YEAR`S
                 VALUE   DATE(S)  VALUE   FROM    VALUE  DATE(S)
                                          NORMAL
................................................................
TEMPERATURE (F)
RECORD
 HIGH              MM   MM
 LOW               MM   MM
HIGHEST            80   02/24        MM      MM       74  02/20
LOWEST             16   02/04        MM      MM       15  02/13
AVG. MAXIMUM     58.4              46.6    11.8     48.6
AVG. MINIMUM     38.2              29.7     8.5     30.4
MEAN             48.3              38.1    10.2     39.5
DAYS MAX >= 90      0               0.0     0.0        0
DAYS MAX <= 32      0               2.8    -2.8        5
DAYS MIN <= 32      9              16.9    -7.9       16
DAYS MIN <= 0       0               0.0     0.0        0

PRECIPITATION (INCHES)
RECORD
 MAXIMUM           MM   MM
 MINIMUM           MM   MM
TOTALS           1.78              3.18   -1.40     4.96
DAILY AVG.       0.06              0.11   -0.05     0.17
DAYS >= .01         6                MM      MM       10
DAYS >= .10         4                MM      MM        9
DAYS >= .50         1                MM      MM        3
DAYS >= 1.00        0                MM      MM        3
GREATEST
 24 HR. TOTAL    0.59   02/24 TO 02/24
                        02/23 TO 02/24
                        02/24 TO 02/24

SNOWFALL (INCHES)
RECORDS
 TOTAL             MM   MM
TOTALS             MM                MM      MM       MM
SINCE 7/1          MM                MM      MM       MM
SNOWDEPTH AVG.     MM                MM      MM       MM
DAYS >= 1.0         0                MM      MM        0
GREATEST
 SNOW DEPTH        MM                                 MM  MM
 24 HR TOTAL       MM

DEGREE_DAYS
HEATING TOTAL     462               752    -290      732
 SINCE 7/1       2562              3361    -799     2787
COOLING TOTAL       3                 0       3        0
 SINCE 1/1          3                 0       3        0
.................................................................

WIND (MPH)
AVERAGE WIND SPEED              6.9
HIGHEST WIND SPEED/DIRECTION    29/310    DATE  02/12
HIGHEST GUST SPEED/DIRECTION    37/310    DATE  02/24

SKY COVER
POSSIBLE SUNSHINE (PERCENT)   MM
AVERAGE SKY COVER           0.40
NUMBER OF DAYS FAIR           11
NUMBER OF DAYS PC             11
NUMBER OF DAYS CLOUDY          6

AVERAGE RH (PERCENT)     58

WEATHER CONDITIONS. NUMBER OF DAYS WITH
THUNDERSTORM              3     MIXED PRECIP               0
HEAVY RAIN                2     RAIN                       4
LIGHT RAIN                8     FREEZING RAIN              0
LT FREEZING RAIN          0     HAIL                       0
HEAVY SNOW                0     SNOW                       0
LIGHT SNOW                1     SLEET                      0
FOG                       8     FOG W/VIS <= 1/4 MILE      1
HAZE                      5

-  INDICATES NEGATIVE NUMBERS.
R  INDICATES RECORD WAS SET OR TIED.
MM INDICATES DATA IS MISSING.
T  INDICATES TRACE AMOUNT.

$$
