000
CXUS53 KLMK 012023 CCA
CLMLOU

CLIMATE REPORT
NATIONAL WEATHER SERVICE LOUISVILLE KY
1218 PM EDT TUE SEP 1 2015

...................................

...THE LOUISVILLE BOWMAN KY CLIMATE SUMMARY FOR THE MONTH OF AUGUST 2015...
...COR THUNDERSTORM DAYS...

CLIMATE NORMAL PERIOD 1981 TO 2010
CLIMATE RECORD PERIOD 9999 TO 9999

WEATHER         OBSERVED          NORMAL  DEPART  LAST YEAR`S
                 VALUE   DATE(S)  VALUE   FROM    VALUE  DATE(S)
                                          NORMAL
................................................................
TEMPERATURE (F)
RECORD
 HIGH              MM   MM
 LOW               MM   MM
HIGHEST            93   08/03        MM      MM       92  08/27
                                                          08/26
                                                          08/25
LOWEST             55   08/26        MM      MM       60  08/14
                                                          08/13
                                                          08/01
AVG. MAXIMUM     84.8              87.1    -2.3     85.8
AVG. MINIMUM     65.2              68.0    -2.8     68.1
MEAN             75.0              77.5    -2.5     77.0
DAYS MAX >= 90      2               9.7    -7.7        8
DAYS MAX <= 32      0               0.0     0.0        0
DAYS MIN <= 32      0               0.0     0.0        0
DAYS MIN <= 0       0               0.0     0.0        0

PRECIPITATION (INCHES)
RECORD
 MAXIMUM           MM   MM
 MINIMUM           MM   MM
TOTALS           2.25              3.31   -1.06     5.60
DAILY AVG.       0.07              0.11   -0.04     0.18
DAYS >= .01         6                MM      MM       14
DAYS >= .10         4                MM      MM       10
DAYS >= .50         1                MM      MM        6
DAYS >= 1.00        0                MM      MM        2
GREATEST
 24 HR. TOTAL    1.03   08/05 TO 08/06

SNOWFALL (INCHES)
RECORDS
 TOTAL             MM   MM
TOTALS             MM                MM      MM       MM
SINCE 7/1          MM                MM      MM       MM
SNOWDEPTH AVG.     MM                MM      MM       MM
DAYS >= 1.0         0                MM      MM        0
GREATEST
 SNOW DEPTH        MM                                 MM  MM
 24 HR TOTAL       MM

DEGREE_DAYS
HEATING TOTAL       0                 0       0        0
 SINCE 7/1          0                 0       0        0
COOLING TOTAL     321               389     -68      380
 SINCE 1/1       1298              1239      59     1345
.................................................................

WIND (MPH)
AVERAGE WIND SPEED              3.9
HIGHEST WIND SPEED/DIRECTION    26/240    DATE  08/04
HIGHEST GUST SPEED/DIRECTION    37/240    DATE  08/04

SKY COVER
POSSIBLE SUNSHINE (PERCENT)   MM
AVERAGE SKY COVER           0.20
NUMBER OF DAYS FAIR           25
NUMBER OF DAYS PC              4
NUMBER OF DAYS CLOUDY          2

AVERAGE RH (PERCENT)     68

WEATHER CONDITIONS. NUMBER OF DAYS WITH
THUNDERSTORM              4     MIXED PRECIP               0
HEAVY RAIN                4     RAIN                       4
LIGHT RAIN                9     FREEZING RAIN              0
LT FREEZING RAIN          0     HAIL                       0
HEAVY SNOW                0     SNOW                       0
LIGHT SNOW                0     SLEET                      0
FOG                      11     FOG W/VIS <= 1/4 MILE      1
HAZE                      3

-  INDICATES NEGATIVE NUMBERS.
R  INDICATES RECORD WAS SET OR TIED.
MM INDICATES DATA IS MISSING.
T  INDICATES TRACE AMOUNT.

$$
