000
CXUS53 KJKL 061508
CLMLOZ

CLIMATE REPORT
NATIONAL WEATHER SERVICE JACKSON KY
1108 AM EDT WED MAY 6 2015

...................................

...THE LONDON KY CLIMATE SUMMARY FOR THE MONTH OF APRIL 2015...

CLIMATE NORMAL PERIOD 1981 TO 2010
CLIMATE RECORD PERIOD 1954 TO 2015

WEATHER         OBSERVED          NORMAL  DEPART  LAST YEAR`S
                 VALUE   DATE(S)  VALUE   FROM    VALUE  DATE(S)
                                          NORMAL
................................................................
TEMPERATURE (F)
RECORD
 HIGH              90   04/10/1995
                        04/27/1986
 LOW               19   04/08/2007
HIGHEST            86   04/09        MM      MM       84  04/27
                                                          04/13
LOWEST             30   04/05        MM      MM       28  04/16
AVG. MAXIMUM     70.8              68.6     2.2     72.5
AVG. MINIMUM     47.3              44.5     2.8     46.8
MEAN             59.1              56.5     2.6     59.6
DAYS MAX >= 90      0               0.1    -0.1        0
DAYS MAX <= 32      0               0.0     0.0        0
DAYS MIN <= 32      2               3.2    -1.2        2
DAYS MIN <= 0       0               0.0     0.0        0

PRECIPITATION (INCHES)
RECORD
 MAXIMUM        10.23   2011
 MINIMUM         0.58   1976
TOTALS           5.55              4.05    1.50     5.08
DAILY AVG.       0.19              0.14    0.05     0.17
DAYS >= .01        14              12.0     2.0       13
DAYS >= .10        10               7.9     2.1        8
DAYS >= .50         4               2.8     1.2        5
DAYS >= 1.00        1               0.9     0.1        1
GREATEST
 24 HR. TOTAL    1.49   04/13 TO 04/14              1.44

SNOWFALL (INCHES)
RECORDS
 TOTAL            9.0   1987
TOTALS             MM               1.0      MM       MM
SINCE 7/1          MM              10.3      MM       MM
SNOWDEPTH AVG.     MM                MM      MM       MM
DAYS >= 1.0        MM               0.3      MM       MM
GREATEST
 SNOW DEPTH        MM                                 MM
 24 HR TOTAL       MM                                 MM

DEGREE_DAYS
HEATING TOTAL     194               276     -82      179
 SINCE 7/1       4339              4101     238     4337
COOLING TOTAL      23                23       0       25
 SINCE 1/1         23                26      -3       25
.................................................................

WIND (MPH)
AVERAGE WIND SPEED              6.4
HIGHEST WIND SPEED/DIRECTION    33/290    DATE  04/20
HIGHEST GUST SPEED/DIRECTION    43/280    DATE  04/20

SKY COVER
POSSIBLE SUNSHINE (PERCENT)   MM
AVERAGE SKY COVER           0.40
NUMBER OF DAYS FAIR           13
NUMBER OF DAYS PC             11
NUMBER OF DAYS CLOUDY          6

AVERAGE RH (PERCENT)     57

WEATHER CONDITIONS. NUMBER OF DAYS WITH
THUNDERSTORM              9     MIXED PRECIP               0
HEAVY RAIN                6     RAIN                       9
LIGHT RAIN               16     FREEZING RAIN              0
LT FREEZING RAIN          0     HAIL                       0
HEAVY SNOW                0     SNOW                       0
LIGHT SNOW                0     SLEET                      0
FOG                      12     FOG W/VIS <= 1/4 MILE      1
HAZE                      4

-  INDICATES NEGATIVE NUMBERS.
R  INDICATES RECORD WAS SET OR TIED.
MM INDICATES DATA IS MISSING.
T  INDICATES TRACE AMOUNT.

$$

...RETRANSMITTED...NOTHING CHANGED...

CARICO
