000
CXUS53 KJKL 011558
CLMLOZ

CLIMATE REPORT
NATIONAL WEATHER SERVICE JACKSON KY
1158 AM EDT SAT AUG 1 2015

...................................

...THE LONDON KY CLIMATE SUMMARY FOR THE MONTH OF JULY 2015...

CLIMATE NORMAL PERIOD 1981 TO 2010
CLIMATE RECORD PERIOD 1954 TO 2015

WEATHER         OBSERVED          NORMAL  DEPART  LAST YEAR`S
                 VALUE   DATE(S)  VALUE   FROM    VALUE  DATE(S)
                                          NORMAL
................................................................
TEMPERATURE (F)
RECORD
 HIGH             101   07/01/2012
                        07/31/1999
                        07/30/1999
 LOW               45   07/10/1961
HIGHEST            93   07/18        MM      MM       93  07/13
LOWEST             61   07/31        MM      MM       54  07/30
                                                          07/17
                                                          07/05
AVG. MAXIMUM     86.1              86.4    -0.3     83.8
AVG. MINIMUM     68.5              66.2     2.3     63.5
MEAN             77.3              76.3     1.0     73.6
DAYS MAX >= 90     10               7.2     2.8        6
DAYS MAX <= 32      0               0.0     0.0        0
DAYS MIN <= 32      0               0.0     0.0        0
DAYS MIN <= 0       0               0.0     0.0        0

PRECIPITATION (INCHES)
RECORD
 MAXIMUM        10.14   1972
 MINIMUM         1.12   1974
TOTALS          11.23R             4.04    7.19     7.00
DAILY AVG.       0.36              0.13    0.23     0.23
DAYS >= .01        18              12.5     5.5       12
DAYS >= .10        11               8.1     2.9        9
DAYS >= .50         4               3.0     1.0        2
DAYS >= 1.00        3               1.0     2.0        1
GREATEST
 24 HR. TOTAL    3.73   07/02 TO 07/03              4.23

SNOWFALL (INCHES)
RECORDS
 TOTAL             MM   MM
TOTALS             MM               0.0      MM       MM
SINCE 7/1          MM               0.0      MM       MM
SNOWDEPTH AVG.     MM                MM      MM       MM
DAYS >= 1.0        MM               0.0      MM       MM
GREATEST
 SNOW DEPTH        MM                                 MM
 24 HR TOTAL       MM                                 MM

DEGREE_DAYS
HEATING TOTAL       0                 0       0        0
 SINCE 7/1          0                 0       0        0
COOLING TOTAL     390               350      40      275
 SINCE 1/1        891               707     184      723
.................................................................

WIND (MPH)
AVERAGE WIND SPEED              4.4
HIGHEST WIND SPEED/DIRECTION    26/310    DATE  07/09
HIGHEST GUST SPEED/DIRECTION    37/320    DATE  07/09

SKY COVER
POSSIBLE SUNSHINE (PERCENT)   MM
AVERAGE SKY COVER           0.40
NUMBER OF DAYS FAIR           16
NUMBER OF DAYS PC             10
NUMBER OF DAYS CLOUDY          5

AVERAGE RH (PERCENT)     69

WEATHER CONDITIONS. NUMBER OF DAYS WITH
THUNDERSTORM             12     MIXED PRECIP               0
HEAVY RAIN                9     RAIN                      11
LIGHT RAIN               19     FREEZING RAIN              0
LT FREEZING RAIN          0     HAIL                       0
HEAVY SNOW                0     SNOW                       0
LIGHT SNOW                0     SLEET                      0
FOG                      20     FOG W/VIS <= 1/4 MILE      3
HAZE                     17

-  INDICATES NEGATIVE NUMBERS.
R  INDICATES RECORD WAS SET OR TIED.
MM INDICATES DATA IS MISSING.
T  INDICATES TRACE AMOUNT.

$$

CARICO
