000
CXUS54 KCRP 011841
CLMLRD

CLIMATE REPORT
NATIONAL WEATHER SERVICE CORPUS CHRISTI TX
123 PM CDT MON AUG 1 2016

...................................

...THE LAREDO CLIMATE SUMMARY FOR THE MONTH OF JULY 2016...

CLIMATE NORMAL PERIOD 1981 TO 2010
CLIMATE RECORD PERIOD 1900 TO 2016

WEATHER         OBSERVED          NORMAL  DEPART  LAST YEAR`S
                 VALUE   DATE(S)  VALUE   FROM    VALUE  DATE(S)
                                          NORMAL
................................................................
TEMPERATURE (F)
RECORD
 HIGH             113   07/14/1998
 LOW               61   07/21/1940
HIGHEST           107   07/15       102       5      107  07/26
                        07/14
                        07/04
LOWEST             73   07/29        75      -2       71  07/02
AVG. MAXIMUM    103.2              99.3     3.9    101.5
AVG. MINIMUM     77.8              76.7     1.1     76.9
MEAN             90.5              88.0     2.5     89.2
DAYS MAX >= 90     31              29.4     1.6       30
DAYS MAX <= 32      0               0.0     0.0        0
DAYS MIN <= 32      0               0.0     0.0        0
DAYS MIN <= 0       0               0.0     0.0        0

PRECIPITATION (INCHES)
RECORD
 MAXIMUM        12.45   1919
 MINIMUM         0.00   1993
            1977
            1962
TOTALS           1.34              2.01   -0.67     0.06
DAILY AVG.       0.04              0.06   -0.02     0.00
DAYS >= .01         6               4.8     1.2        1
DAYS >= .10         2               2.8    -0.8        0
DAYS >= .50         1               1.2    -0.2        0
DAYS >= 1.00        1               0.6     0.4        0
GREATEST
 24 HR. TOTAL    1.03   07/29 TO 07/29           07/31 TO 07/31

SNOWFALL (INCHES)
RECORDS
 TOTAL             MM   MM
 24 HR TOTAL       MM
TOTALS            0.0                MM      MM      0.0
SINCE 7/1         0.0                MM      MM      0.0
SNOWDEPTH AVG.      0                MM      MM        0
DAYS >= 1.0         0                MM      MM
GREATEST
 SNOW DEPTH         0   MM                             0
 24 HR TOTAL      0.0   MM                           0.0

DEGREE_DAYS
HEATING TOTAL       0                 0       0        0
 SINCE 7/1          0                 0       0        0
COOLING TOTAL     797               713      84      759
 SINCE 1/1       2704              2516     188     2301
..................................................

WIND (MPH)
AVERAGE WIND SPEED              14.0
HIGHEST WIND SPEED/DIRECTION    26/140    DATE  07/11
HIGHEST GUST SPEED/DIRECTION    37/130    DATE  07/11

SKY COVER
AVERAGE SKY COVER           0.10

AVERAGE RH (PERCENT)     59

WEATHER CONDITIONS. NUMBER OF DAYS WITH
THUNDERSTORM              5     MIXED PRECIP               0
HEAVY RAIN                1     RAIN                       2
LIGHT RAIN                6     FREEZING RAIN              0
LT FREEZING RAIN          0     HAIL                       0
HEAVY SNOW                0     SNOW                       0
LIGHT SNOW                0     SLEET                      0
FOG                       1     FOG W/VIS <= 1/4 MILE      0
HAZE                      7

-  INDICATES NEGATIVE NUMBERS.
R  INDICATES RECORD WAS SET OR TIED.
MM INDICATES DATA IS MISSING.
T  INDICATES TRACE AMOUNT.

$$

KW
