000
CXUS54 KCRP 011611
CLMLRD

CLIMATE REPORT
NATIONAL WEATHER SERVICE CORPUS CHRISTI TX
1021 AM CDT THU JUN 1 2017

...................................

...THE LAREDO CLIMATE SUMMARY FOR THE MONTH OF MAY 2017...

CLIMATE NORMAL PERIOD 1981 TO 2010
CLIMATE RECORD PERIOD 1900 TO 2017

WEATHER         OBSERVED          NORMAL  DEPART  LAST YEAR`S
                 VALUE   DATE(S)  VALUE   FROM    VALUE  DATE(S)
                                          NORMAL
................................................................
TEMPERATURE (F)
RECORD
 HIGH             115   05/07/1927
 LOW               37   05/07/1917
                        05/01/1908
HIGHEST           103   05/19        98       5      102  05/27
LOWEST             57   05/05        68     -11       60  05/04
AVG. MAXIMUM     93.9              93.5     0.4     91.0
AVG. MINIMUM     71.0              71.5    -0.5     71.2
MEAN             82.5              82.5     0.0     81.1
DAYS MAX >= 90     24              22.1     1.9       24
DAYS MAX <= 32      0               0.0     0.0        0
DAYS MIN <= 32      0               0.0     0.0        0
DAYS MIN <= 0       0               0.0     0.0        0

PRECIPITATION (INCHES)
RECORD
 MAXIMUM        11.48   1972
 MINIMUM         0.00   1998
TOTALS           5.61              2.49    3.12     2.74
DAILY AVG.       0.18              0.08    0.10     0.09
DAYS >= .01         2               5.3    -3.3        8
DAYS >= .10         2               3.2    -1.2        6
DAYS >= .50         2               1.6     0.4        1
DAYS >= 1.00        2               0.7     1.3        0
GREATEST
 24 HR. TOTAL    4.08   05/21 TO 05/21           05/19 TO 05/19


SNOWFALL (INCHES)
RECORDS
 TOTAL             MM   MM
 24 HR TOTAL       MM
TOTALS            0.0                MM      MM      0.0
SINCE 7/1         0.0               0.0     0.0      0.0
SNOWDEPTH AVG.      0                MM      MM        0
DAYS >= 1.0         0                MM      MM
GREATEST
 SNOW DEPTH         0   MM                             0
 24 HR TOTAL      0.0   MM                           0.0

DEGREE_DAYS
HEATING TOTAL       0                 0       0        0
 SINCE 7/1        396               926    -530      594
COOLING TOTAL     549               543       6      505
 SINCE 1/1       1523              1143     380     1264
..........................................................

WIND (MPH)
AVERAGE WIND SPEED              11.9
HIGHEST WIND SPEED/DIRECTION    29/150    DATE  05/17
HIGHEST GUST SPEED/DIRECTION    40/330    DATE  05/28

SKY COVER
AVERAGE SKY COVER           0.30

AVERAGE RH (PERCENT)     61

WEATHER CONDITIONS. NUMBER OF DAYS WITH
THUNDERSTORM              6     MIXED PRECIP               0
HEAVY RAIN                2     RAIN                       2
LIGHT RAIN                8     FREEZING RAIN              0
LT FREEZING RAIN          0     HAIL                       0
HEAVY SNOW                0     SNOW                       0
LIGHT SNOW                0     SLEET                      0
FOG                       5     FOG W/VIS <= 1/4 MILE      0
HAZE                      7

-  INDICATES NEGATIVE NUMBERS.
R  INDICATES RECORD WAS SET OR TIED.
MM INDICATES DATA IS MISSING.
T  INDICATES TRACE AMOUNT.

$$

88
