000
CXUS53 KARX 010840
CLMLSE


CLIMATE REPORT
NATIONAL WEATHER SERVICE LA CROSSE WI
239 AM CST WED FEB 1 2017

...................................

...THE LA CROSSE WI CLIMATE SUMMARY FOR THE MONTH OF JANUARY 2017...

CLIMATE NORMAL PERIOD 1981 TO 2010
CLIMATE RECORD PERIOD 1873 TO 2017

WEATHER         OBSERVED          NORMAL  DEPART  LAST YEAR`S
                 VALUE   DATE(S)  VALUE   FROM    VALUE  DATE(S)
                                          NORMAL
................................................................
TEMPERATURE (F)
RECORD
 HIGH              57   01/25/1981
                        01/01/1897
                        01/03/1874
 LOW              -43   01/18/1873
HIGHEST            43   01/21        MM      MM       42  01/30
LOWEST             -6   01/06        MM      MM      -11  01/18
AVG. MAXIMUM     30.1              25.9     4.2     26.5
AVG. MINIMUM     17.9               8.9     9.0     12.4
MEAN             24.0              17.4     6.6     19.4
DAYS MAX >= 90      0               0.0     0.0        0
DAYS MAX <= 32     13              20.4    -7.4       21
DAYS MIN <= 32     22              30.2    -8.2       30
DAYS MIN <= 0       5               8.9    -3.9        8

PRECIPITATION (INCHES)
RECORD
 MAXIMUM         3.44   1884
 MINIMUM         0.14   1981
                        1914
TOTALS           2.69              1.12    1.57     0.87
DAILY AVG.       0.09              0.04    0.05     0.03
DAYS >= .01        14               9.1     4.9        9
DAYS >= .10         8               3.6     4.4        4
DAYS >= .50         1               0.4     0.6        0
DAYS >= 1.00        0               0.0     0.0        0
GREATEST
 24 HR. TOTAL    0.91   01/09 TO 01/10

SNOWFALL (INCHES)
RECORDS
 TOTAL           39.6   1929
TOTALS            9.5              10.7    -1.2      4.1
SINCE 7/1        30.3              26.3     4.0     16.6
SNOWDEPTH AVG.      4                 5      -1        5
DAYS >= TRACE      16               7.8     8.2       22
DAYS >= 1.0         3               3.6    -0.6        1
GREATEST
 SNOW DEPTH         6   01/18                          8  01/07
                        01/17                             01/05
                        01/16                             01/04
 24 HR TOTAL      2.9   MM

DEGREE_DAYS
HEATING TOTAL    1262              1475    -213     1404
 SINCE 7/1       3397              4319    -922     3439
COOLING TOTAL       0                 0       0        0
 SINCE 1/1          0                 0       0        0
.................................................................

WIND (MPH)
AVERAGE WIND SPEED              7.5
HIGHEST WIND SPEED/DIRECTION    31/270    DATE  01/10
HIGHEST GUST SPEED/DIRECTION    39/270    DATE  01/10

SKY COVER
POSSIBLE SUNSHINE (PERCENT)   MM
AVERAGE SKY COVER           0.70
NUMBER OF DAYS FAIR            7
NUMBER OF DAYS PC              7
NUMBER OF DAYS CLOUDY         17

AVERAGE RH (PERCENT)     74

WEATHER CONDITIONS. NUMBER OF DAYS WITH
THUNDERSTORM              0     MIXED PRECIP               0
HEAVY RAIN                1     RAIN                       3
LIGHT RAIN               10     FREEZING RAIN              1
LT FREEZING RAIN          1     HAIL                       0
HEAVY SNOW                1     SNOW                       1
LIGHT SNOW               16     SLEET                      1
FOG                      18     FOG W/VIS <= 1/4 MILE      5
HAZE                     16

-  INDICATES NEGATIVE NUMBERS.
R  INDICATES RECORD WAS SET OR TIED.
MM INDICATES DATA IS MISSING.
T  INDICATES TRACE AMOUNT.

$$
