000
CXUS53 KARX 011632
CLMLSE

CLIMATE REPORT
NATIONAL WEATHER SERVICE LA CROSSE WI
928 AM CST SUN JAN 1 2017

...DECEMBER AT LA CROSSE WI HAD ABOVE NORMAL TEMPERATURE AND
PRECIPITATION...11TH SNOWIEST DECEMBER...

THE AVERAGE TEMPERATURE FOR DECEMBER WAS 23.5 DEGREES, WHICH WAS 1.9
DEGREE ABOVE NORMAL. THE AVERAGE HIGH TEMPERATURE WAS 29.3 DEGREES
...WHILE THE AVERAGE LOW WAS 17.8 DEGREES. THE HIGHEST TEMPERATURE
IN DECEMBER WAS 44 DEGREES WHICH OCCURRED ON THE 20TH AND 26TH,
WHILE THE LOWEST READING FOR THE MONTH WAS 16 DEGREES BELOW ZERO
WHICH OCCURRED ON THE 18TH.

A TOTAL OF 2.19 INCHES OF PRECIPITATION FELL DURING THE
MONTH...WHICH WAS 0.83 INCHES ABOVE NORMAL. THE GREATEST
PRECIPITATION TOTAL WAS 0.67 WHICH FELL FROM THE 25TH TO 26TH.

THERE WAS 20.8 INCHES OF SNOW RECORDED FOR THE MONTH...WHICH WAS 9.5
INCHES ABOVE NORMAL AND THE 11TH SNOWIEST DECEMBER ON RECORD.  THE
GREATEST 24 HOUR SNOWFALL OF 9.8 INCHES FELL FROM THE 10TH TO 11TH.

*****RECORDS*****

NO DAILY OR MONTHLY RECORDS WERE SET OR TIED.

*****DISCUSSION*****

THE MONTH WAS MARKED BY BIG SWINGS IN TEMPERATURE AND PRECIPITATION.
THE FIRST 6 DAYS STARTED OFF WITH ABOVE NORMAL TEMPERATURES THEN
DROPPED TO BELOW NORMAL FROM THE 7TH TO THE 19TH, WITH THE COLDEST
DAY BEING THE 18TH WHEN THE HIGH TEMPERATURE ONLY REACHED 1 ABOVE.
TEMPERATURES THEN WARMED UP WITH CHRISTMAS DAY SEEING 0.63 INCHES OF
RAIN, MAKING IT THE 3RD WETTEST CHRISTMAS. THE 38 DEGREE AVERAGE
TEMPERATURE ON CHRISTMAS ALSO RANKED IT AS THE 6TH WARMEST ON RECORD
AND THE WARMEST SINCE 1940. THE SNOWIEST PERIOD FOR THE MONTH RAN
FROM THE 10TH TO THE 11TH WHEN A TOTAL OF 9.8 INCHES OF SNOW FELL.

...................................

...THE LA CROSSE WI CLIMATE SUMMARY FOR THE MONTH OF DECEMBER 2016...

CLIMATE NORMAL PERIOD 1981 TO 2010
CLIMATE RECORD PERIOD 1873 TO 2016

WEATHER         OBSERVED          NORMAL  DEPART  LAST YEAR`S
                 VALUE   DATE(S)  VALUE   FROM    VALUE  DATE(S)
                                          NORMAL
................................................................
TEMPERATURE (F)
RECORD
 HIGH              67   12/05/1998
 LOW              -37   12/24/1872
HIGHEST            44   12/26        MM      MM       55  12/10
                        12/20
LOWEST            -16   12/18        MM      MM       10  12/19
AVG. MAXIMUM     29.3              29.1     0.2     39.4
AVG. MINIMUM     17.8              14.2     3.6     29.1
MEAN             23.5              21.6     1.9     34.2
DAYS MAX >= 90      0               0.0     0.0        0
DAYS MAX <= 32     15              17.7    -2.7        6
DAYS MIN <= 32     25              29.2    -4.2       21
DAYS MIN <= 0       5               5.1    -0.1        0

PRECIPITATION (INCHES)
RECORD
 MAXIMUM         4.93   2015
 MINIMUM            T   1943
TOTALS           2.19              1.36    0.83     4.93
DAILY AVG.       0.07              0.04    0.03     0.16
DAYS >= .01         9               9.2    -0.2       12
DAYS >= .10         6               3.9     2.1        5
DAYS >= .50         1               0.5     0.5        4
DAYS >= 1.00        0               0.1    -0.1        2
GREATEST
 24 HR. TOTAL    0.67   12/25 TO 12/26

SNOWFALL (INCHES)
RECORDS
 TOTAL           32.7   2008
TOTALS           20.8              11.3     9.5     11.6
SINCE 7/1        20.8              15.6     5.2     12.5
SNOWDEPTH AVG.      4                 3       1        1
DAYS >= TRACE      16               7.0     9.0       12
DAYS >= 1.0         6               3.4     2.6        2
GREATEST
 SNOW DEPTH         9   12/11                          9  12/31
                                                          12/30
                                                          12/29
 24 HR TOTAL      9.8   12/10 TO 12/11

DEGREE_DAYS
HEATING TOTAL    1276              1344     -68      949
 SINCE 7/1       2135              2844    -709     2035
COOLING TOTAL       0                 0       0        0
 SINCE 1/1       1033               782     251      887
.................................................................

WIND (MPH)
AVERAGE WIND SPEED              10.3
HIGHEST WIND SPEED/DIRECTION    33/230    DATE  12/26
HIGHEST GUST SPEED/DIRECTION    45/250    DATE  12/26

SKY COVER
POSSIBLE SUNSHINE (PERCENT)   MM
AVERAGE SKY COVER           0.60
NUMBER OF DAYS FAIR            8
NUMBER OF DAYS PC             10
NUMBER OF DAYS CLOUDY         13

AVERAGE RH (PERCENT)     72

WEATHER CONDITIONS. NUMBER OF DAYS WITH
THUNDERSTORM              0     MIXED PRECIP               0
HEAVY RAIN                0     RAIN                       1
LIGHT RAIN                5     FREEZING RAIN              0
LT FREEZING RAIN          0     HAIL                       0
HEAVY SNOW                0     SNOW                       1
LIGHT SNOW               16     SLEET                      0
FOG                      12     FOG W/VIS <= 1/4 MILE      0
HAZE                      6

-  INDICATES NEGATIVE NUMBERS.
R  INDICATES RECORD WAS SET OR TIED.
MM INDICATES DATA IS MISSING.
T  INDICATES TRACE AMOUNT.

$$

BOYNE
