000
CXUS56 KMTR 011539
CLMLVK


CLIMATE REPORT
NATIONAL WEATHER SERVICE SAN FRANCISCO BAY AREA
739 AM PST MON FEB 1 2016

...................................

...THE LIVERMORE AIRPORT CLIMATE SUMMARY FOR THE MONTH OF JANUARY 2016...

CLIMATE NORMAL PERIOD 1981 TO 2010
CLIMATE RECORD PERIOD 1930 TO 2016

WEATHER         OBSERVED          NORMAL  DEPART  LAST YEAR`S
                 VALUE   DATE(S)  VALUE   FROM    VALUE  DATE(S)
                                          NORMAL
................................................................
TEMPERATURE (F)
RECORD
 HIGH              75   01/22/2014
                        01/30/1976
                        01/23/1948
 LOW               18   01/05/1961
HIGHEST            65   01/29                         74  01/31
LOWEST             28   01/01                         30  01/03
                                                          01/02
AVG. MAXIMUM     57.9              56.0     1.9     63.2
AVG. MINIMUM     43.2                               39.7
MEAN             50.6              46.7     3.9     51.4
DAYS MAX >= 90      0                                  0
DAYS MAX <= 32      0                                  0
DAYS MIN <= 32      1                                  3
DAYS MIN <= 0       0                                  0

PRECIPITATION (INCHES)
RECORD
 MAXIMUM           MM   MM
 MINIMUM           MM   MM
TOTALS           3.94              3.01    0.93     0.00
DAILY AVG.       0.13                               0.00
DAYS >= .01        16                                  0
DAYS >= .10        11                                  0
DAYS >= .50         3                                  0
DAYS >= 1.00        0                                  0
GREATEST
 24 HR. TOTAL    0.87   01/17 TO 01/18           01/31 TO 01/31
                                                          01/31 TO 01/31
                                                          01/31 TO 01/31

DEGREE_DAYS
HEATING TOTAL     439               567    -128      413
 SINCE 7/1       1397              1598    -201      946
COOLING TOTAL       0                 0       0        0
 SINCE 1/1          0                 0       0        0
..................................................

WIND (MPH)
AVERAGE WIND SPEED              4.9
RESULTANT WIND SPEED/DIRECTION   1/082
HIGHEST WIND SPEED/DIRECTION    31/350    DATE  01/31
HIGHEST GUST SPEED/DIRECTION    42/340    DATE  01/31

SKY COVER
POSSIBLE SUNSHINE (PERCENT)   MM
AVERAGE SKY COVER           0.60
NUMBER OF DAYS FAIR            9
NUMBER OF DAYS PC             13
NUMBER OF DAYS CLOUDY          9

AVERAGE RH (PERCENT)     77

WEATHER CONDITIONS. NUMBER OF DAYS WITH
THUNDERSTORM              0     MIXED PRECIP               0
HEAVY RAIN                2     RAIN                      10
LIGHT RAIN               20     FREEZING RAIN              0
LT FREEZING RAIN          0     HAIL                       0
HEAVY SNOW                0     SNOW                       0
LIGHT SNOW                0     SLEET                      0
FOG                      23     FOG W/VIS <= 1/4 MILE      4
HAZE                      4

-  INDICATES NEGATIVE NUMBERS.
R  INDICATES RECORD WAS SET OR TIED.
MM INDICATES DATA IS MISSING.
T  INDICATES TRACE AMOUNT.

$$
