000
CXUS55 KBYZ 011149
CLMLVM


CLIMATE REPORT
NATIONAL WEATHER SERVICE BILLINGS MT
441 AM MST MON FEB 1 2016

...................................

...THE LIVINGSTON MT CLIMATE SUMMARY FOR THE MONTH OF JANUARY 2016...

CLIMATE NORMAL PERIOD 1981 TO 2010
CLIMATE RECORD PERIOD 1948 TO 2016

WEATHER         OBSERVED          NORMAL  DEPART
                 VALUE   DATE(S)  VALUE   FROM
                                          NORMAL
................................................
TEMPERATURE (F)
HIGHEST            53   01/28
LOWEST              6   01/02
AVG. MAXIMUM     38.2              36.9     1.3
AVG. MINIMUM     22.2              17.2     5.0
MEAN             30.2              27.0     3.2
DAYS MAX >= 90      0
DAYS MAX <= 32      8
DAYS MIN <= 32     28
DAYS MIN <= 0       0

PRECIPITATION (INCHES)
TOTALS           0.15              0.49   -0.34
DAYS >= .01         4
DAYS >= .10         0
DAYS >= .50         0
DAYS >= 1.00        0
GREATEST
 24 HR. TOTAL    0.07   01/18 TO 01/18

DEGREE_DAYS
HEATING TOTAL    1071              1176    -105
 SINCE 7/1       3879              4341    -462
COOLING TOTAL       0                 0       0
 SINCE 1/1          0                 0       0
.................................................

WIND (MPH)
AVERAGE WIND SPEED              18.7
HIGHEST WIND SPEED/DIRECTION    53/220    DATE  01/12
HIGHEST GUST SPEED/DIRECTION    72/210    DATE  01/28

AVERAGE RH (PERCENT)     60

WEATHER CONDITIONS. NUMBER OF DAYS WITH
THUNDERSTORM              0     MIXED PRECIP               0
HEAVY RAIN                0     RAIN                       1
LIGHT RAIN                3     FREEZING RAIN              0
LT FREEZING RAIN          0     HAIL                       0
HEAVY SNOW                0     SNOW                       0
LIGHT SNOW               13     SLEET                      0
FOG                      10     FOG W/VIS <= 1/4 MILE      0
HAZE                      4

-  INDICATES NEGATIVE NUMBERS.
R  INDICATES RECORD WAS SET OR TIED.
MM INDICATES DATA IS MISSING.
T  INDICATES TRACE AMOUNT.

&&

...JANUARY 2016 MONTH IN REVIEW FOR LIVINGSTON...

BELOW IS A SUMMARY OF THE TEMPERATURE AND PRECIPITATION
STATISTICS FOR LIVINGSTON FOR JANUARY 2016. ALL TEMPERATURES ARE IN
DEGREES FAHRENHEIT AND ALL PRECIPITATION AMOUNTS ARE IN INCHES. NORMALS
ARE 30 YEAR AVERAGES CALCULATED FROM 1981 TO 2010. MONTHLY RANKINGS
FOR PRECIPITATION...SNOWFALL...AND TEMPERATURES USE A PERIOD
OF RECORD THAT STARTED IN JULY 1948 AT OR NEAR THE LIVINGSTON AIRPORT.

NUMBERS DENOTED WITH AN * IS MISSING DATA IN THE CALCULATION.

... MONTHLY PRECIPITATION...

 MONTH   2016 VALUES  NORMALS    DEPARTURE  RANKING

JANUARY      0.15     0.49       -0.34      TIED FOR THE 15TH DRIEST OUT OF 68 YEARS
                                            (RECORD DRIEST WAS 0.01 TIED IN 2009)
                                            (DRIEST SINCE 0.11 IN 2013)

... JANUARY 2016 BROKEN OR TIED DAILY PRECIPITATION RECORDS...

NONE

NOTE: SINCE THE LATE 1990S...LIVINGSTON BECAME AN AUTOMATED AND UNATTENDED
WEATHER STATION. PRECIPITATION AMOUNTS IN THE WINTER MAY BE UNDERESTIMATED.

... AVERAGE TEMPERATURES...

 MONTH   2016 VALUES  NORMALS   DEPARTURE  RANKING

JANUARY      30.2      27.0      +3.2      22ND WARMEST OUT OF 68 YEARS
                                           (RECORD WARMEST WAS 37.5 IN 1986)
                                           (WARMEST SINCE 32.6 IN 2015)

... AVERAGE HIGH TEMPERATURES...

 MONTH   2016 VALUES  NORMALS   DEPARTURE  RANKING

JANUARY      38.2      36.9      +1.3      23RD WARMEST OUT OF 68 YEARS
                                           (RECORD WARMEST WAS 48.2 IN 1981)
                                           (WARMEST SINCE 43.7 IN 2015)

... JANUARY 2016 BROKEN OR TIED WARMEST DAILY HIGH TEMPERATURE RECORDS...

NONE

... JANUARY 2016 BROKEN OR TIED COLDEST DAILY HIGH TEMPERATURE RECORDS...

NONE

... AVERAGE LOW TEMPERATURES...

 MONTH   2016 VALUES  NORMALS   DEPARTURE  RANKING

JANUARY      22.2      17.2      +5.0      15TH WARMEST OUT OF 68 YEARS
                                           (RECORD WARMEST WAS 28.8 IN 1986)
                                           (WARMEST SINCE 23.9 IN 2014)

... JANUARY 2016 BROKEN OR TIED WARMEST DAILY LOW TEMPERATURE RECORDS...

NONE

... JANUARY 2016 BROKEN OR TIED COLDEST DAILY LOW TEMPERATURE RECORDS...

NONE

$$
