000
CXUS51 KRNK 010943 CCA
CLMLWB

CLIMATE REPORT
NATIONAL WEATHER SERVICE BLACKSBURG VA
537 AM EDT TUE JUL 1 2014

...................................

...THE LEWISBURG WV CLIMATE SUMMARY FOR THE MONTH OF JUNE 2014...

CLIMATE NORMAL PERIOD 1981 TO 2010
CLIMATE RECORD PERIOD 1973 TO 2014

WEATHER         OBSERVED          NORMAL  DEPART
                 VALUE   DATE(S)  VALUE   FROM
                                          NORMAL
................................................
TEMPERATURE (F)
RECORD
 HIGH              97   MM
 LOW               46   06/06/2014
HIGHEST            89   06/18
LOWEST             46R  06/06
AVG. MAXIMUM     80.7              78.8     1.9
AVG. MINIMUM     58.9              54.8     4.1
MEAN             69.8              66.8     3.0
DAYS MAX >= 90      0               0.6    -0.6
DAYS MAX <= 32      0               0.0     0.0
DAYS MIN <= 32      0               0.0     0.0
DAYS MIN <= 0       0               0.0     0.0

PRECIPITATION (INCHES)
RECORD
 MAXIMUM         3.45   2013
 MINIMUM         0.04   2011
TOTALS           3.43              3.73   -0.30
DAILY AVG.       0.11              0.12   -0.01
DAYS >= .01        12              11.9     0.1
DAYS >= .10         4               7.5    -3.5
DAYS >= .50         1               2.5    -1.5
DAYS >= 1.00        1               0.8     0.2
GREATEST
 24 HR. TOTAL    1.95   06/04 TO 06/04

SNOWFALL (INCHES)
TOTALS            0.0
SINCE 7/1        40.4
SNOWDEPTH AVG.      0
DAYS >= 1.0         0
GREATEST
 SNOW DEPTH         0

DEGREE_DAYS
HEATING TOTAL      13                50     -37
 SINCE 7/1       4714              5953   -1239
COOLING TOTAL     164               104      60
 SINCE 1/1        197               130      67
.................................................

WIND (MPH)
AVERAGE WIND SPEED              3.0
HIGHEST WIND SPEED/DIRECTION    22/240    DATE  06/10
HIGHEST GUST SPEED/DIRECTION    25/240    DATE  06/10



-  INDICATES NEGATIVE NUMBERS.
R  INDICATES RECORD WAS SET OR TIED.
MM INDICATES DATA IS MISSING.
T  INDICATES TRACE AMOUNT.

REMARKS

THE SEASONAL SNOWFALL TOTAL...AND THE SEASONAL TOTAL AND DEPARTURE
FROM NORMAL FOR HDD ARE INVALID DUE TO INCOMPLETE DATA BEFORE
DECEMBER 1. ALSO...DUE TO MISSING PRECIPITATION ON JANUARY 25...THE
ANNUAL TOTAL AND DEPARTURE FROM NORMAL FOR PRECIPITATION WILL BE
CALCULATED WITHOUT DATA FROM THAT DATE.
$$
