000
CXUS51 KRNK 012332
CLMLWB

CLIMATE REPORT...CORRECTED
NATIONAL WEATHER SERVICE BLACKSBURG VA
732 PM EDT FRI MAY 1 2015

...................................

...THE LEWISBURG WV CLIMATE SUMMARY FOR THE MONTH OF APRIL 2015...

CLIMATE NORMAL PERIOD 1981 TO 2010
CLIMATE RECORD PERIOD 1973 TO 2015

WEATHER         OBSERVED          NORMAL  DEPART
                 VALUE   DATE(S)  VALUE   FROM
                                          NORMAL
................................................
TEMPERATURE (F)
RECORD
 HIGH              89   04/27/1984
 LOW               12   04/10/1985
HIGHEST            79   04/18
                        04/09
LOWEST             26   04/05
AVG. MAXIMUM     65.2              63.1     2.1
AVG. MINIMUM     42.8              36.4     6.4
MEAN             54.2              49.8     4.4
DAYS MAX >= 90      0               0.0     0.0
DAYS MAX <= 32      0               0.2    -0.2
DAYS MIN <= 32      4              10.3    -6.3
DAYS MIN <= 0       0               0.0     0.0

SNOWFALL (INCHES)
TOTALS            0.0
SINCE 7/1        39.7
SNOWDEPTH AVG.      0
DAYS >= 1.0         0
GREATEST
 SNOW DEPTH         0

DEGREE_DAYS
HEATING TOTAL     307               460    -153
 SINCE 7/1       5215              5682    -467
COOLING TOTAL       1                 3      -2
 SINCE 1/1          1                 3      -2
.................................................

WIND (MPH)
AVERAGE WIND SPEED              5.1
HIGHEST WIND SPEED/DIRECTION    23/220    DATE  04/20
HIGHEST GUST SPEED/DIRECTION    37/260    DATE  04/22

-  INDICATES NEGATIVE NUMBERS.
R  INDICATES RECORD WAS SET OR TIED.
MM INDICATES DATA IS MISSING.
T  INDICATES TRACE AMOUNT.

REMARKS:
DUE TO HIGHLY SUSPECT PRECIPITATION VALUES FROM THE AUTOMATED RAIN
GAUGE...ALL LIQUID PRECIPITATION DATA WILL BE CODED AS MISSING.
ALSO...DUE TO EQUIPMENT FAILURE RESULTING IN MISSING TEMPERATURE
DATA ON APRIL 26...ALL TEMPERATURE AND HDD VALUES WILL BE CALCULATED
WITHOUT DATA FROM THIS DATE.

$$

PW
