000
CXUS53 KTOP 011420
CLMLWC


CLIMATE REPORT
NATIONAL WEATHER SERVICE TOPEKA KS
916 AM CDT WED NOV 1 2017

...................................

...THE LAWRENCE KS CLIMATE SUMMARY FOR THE MONTH OF OCTOBER 2017...

CLIMATE NORMAL PERIOD 1981 TO 2010
CLIMATE RECORD PERIOD 9999 TO 9999

WEATHER         OBSERVED          NORMAL  DEPART  LAST YEAR`S
                 VALUE   DATE(S)  VALUE   FROM    VALUE
                                          NORMAL
.............................................................
TEMPERATURE (F)
HIGHEST            86   10/02                         88
LOWEST             21R  10/31                         33
AVG. MAXIMUM     69.9              68.8     1.1     73.5
AVG. MINIMUM     44.8              43.4     1.4     48.9
MEAN             57.4              56.1     1.3     61.2
DAYS MAX >= 90      0               0.4    -0.4        0
DAYS MAX <= 32      0               0.0     0.0        0
DAYS MIN <= 32      6               4.5     1.5        0
DAYS MIN <= 0       0               0.0     0.0        0

PRECIPITATION (INCHES)
TOTALS           3.40              2.88    0.52     1.71
DAILY AVG.       0.11                               0.06
DAYS >= .01         8                                  7
DAYS >= .10         6                                  4
DAYS >= .50         1                                  1
DAYS >= 1.00        1                                  0
GREATEST
 24 HR. TOTAL    2.19   10/21 TO 10/21              0.74

DEGREE_DAYS
HEATING TOTAL     274               301     -27      162
 SINCE 7/1        296               364     -68      190
COOLING TOTAL      45                26      19       49
 SINCE 1/1       1327              1370     -43     1587
..............................................................

WIND (MPH)
AVERAGE WIND SPEED              9.5
HIGHEST WIND SPEED/DIRECTION    39/190    DATE  10/14
HIGHEST GUST SPEED/DIRECTION    72/160    DATE  10/14

SKY COVER
POSSIBLE SUNSHINE (PERCENT)   MM
AVERAGE SKY COVER           0.30
NUMBER OF DAYS FAIR           20
NUMBER OF DAYS PC              7
NUMBER OF DAYS CLOUDY          4

AVERAGE RH (PERCENT)     71

WEATHER CONDITIONS. NUMBER OF DAYS WITH
THUNDERSTORM              5     MIXED PRECIP               0
HEAVY RAIN                3     RAIN                       4
LIGHT RAIN               11     FREEZING RAIN              0
LT FREEZING RAIN          0     HEAVY SNOW                 0
SNOW                      0     LIGHT SNOW                 0
FOG                      13     FOG W/VIS <= 1/4 MILE      0
HAZE                      8

-  INDICATES NEGATIVE NUMBERS.
R  INDICATES RECORD WAS SET OR TIED.
MM INDICATES DATA IS MISSING.
T  INDICATES TRACE AMOUNT.

$$
