000
CXUS53 KTOP 011531 CCA
CLMLWC

CLIMATE REPORT
NATIONAL WEATHER SERVICE TOPEKA KS
930 AM CDT TUE JUL 1 2014

...................................

...THE LAWRENCE KS CLIMATE SUMMARY FOR THE MONTH OF JUNE 2014...

CLIMATE NORMAL PERIOD 1981 TO 2010
CLIMATE RECORD PERIOD 9999 TO 9999

WEATHER         OBSERVED          NORMAL  DEPART  LAST YEAR`S
                 VALUE   DATE(S)  VALUE   FROM    VALUE
                                          NORMAL
.............................................................
TEMPERATURE (F)
HIGHEST            94   06/30                         99
                        06/20
LOWEST             51   06/13                         44
AVG. MAXIMUM     85.8              84.9     0.9     86.5
AVG. MINIMUM     65.0              62.9     2.1     62.9
MEAN             75.4              73.9     1.5     74.7
DAYS MAX >= 90      9               6.3     2.7       14
DAYS MAX <= 32      0               0.0     0.0        0
DAYS MIN <= 32      0               0.0     0.0        0
DAYS MIN <= 0       0               0.0     0.0        0

PRECIPITATION (INCHES)
TOTALS           9.16              5.46    3.70     1.35
DAILY AVG.       0.31                               0.05
DAYS >= .01        13                                 10
DAYS >= .10        11                                  5
DAYS >= .50         9                                  0
DAYS >= 1.00        2                                  0
GREATEST
 24 HR. TOTAL    2.68   06/09 TO 06/10              0.85

DEGREE_DAYS
HEATING TOTAL       0                 8      -8       13
 SINCE 7/1       5635              5092     543     5283
COOLING TOTAL     318               275      43      312
 SINCE 1/1        511               394     117      439
..............................................................

WIND (MPH)
AVERAGE WIND SPEED              9.2
HIGHEST WIND SPEED/DIRECTION    43/090    DATE  06/05
HIGHEST GUST SPEED/DIRECTION    53/090    DATE  06/05

SKY COVER
POSSIBLE SUNSHINE (PERCENT)   MM
AVERAGE SKY COVER           0.30
NUMBER OF DAYS FAIR           14
NUMBER OF DAYS PC             15
NUMBER OF DAYS CLOUDY          1

AVERAGE RH (PERCENT)     73

WEATHER CONDITIONS. NUMBER OF DAYS WITH
THUNDERSTORM             12     MIXED PRECIP               0
HEAVY RAIN                9     RAIN                      10
LIGHT RAIN               16     FREEZING RAIN              0
LT FREEZING RAIN          0     HEAVY SNOW                 0
SNOW                      0     LIGHT SNOW                 0
FOG                      18     FOG W/VIS <= 1/4 MILE      1
HAZE                      8

-  INDICATES NEGATIVE NUMBERS.
R  INDICATES RECORD WAS SET OR TIED.
MM INDICATES DATA IS MISSING.
T  INDICATES TRACE AMOUNT.

$$
