000
CXUS53 KTOP 011535 CCA
CLMLWC

CLIMATE REPORT
NATIONAL WEATHER SERVICE TOPEKA KS...CORRECTION
947 AM CDT FRI SEP 1 2017

...................................

...THE LAWRENCE KS CLIMATE SUMMARY FOR THE MONTH OF AUGUST 2017...

CLIMATE NORMAL PERIOD 1981 TO 2010
CLIMATE RECORD PERIOD 9999 TO 9999

WEATHER         OBSERVED          NORMAL  DEPART  LAST YEAR`S
                 VALUE   DATE(S)  VALUE   FROM    VALUE
                                          NORMAL
.............................................................
TEMPERATURE (F)
HIGHEST            92   08/19                        100
LOWEST             51   08/04                         52
AVG. MAXIMUM     83.5              89.4    -5.9     87.7
AVG. MINIMUM     60.5              65.2    -4.7     66.5
MEAN             72.0              77.3    -5.3     77.1
DAYS MAX >= 90      4              14.1   -10.1       11
DAYS MAX <= 32      0               0.0     0.0        0
DAYS MIN <= 32      0               0.0     0.0        0
DAYS MIN <= 0       0               0.0     0.0        0

PRECIPITATION (INCHES)
TOTALS             MMR             4.33      MM     3.00
DAILY AVG.       0.16                               0.11
DAYS >= .01         5                                  7
DAYS >= .10         4                                  5
DAYS >= .50         2                                  3
DAYS >= 1.00        1                                  1
GREATEST
 24 HR. TOTAL    3.32   08/21 TO 08/21              1.21

DEGREE_DAYS
HEATING TOTAL       3                 2       1        0
 SINCE 7/1          3                 3       0        0
COOLING TOTAL     228               383    -155      383
 SINCE 1/1       1079              1191    -112     1317
..............................................................

WIND (MPH)
AVERAGE WIND SPEED              5.2
HIGHEST WIND SPEED/DIRECTION    26/270    DATE  08/21
HIGHEST GUST SPEED/DIRECTION    40/260    DATE  08/21

SKY COVER
POSSIBLE SUNSHINE (PERCENT)   MM
AVERAGE SKY COVER           0.20
NUMBER OF DAYS FAIR           24
NUMBER OF DAYS PC              5
NUMBER OF DAYS CLOUDY          2

AVERAGE RH (PERCENT)     77

WEATHER CONDITIONS. NUMBER OF DAYS WITH
THUNDERSTORM              5     MIXED PRECIP               0
HEAVY RAIN                4     RAIN                       4
LIGHT RAIN                8     FREEZING RAIN              0
LT FREEZING RAIN          0     HEAVY SNOW                 0
SNOW                      0     LIGHT SNOW                 0
FOG                      21     FOG W/VIS <= 1/4 MILE      3
HAZE                      1

-  INDICATES NEGATIVE NUMBERS.
R  INDICATES RECORD WAS SET OR TIED.
MM INDICATES DATA IS MISSING.
T  INDICATES TRACE AMOUNT.

$$
