000
CXUS53 KTOP 011420
CLMLWC


CLIMATE REPORT
NATIONAL WEATHER SERVICE TOPEKA KS
819 AM CST SUN FEB 1 2015

...................................

...THE LAWRENCE KS CLIMATE SUMMARY FOR THE MONTH OF JANUARY 2015...

CLIMATE NORMAL PERIOD 1981 TO 2010
CLIMATE RECORD PERIOD 9999 TO 9999

WEATHER         OBSERVED          NORMAL  DEPART  LAST YEAR`S
                 VALUE   DATE(S)  VALUE   FROM    VALUE
                                          NORMAL
.............................................................
TEMPERATURE (F)
HIGHEST            76   01/28                         67
LOWEST             -4   01/07                        -10
AVG. MAXIMUM     44.6              39.9     4.7     39.7
AVG. MINIMUM     15.1              18.6    -3.5     12.9
MEAN             29.8              29.3     0.5     26.3
DAYS MAX >= 90      0               0.0     0.0        0
DAYS MAX <= 32      6               8.6    -2.6       10
DAYS MIN <= 32     31              28.0     3.0       31
DAYS MIN <= 0       3               1.8     1.2        7

PRECIPITATION (INCHES)
TOTALS           1.06              1.01    0.05     0.08
DAILY AVG.       0.03                               0.00
DAYS >= .01         3                                  5
DAYS >= .10         1                                  0
DAYS >= .50         1                                  0
DAYS >= 1.00        1                                  0
GREATEST
 24 HR. TOTAL    1.01   01/31 TO 01/31              0.04

DEGREE_DAYS
HEATING TOTAL    1085              1108     -23     1192
 SINCE 7/1       3199              3151      48     3343
COOLING TOTAL       0                 0       0        0
 SINCE 1/1          0                 0       0        0
..............................................................

WIND (MPH)
AVERAGE WIND SPEED              8.6
HIGHEST WIND SPEED/DIRECTION    36/340    DATE  01/29
HIGHEST GUST SPEED/DIRECTION    49/320    DATE  01/17

SKY COVER
POSSIBLE SUNSHINE (PERCENT)   MM
AVERAGE SKY COVER           0.30
NUMBER OF DAYS FAIR           23
NUMBER OF DAYS PC              3
NUMBER OF DAYS CLOUDY          5

AVERAGE RH (PERCENT)     63

WEATHER CONDITIONS. NUMBER OF DAYS WITH
THUNDERSTORM              0     MIXED PRECIP               0
HEAVY RAIN                0     RAIN                       0
LIGHT RAIN                3     FREEZING RAIN              0
LT FREEZING RAIN          0     HEAVY SNOW                 0
SNOW                      0     LIGHT SNOW                 5
FOG                      12     FOG W/VIS <= 1/4 MILE      0
HAZE                     14

-  INDICATES NEGATIVE NUMBERS.
R  INDICATES RECORD WAS SET OR TIED.
MM INDICATES DATA IS MISSING.
T  INDICATES TRACE AMOUNT.

$$
