000
CXUS53 KTOP 012352 CCA
CLMLWC

CLIMATE REPORT...CORRECTED THUNDERSTORM DAYS
NATIONAL WEATHER SERVICE TOPEKA KS
652 PM CDT SAT AUG 1 2015

...................................

...THE LAWRENCE KS CLIMATE SUMMARY FOR THE MONTH OF JULY 2015...

CLIMATE NORMAL PERIOD 1981 TO 2010
CLIMATE RECORD PERIOD 9999 TO 9999

WEATHER         OBSERVED          NORMAL  DEPART  LAST YEAR`S
                 VALUE   DATE(S)  VALUE   FROM    VALUE
                                          NORMAL
.............................................................
TEMPERATURE (F)
HIGHEST            98   07/24                        102
LOWEST             57   07/04                         49
AVG. MAXIMUM     88.2              89.5    -1.3     87.7
AVG. MINIMUM     68.2              67.2     1.0     62.0
MEAN             78.2              78.3    -0.1     74.9
DAYS MAX >= 90     18              15.1     2.9        9
DAYS MAX <= 32      0               0.0     0.0        0
DAYS MIN <= 32      0               0.0     0.0        0
DAYS MIN <= 0       0               0.0     0.0        0

PRECIPITATION (INCHES)
TOTALS           8.41              4.18    4.23     1.80
DAILY AVG.       0.27                               0.06
DAYS >= .01        14                                  4
DAYS >= .10        10                                  2
DAYS >= .50         7                                  1
DAYS >= 1.00        3                                  1
GREATEST
 24 HR. TOTAL    2.91   07/06 TO 07/07              1.36

DEGREE_DAYS
HEATING TOTAL       1                 1       0        1
 SINCE 7/1          1                 1       0        1
COOLING TOTAL     418               414       4      316
 SINCE 1/1        834               808      26      827
..............................................................

WIND (MPH)
AVERAGE WIND SPEED              6.2
HIGHEST WIND SPEED/DIRECTION    30/300    DATE  07/15
HIGHEST GUST SPEED/DIRECTION    41/290    DATE  07/15

SKY COVER
POSSIBLE SUNSHINE (PERCENT)   MM
AVERAGE SKY COVER           0.20
NUMBER OF DAYS FAIR           23
NUMBER OF DAYS PC              6
NUMBER OF DAYS CLOUDY          2

AVERAGE RH (PERCENT)     75

WEATHER CONDITIONS. NUMBER OF DAYS WITH
THUNDERSTORM             11     MIXED PRECIP               0
HEAVY RAIN                7     RAIN                       8
LIGHT RAIN               15     FREEZING RAIN              0
LT FREEZING RAIN          0     HEAVY SNOW                 0
SNOW                      0     LIGHT SNOW                 0
FOG                      22     FOG W/VIS <= 1/4 MILE      0
HAZE                      7

-  INDICATES NEGATIVE NUMBERS.
R  INDICATES RECORD WAS SET OR TIED.
MM INDICATES DATA IS MISSING.
T  INDICATES TRACE AMOUNT.

$$
