000
CXUS53 KILX 011629
CLMLWV


CLIMATE REPORT
NATIONAL WEATHER SERVICE LINCOLN IL
954 AM CST FRI DEC 1 2017

...................................

...THE LAWRENCEVILLE IL AIRPORT CLIMATE SUMMARY FOR THE MONTH OF NOVEMBER 2017...

CLIMATE NORMAL PERIOD 1981 TO 2010
CLIMATE RECORD PERIOD 9999 TO 9999

WEATHER         OBSERVED          NORMAL  DEPART  LAST YEAR`S
                 VALUE   DATE(S)  VALUE   FROM    VALUE
                                          NORMAL
.............................................................
TEMPERATURE (F)
RECORD
 HIGH              MM   MM
 LOW               MM   MM
HIGHEST            74   11/05        MM      MM       84
LOWEST             25   11/22        MM      MM       23
AVG. MAXIMUM     56.1              55.8     0.3     60.1
AVG. MINIMUM     36.5              36.9    -0.4     38.0
MEAN             46.3              46.3     0.0     49.1
DAYS MAX >= 90      0               0.0     0.0        0
DAYS MAX <= 32      0               0.1    -0.1        0
DAYS MIN <= 32     13               9.4     3.6       10
DAYS MIN <= 0       0               0.0     0.0        0

PRECIPITATION (INCHES)
RECORD
 MAXIMUM           MM   MM
 MINIMUM           MM   MM
TOTALS           2.79              3.97   -1.18     3.24
DAILY AVG.       0.10              0.13   -0.03     0.11
DAYS >= .01         7                MM      MM        7
DAYS >= .10         5                MM      MM        4
DAYS >= .50         3                MM      MM        3
DAYS >= 1.00        0                MM      MM        2
GREATEST
 24 HR. TOTAL    0.79   11/05 TO 11/05              1.26

DEGREE_DAYS
HEATING TOTAL     556               561      -5      480
 SINCE 7/1        769               858     -89      622
COOLING TOTAL       1                 1       0       10
 SINCE 1/1       1432              1387      45     1615
..............................................................

WIND (MPH)
AVERAGE WIND SPEED              9.5
HIGHEST WIND SPEED/DIRECTION    40/200    DATE  11/18
HIGHEST GUST SPEED/DIRECTION    49/190    DATE  11/18

SKY COVER
POSSIBLE SUNSHINE (PERCENT)   MM
AVERAGE SKY COVER           0.40
NUMBER OF DAYS FAIR           14
NUMBER OF DAYS PC              7
NUMBER OF DAYS CLOUDY          9

AVERAGE RH (PERCENT)     70

WEATHER CONDITIONS. NUMBER OF DAYS WITH
THUNDERSTORM              4     MIXED PRECIP               0
HEAVY RAIN                4     RAIN                       6
LIGHT RAIN               12     FREEZING RAIN              0
LT FREEZING RAIN          0     HAIL                       0
HEAVY SNOW                0     SNOW                       0
LIGHT SNOW                2     SLEET                      0
FOG                      16     FOG W/VIS <= 1/4 MILE      2
HAZE                      8

-  INDICATES NEGATIVE NUMBERS.
R  INDICATES RECORD WAS SET OR TIED.
MM INDICATES DATA IS MISSING.
T  INDICATES TRACE AMOUNT.

$$
