000
CXUS51 KRNK 011121
CLMLYH


CLIMATE REPORT
NATIONAL WEATHER SERVICE BLACKSBURG VA
614 AM EST WED FEB 1 2017

...................................

...THE LYNCHBURG VA CLIMATE SUMMARY FOR THE MONTH OF JANUARY 2017...

CLIMATE NORMAL PERIOD 1981 TO 2010
CLIMATE RECORD PERIOD 1893 TO 2017

WEATHER         OBSERVED          NORMAL  DEPART  LAST YEAR`S
                 VALUE   DATE(S)  VALUE   FROM    VALUE
                                          NORMAL
.............................................................
TEMPERATURE (F)
RECORD
 HIGH              80   01/30/2002
 LOW              -10   01/21/1985
HIGHEST            68   01/25                         64
LOWEST              0   01/09                          9
AVG. MAXIMUM     48.4              45.4     3.0     43.4
AVG. MINIMUM     31.5              24.8     6.7     22.8
MEAN             40.0              35.1     4.9     33.1
DAYS MAX >= 90      0               0.0     0.0        0
DAYS MAX <= 32      3               3.1    -0.1        4
DAYS MIN <= 32     14              24.0   -10.0       29
DAYS MIN <= 0       1               0.3     0.7        0

PRECIPITATION (INCHES)
RECORD
 MAXIMUM         9.46   1936
 MINIMUM         0.49   1981
TOTALS           3.78              3.14    0.64     2.77
DAILY AVG.       0.12              0.10    0.02     0.09
DAYS >= .01        16               9.2     6.8        9
DAYS >= .10         8               5.8     2.2        5
DAYS >= .50         2               2.3    -0.3        2
DAYS >= 1.00        1               0.6     0.4        1
GREATEST
 24 HR. TOTAL    1.54                               1.23

SNOWFALL (INCHES)
TOTALS            5.9                               10.2
DAYS >= TRACE       5                                  5
DAYS >= 1.0         2                                  2
GREATEST
 24 HR TOTAL      4.9                                8.5

DEGREE_DAYS
HEATING TOTAL     769               927    -158      983
COOLING TOTAL       0                 0       0        0
..............................................................

WIND (MPH)
AVERAGE WIND SPEED              5.9
HIGHEST WIND SPEED/DIRECTION    29/040    DATE  01/23
HIGHEST GUST SPEED/DIRECTION    40/280    DATE  01/26

SKY COVER
AVERAGE SKY COVER           0.60

AVERAGE RH (PERCENT)     71

WEATHER CONDITIONS. NUMBER OF DAYS WITH
THUNDERSTORM              0     MIXED PRECIP               0
HEAVY RAIN                1     RAIN                       6
LIGHT RAIN               17     FREEZING RAIN              0
LT FREEZING RAIN          0     HAIL                       0
HEAVY SNOW                0     SNOW                       1
LIGHT SNOW                5     SLEET                      0
FOG                      17     FOG W/VIS <= 1/4 MILE      4
HAZE                      0

-  INDICATES NEGATIVE NUMBERS.
R  INDICATES RECORD WAS SET OR TIED.
MM INDICATES DATA IS MISSING.
T  INDICATES TRACE AMOUNT.

$$
