000
CXUS51 KRNK 011137
CLMLYH


CLIMATE REPORT
NATIONAL WEATHER SERVICE BLACKSBURG VA
731 AM EDT TUE AUG 1 2017

...................................

...THE LYNCHBURG VA CLIMATE SUMMARY FOR THE MONTH OF JULY 2017...

CLIMATE NORMAL PERIOD 1981 TO 2010
CLIMATE RECORD PERIOD 1893 TO 2017

WEATHER         OBSERVED          NORMAL  DEPART  LAST YEAR`S
                 VALUE   DATE(S)  VALUE   FROM    VALUE
                                          NORMAL
.............................................................
TEMPERATURE (F)
RECORD
 HIGH             106   07/10/1936
 LOW               49   07/31/1997
                        07/02/1988
HIGHEST            95   07/23                         95
LOWEST             53   07/30                         62
AVG. MAXIMUM     88.4              86.5     1.9     87.7
AVG. MINIMUM     65.6              64.0     1.6     67.4
MEAN             76.9              75.3     1.6     77.5
DAYS MAX >= 90     13               8.4     4.6       11
DAYS MAX <= 32      0               0.0     0.0        0
DAYS MIN <= 32      0               0.0     0.0        0
DAYS MIN <= 0       0               0.0     0.0        0

PRECIPITATION (INCHES)
RECORD
 MAXIMUM        10.30   1984
 MINIMUM         0.75   1932
TOTALS           3.30              4.36   -1.06     6.00
DAILY AVG.       0.11              0.14   -0.03     0.19
DAYS >= .01        10              11.7    -1.7       14
DAYS >= .10         8               7.2     0.8        7
DAYS >= .50         3               2.9     0.1        3
DAYS >= 1.00        0               1.3    -1.3        2
GREATEST
 24 HR. TOTAL    0.91                               3.24

SNOWFALL (INCHES)
TOTALS            0.0                                0.0
DAYS >= TRACE       0                                  0
DAYS >= 1.0         0                                  0
GREATEST
 24 HR TOTAL      0.0                                0.0

DEGREE_DAYS
HEATING TOTAL       0                 1      -1        0
COOLING TOTAL     353               318      35      393
..............................................................

WIND (MPH)
AVERAGE WIND SPEED              3.6
HIGHEST WIND SPEED/DIRECTION    24/310    DATE  07/18
HIGHEST GUST SPEED/DIRECTION    35/280    DATE  07/14

SKY COVER
AVERAGE SKY COVER           0.20

AVERAGE RH (PERCENT)     71

WEATHER CONDITIONS. NUMBER OF DAYS WITH
THUNDERSTORM             12     MIXED PRECIP               0
HEAVY RAIN                6     RAIN                       8
LIGHT RAIN               14     FREEZING RAIN              0
LT FREEZING RAIN          0     HAIL                       0
HEAVY SNOW                0     SNOW                       0
LIGHT SNOW                0     SLEET                      0
FOG                      17     FOG W/VIS <= 1/4 MILE      1
HAZE                      0

-  INDICATES NEGATIVE NUMBERS.
R  INDICATES RECORD WAS SET OR TIED.
MM INDICATES DATA IS MISSING.
T  INDICATES TRACE AMOUNT.

REMARKS:
DUE TO MISSING TEMPERATURES ON FEBRUARY 23 AND JULY 24-25...ALL
TEMPERATURE AND DEGREE DAY INFORMATION WILL BE CALCULATED WITHOUT
DATA FROM THESE DATES.

$$

PW
