000
CXUS51 KRNK 010947
CLMLYH


CLIMATE REPORT
NATIONAL WEATHER SERVICE BLACKSBURG VA
543 AM EDT FRI JUL 1 2016

...................................

...THE LYNCHBURG VA CLIMATE SUMMARY FOR THE MONTH OF JUNE 2016...

CLIMATE NORMAL PERIOD 1981 TO 2010
CLIMATE RECORD PERIOD 1893 TO 2016

WEATHER         OBSERVED          NORMAL  DEPART  LAST YEAR`S
                 VALUE   DATE(S)  VALUE   FROM    VALUE
                                          NORMAL
.............................................................
TEMPERATURE (F)
RECORD
 HIGH             104   06/29/1934
 LOW                7   06/17/2015
HIGHEST            92   06/12                         92
                        06/11
LOWEST             48   06/09                         53
AVG. MAXIMUM     83.1              83.2    -0.1     83.7
AVG. MINIMUM     61.6              60.1     1.5     63.4
MEAN             72.3              71.6     0.7     73.6
DAYS MAX >= 90      3               4.0    -1.0        6
DAYS MAX <= 32      0               0.0     0.0        0
DAYS MIN <= 32      0               0.0     0.0        0
DAYS MIN <= 0       0               0.0     0.0        0

PRECIPITATION (INCHES)
RECORD
 MAXIMUM         9.97   1989
 MINIMUM         0.47   1986
TOTALS           6.27              3.62    2.65     5.59
DAILY AVG.       0.21              0.12    0.09     0.19
DAYS >= .01        11              10.0     1.0       15
DAYS >= .10         5               6.1    -1.1       14
DAYS >= .50         4               2.4     1.6        4
DAYS >= 1.00        1               0.9     0.1        1
GREATEST
 24 HR. TOTAL    3.56                               1.44

SNOWFALL (INCHES)
TOTALS            0.0                                0.0
DAYS >= TRACE       0                                  0
DAYS >= 1.0         0                                  0
GREATEST
 24 HR TOTAL      0.0                                0.0

DEGREE_DAYS
HEATING TOTAL       1                14     -13       13
COOLING TOTAL     229               214      15      278
..............................................................

WIND (MPH)
AVERAGE WIND SPEED              4.4
HIGHEST WIND SPEED/DIRECTION    24/330    DATE  06/16
HIGHEST GUST SPEED/DIRECTION    39/310    DATE  06/16

SKY COVER
AVERAGE SKY COVER           0.30

AVERAGE RH (PERCENT)     71

WEATHER CONDITIONS. NUMBER OF DAYS WITH
THUNDERSTORM              9     MIXED PRECIP               0
HEAVY RAIN                4     RAIN                       4
LIGHT RAIN               15     FREEZING RAIN              0
LT FREEZING RAIN          0     HAIL                       1
HEAVY SNOW                0     SNOW                       0
LIGHT SNOW                0     SLEET                      0
FOG                      13     FOG W/VIS <= 1/4 MILE      3
HAZE                      0

-  INDICATES NEGATIVE NUMBERS.
R  INDICATES RECORD WAS SET OR TIED.
MM INDICATES DATA IS MISSING.
T  INDICATES TRACE AMOUNT.

$$

PW
