000
CXUS54 KLZK 012102
CLMLZK


CLIMATE REPORT
NATIONAL WEATHER SERVICE LITTLE ROCK AR
359 PM CDT WED JUL 1 2015

...................................

...THE NORTH LITTLE ROCK CLIMATE SUMMARY FOR THE MONTH OF JUNE 2015...

CLIMATE NORMAL PERIOD 1981 TO 2010
CLIMATE RECORD PERIOD 1975 TO 2015

WEATHER         OBSERVED          NORMAL  DEPART  LAST YEAR`S
                 VALUE   DATE(S)  VALUE   FROM    VALUE  DATE(S)
                                          NORMAL
................................................................
TEMPERATURE (F)
RECORD
 HIGH             105   06/25/2012
 LOW               53   06/13/1985
HIGHEST            96   06/25        89       7       92  06/22
LOWEST             62   06/02        69      -7       62  06/14
                        06/01
AVG. MAXIMUM     88.6              88.2     0.4     85.8
AVG. MINIMUM     71.0              69.3     1.7     70.0
MEAN             79.8              78.7     1.1     77.9
DAYS MAX >= 90     16              12.5     3.5        4
DAYS MAX <= 32      0               0.0     0.0        0
DAYS MIN <= 32      0               0.0     0.0        0
DAYS MIN <= 0       0               0.0     0.0        0

PRECIPITATION (INCHES)
RECORD
 MAXIMUM         7.58   2014
 MINIMUM         0.64   1980
TOTALS           2.41              3.31   -0.90     7.58
DAILY AVG.       0.08              0.11   -0.03     0.25
DAYS >= .01         7               9.0    -2.0       15
DAYS >= .10         5                                 11
DAYS >= .50         2                                  5
DAYS >= 1.00        1               1.0     0.0        3
GREATEST
 24 HR. TOTAL    1.23   06/26 TO 06/26

SNOWFALL (INCHES)
TOTALS            0.0               0.0     0.0      0.0
 LIQUID EQUIV    0.00              0.00    0.00     0.00
SINCE 7/1        10.6               4.4     6.2      5.2
 LIQUID 7/1      1.06              0.50    0.56     0.52
SNOWDEPTH AVG.      0
DAYS >= TRACE       0               0.0     0.0        0
DAYS >= 1.0         0                                  0
GREATEST
 SNOW DEPTH         0   MM
 24 HR TOTAL      0.0

DEGREE_DAYS
HEATING TOTAL       0                 1      -1        0
 SINCE 7/1       3312              3006     306     3534
COOLING TOTAL     450               413      37      392
 SINCE 1/1        733               709      24      656

FREEZE DATES
RECORD
 EARLIEST     10/20/1989
 LATEST       04/19/1983
EARLIEST                        11/13
LATEST                          03/19
.................................................

WIND (MPH)
AVERAGE WIND SPEED              5.8
HIGHEST WIND SPEED/DIRECTION    17/MM     DATE   MM
HIGHEST GUST SPEED/DIRECTION    44/MM     DATE  06/26

SKY COVER
POSSIBLE SUNSHINE (PERCENT)   MM
AVERAGE SKY COVER           0.30
NUMBER OF DAYS FAIR           14
NUMBER OF DAYS PC             16
NUMBER OF DAYS CLOUDY          0

AVERAGE RH (PERCENT)     77

WEATHER CONDITIONS. NUMBER OF DAYS WITH
THUNDERSTORM              0     MIXED PRECIP               0
HEAVY RAIN                2     RAIN                       4
LIGHT RAIN                6     FREEZING RAIN              0
LT FREEZING RAIN          0     HAIL                       0
HEAVY SNOW                0     SNOW                       0
LIGHT SNOW                0     SLEET                      0
FOG                       0     FOG W/VIS <= 1/4 MILE      0
HAZE                      0

-  INDICATES NEGATIVE NUMBERS.
R  INDICATES RECORD WAS SET OR TIED.
MM INDICATES DATA IS MISSING.
T  INDICATES TRACE AMOUNT.

&&

...DATA FOR NORTH LITTLE ROCK FOR JUNE 2015...

.SUMMARY...

TEMPERATURES WERE ABOVE AVERAGE AND RAINFALL WAS BELOW AVERAGE FOR
JUNE.

THE MERCURY FAILED TO REACH THE CENTURY MARK FOR THE 3RD JUNE IN A
ROW. WITH THE EXCEPTION OF 11 DAYS...DAILY TEMPERATURES WERE
ABOVE AVERAGE MUCH OF THE MONTH. THE WARMEST TEMPERATURES WERE SEEN
DURING THE EARLY PART OF THE LAST WEEK OF THE MONTH. THE COOLEST
PERIODS WERE THE FIRST FEW DAYS OF THE MONTH...AND DURING THE LAST
FIVE DAYS.

THE MONTH WAS DRY UNTIL THE END OF THE SECOND WEEK...AFTER WHICH
MEASURABLE PRECIPITATION FELL NEARLY EVERY DAY FOR MUCH OF THE NEXT
WEEK. THE MOST PRECIPITATION FELL DURING THE 26TH...AS STRONG TO
SEVERE THUNDERSTORMS PASSED OVER NORTH LITTLE ROCK AND THE
SURROUNDING AREAS.

.MONTHLY TEMPERATURES...

THE AVERAGE HIGH TEMPERATURE WAS THE WARMEST SINCE 2012. THE AVERAGE
LOW TEMPERATURE WAS THE WARMEST SINCE 2011...AND TIED 2009...2002...
AND 2004 FOR THE 5TH WARMEST ON RECORD. THE AVERAGE MONTHLY TEMPERATURE
WAS THE WARMEST SINCE 2012.

.DAILY AVERAGE TEMPERATURES...

ABOVE NORMAL ON 19 DAYS...NORMAL ON THREE DAYS...AND BELOW NORMAL ON
EIGHT DAYS.

.NUMBER OF DAYS WITH TEMPERATURES...

AT OR ABOVE 90 DEGREES...16...THE MOST SINCE 2012
AT OR BELOW 70 DEGREES....8...THE LEAST SINCE 2011

.DAILY TEMPERATURE RECORDS TIED OR BROKEN DURING THE MONTH...

NONE.

.RAINFALL...

IT WAS THE DRIEST JUNE SINCE 2013...AND THE FIRST JUNE SINCE THEN
WITH BELOW AVERAGE RAINFALL.

.DAILY RAINFALL RECORDS TIED OR BROKEN DURING THE MONTH...

NONE.

.MISCELLANEOUS PHENOMENA...

A WIND GUST OF 44 MPH WAS RECORDED WITH THE PASSAGE OF A STRONG
THUNDERSTORM ON JUNE 26TH.

$$

57
