805
CXUS54 KLZK 041552
CLMLZK


CLIMATE REPORT
NATIONAL WEATHER SERVICE LITTLE ROCK AR
1049 AM CDT TUE JUL 4 2017

...................................

...THE NORTH LITTLE ROCK CLIMATE SUMMARY FOR THE MONTH OF JUNE 2017...

CLIMATE NORMAL PERIOD 1981 TO 2010
CLIMATE RECORD PERIOD 1975 TO 2017

WEATHER         OBSERVED          NORMAL  DEPART  LAST YEAR`S
                 VALUE   DATE(S)  VALUE   FROM    VALUE  DATE(S)
                                          NORMAL
................................................................
TEMPERATURE (F)
RECORD
 HIGH             105   06/25/2012
 LOW               53   06/13/1985
HIGHEST            90   06/16        89       1       96  06/17
LOWEST             60   06/09        69      -9       64  06/06
AVG. MAXIMUM     85.0              88.2    -3.2     89.8
AVG. MINIMUM     68.1              69.3    -1.2     71.8
MEAN             76.6              78.7    -2.1     80.8
DAYS MAX >= 90      1              12.5   -11.5       18
DAYS MAX <= 32      0               0.0     0.0        0
DAYS MIN <= 32      0               0.0     0.0        0
DAYS MIN <= 0       0               0.0     0.0        0

PRECIPITATION (INCHES)
RECORD
 MAXIMUM         7.58   2014
 MINIMUM         0.64   1980
TOTALS           6.12              3.31    2.81     1.94
DAILY AVG.       0.20              0.11    0.09     0.06
DAYS >= .01        13               9.0     4.0        8
DAYS >= .10         9                                  6
DAYS >= .50         6                                  1
DAYS >= 1.00        2               1.0     1.0        0
GREATEST
 24 HR. TOTAL    1.74   06/03 TO 06/04

SNOWFALL (INCHES)
TOTALS            0.0               0.0     0.0      0.0
 LIQUID EQUIV    0.00              0.00    0.00     0.00
SINCE 7/1         0.8               4.4    -3.6      7.2
 LIQUID 7/1      0.08              0.50   -0.42     0.72
SNOWDEPTH AVG.      0
DAYS >= TRACE       0               0.0     0.0        0
DAYS >= 1.0         0                                  0
GREATEST
 SNOW DEPTH         0   MM
 24 HR TOTAL      0.0

DEGREE_DAYS
HEATING TOTAL       0                 1      -1        0
 SINCE 7/1       2198              3006    -808     2321
COOLING TOTAL     354               413     -59      483
 SINCE 1/1        657               709     -52      711

FREEZE DATES
RECORD
 EARLIEST     10/20/1989
 LATEST       04/19/1983
EARLIEST      12/08             11/13
LATEST        03/15             03/19
.................................................

WIND (MPH)
AVERAGE WIND SPEED              4.4
HIGHEST WIND SPEED/DIRECTION    13/200    DATE  06/30
HIGHEST GUST SPEED/DIRECTION    38/360    DATE  06/23

SKY COVER
POSSIBLE SUNSHINE (PERCENT)   MM
AVERAGE SKY COVER           0.00
NUMBER OF DAYS FAIR          MM
NUMBER OF DAYS PC            MM
NUMBER OF DAYS CLOUDY        MM

AVERAGE RH (PERCENT)     75

WEATHER CONDITIONS. NUMBER OF DAYS WITH
THUNDERSTORM              0     MIXED PRECIP               0
HEAVY RAIN                3     RAIN                       6
LIGHT RAIN               10     FREEZING RAIN              0
LT FREEZING RAIN          0     HAIL                       0
HEAVY SNOW                0     SNOW                       0
LIGHT SNOW                0     SLEET                      0
FOG                       3     FOG W/VIS <= 1/4 MILE      0
HAZE                      0

-  INDICATES NEGATIVE NUMBERS.
R  INDICATES RECORD WAS SET OR TIED.
MM INDICATES DATA IS MISSING.
T  INDICATES TRACE AMOUNT.

&&

...Data for North Little Rock for June 2017...

.Summary...
Things were very different this June compared to much of the last
decade. While there were a few days with temperatures above the 30-
year average, this was not the case in most of the month. This was
the coolest June by average high, low and monthly temperatures in 14
years.

Incredibly enough, there was only one 90-degree day at North Little
Rock during June. Since records began in late 1975, this is the
fewest number of 90-degree days ever recorded in the month of June.
This eclipsed the previous record of four, which was back in 2014.

The highest temperature recorded during the month was only 90
degrees, which was a first for the month of June. In the other 40
years of data recorded at North Little Rock, the highest June
temperatures have always been 91 degrees or greater. That was not
the case this year.

Speaking of 90-degree days, the first one for the year was on June
16th. This was the latest first 90-degree day since 1997, and the
2nd latest since records began.

The lowest temperature during the month was 60 degrees, which was
the coolest June reading since 2013.

Rainfall was well above average, and June 2017 was one of the
wettest ever recorded.

.Monthly Temperatures...
The average high temperature was the coolest since 2003, and the 8th
coolest on record. The average low temperature was the coolest since
2003. The average monthly temperature was the coolest since 2003,
and the 10th coolest on record.

.Daily Temperatures...
Daily temperatures were above average on eight days, average on
three days, and below average on 19 days.

.Daily Record Temperatures Tied or Broken During the Month...
None.

.Monthly Rainfall...
It was the wettest June since 2014, and the 7th wettest on record.

.Daily Rainfall Records Tied or Broken...

Date   New Record          Previous Record
 3rd  1.65 in 2017           0.96 in 1981

The rainfall of 1.65 inches on the 3rd marked the wettest June day
since June 8, 2014, and the 7th wettest calendar day rainfall on
record during the month of June.

$$

57
