000
CXUS54 KLZK 012352
CLMLZK


CLIMATE REPORT
NATIONAL WEATHER SERVICE LITTLE ROCK AR
544 PM CST THU DEC 1 2016

...................................

...THE NORTH LITTLE ROCK CLIMATE SUMMARY FOR THE MONTH OF NOVEMBER 2016...

CLIMATE NORMAL PERIOD 1981 TO 2010
CLIMATE RECORD PERIOD 1975 TO 2016

WEATHER         OBSERVED          NORMAL  DEPART  LAST YEAR`S
                 VALUE   DATE(S)  VALUE   FROM    VALUE  DATE(S)
                                          NORMAL
................................................................
TEMPERATURE (F)
RECORD
 HIGH              84   11/01/2003
 LOW               14   11/29/1976
HIGHEST            83   11/01        62      21       75  11/05
LOWEST             33   11/20        43     -10       29  11/22
AVG. MAXIMUM     66.0              61.7     4.3     63.0
AVG. MINIMUM     47.5              43.9     3.6     47.8
MEAN             56.7              52.8     3.9     55.4
DAYS MAX >= 90      0               0.0     0.0        0
DAYS MAX <= 32      0               0.0     0.0        0
DAYS MIN <= 32      0               3.0    -3.0        1
DAYS MIN <= 0       0               0.0     0.0        0

PRECIPITATION (INCHES)
RECORD
 MAXIMUM        14.82   1988
 MINIMUM         0.50   1999
TOTALS           2.46              5.39   -2.93    11.68
DAILY AVG.       0.08              0.18   -0.10     0.39
DAYS >= .01         6               8.8    -2.8       10
DAYS >= .10         4                                  9
DAYS >= .50         2                                  7
DAYS >= 1.00        1               1.9    -0.9        4
GREATEST
 24 HR. TOTAL    1.44   11/28 TO 11/28

SNOWFALL (INCHES)
RECORDS
 TOTAL            4.0   1980
                        1976
 24 HR TOTAL      4.0   11/26/1980 TO 11/26/1980
                        11/14/1976 TO 11/14/1976
 SNOW DEPTH         4   11/27/1980
TOTALS            0.0                 T     0.0      0.0
 LIQUID EQUIV    0.00              0.00    0.00     0.00
SINCE 7/1           T                 T     0.0      0.0
 LIQUID 7/1        MM              0.00      MM     0.00
SNOWDEPTH AVG.      0
DAYS >= TRACE       0               0.0     0.0        0
DAYS >= 1.0         0                                  0
GREATEST
 SNOW DEPTH         0   MM
 24 HR TOTAL      0.0

DEGREE_DAYS
HEATING TOTAL     269               377    -108      286
 SINCE 7/1        294               512    -218      353
COOLING TOTAL      28                11      17        4
 SINCE 1/1       2374              2169     205     2315

FREEZE DATES
RECORD
 EARLIEST     10/20/1989
 LATEST       04/19/1983
EARLIEST                        11/13
LATEST                          03/19
.................................................

WIND (MPH)
AVERAGE WIND SPEED              4.1
HIGHEST WIND SPEED/DIRECTION    16/MM     DATE   MM
HIGHEST GUST SPEED/DIRECTION    41/MM     DATE   MM

SKY COVER
POSSIBLE SUNSHINE (PERCENT)   MM
AVERAGE SKY COVER           0.00
NUMBER OF DAYS FAIR          MM
NUMBER OF DAYS PC            MM
NUMBER OF DAYS CLOUDY        MM

AVERAGE RH (PERCENT)     68

WEATHER CONDITIONS. NUMBER OF DAYS WITH
THUNDERSTORM              0     MIXED PRECIP               0
HEAVY RAIN                3     RAIN                       3
LIGHT RAIN                7     FREEZING RAIN              0
LT FREEZING RAIN          0     HAIL                       0
HEAVY SNOW                0     SNOW                       0
LIGHT SNOW                0     SLEET                      0
FOG                       8     FOG W/VIS <= 1/4 MILE      2
HAZE                      0

-  INDICATES NEGATIVE NUMBERS.
R  INDICATES RECORD WAS SET OR TIED.
MM INDICATES DATA IS MISSING.
T  INDICATES TRACE AMOUNT.

&&

...DATA FOR NORTH LITTLE ROCK FOR NOVEMBER 2016...

.SUMMARY...

THE TREND OF ABOVE AVERAGE TEMPERATURES CONTINUED INTO NOVEMBER. IN
THE FIRST AND THIRD WEEKS OF THE MONTH...DAILY AVERAGE TEMPERATURES
RANGED AS HIGH AS 15 DEGREES ABOVE WHERE THEY SHOULD HAVE BEEN FOR
THIS TIME OF YEAR. THIS MADE NOVEMBER ONE OF THE WARMEST EVER
RECORDED.

RAINFALL WAS WELL BELOW AVERAGE...AND MOST OF IT CAME DURING THE
LAST FULL WEEK OF THE MONTH...FROM THE 21ST THROUGH 28TH.

.MONTHLY TEMPERATURES...
THE AVERAGE HIGH TEMPERATURE WAS THE WARMEST SINCE 2003...AND THE
5TH WARMEST ON RECORD. THE AVERAGE LOW TEMPERATURE WAS THE COOLEST
SINCE 2014...BUT STILL THE 8TH WARMEST ON RECORD. THE AVERAGE
MONTHLY TEMPERATURE WAS THE WARMEST SINCE 2003...AND THE 5TH WARMEST
ON RECORD.

.DAILY TEMPERATURES...

DAILY TEMPERATURES WERE ABOVE AVERAGE ON 20 DAYS...AVERAGE ON
ONE DAY...AND BELOW AVERAGE ON NINE DAYS.

NO FREEZES OCCURRED DURING THE MONTH...WHICH IS THE FIRST TIME SINCE
2011.

.TEMPERATURE RECORDS TIED OR BROKEN DURING THE MONTH...

DATE  RECORD TYPE               NEW RECORD    PREVIOUS RECORD
 2ND  WARMEST LOW TEMPERATURE   66 IN 2016      64 IN 2003
15TH  HIGH TEMPERATURE          75 IN 2016      75 IN 2001...1990
16TH  HIGH TEMPERATURE          76 IN 2016      76 IN 1991...1990

ON THE 1ST...THE HIGH OF 83 DEGREES MOST RECENTLY TIED NOVEMBER 17TH
2003 FOR THE 2ND WARMEST TEMPERATURE EVER RECORDED IN THE MONTH OF
NOVEMBER.

ON THE 2ND...THE LOW OF 66 MOST RECENTLY TIED NOVEMBER 20TH 2011 FOR
THE 3RD WARMEST LOW TEMPERATURE ON RECORD IN THE MONTH OF NOVEMBER.

ON THE 2ND AND 3RD...THE DAILY AVERAGE TEMPERATURES OF 73.0 MOST
RECENTLY TIED NOVEMBER 14TH 2011 FOR THE 3RD HIGHEST DAILY AVERAGE
TEMPERATURES ON RECORD FOR THE MONTH OF NOVEMBER.

.MONTHLY RAINFALL...
IT WAS THE DRIEST NOVEMBER SINCE 2014...BUT WAS NOT IN THE TOP TEN
DRIEST NOVEMBERS.

.DAILY RAINFALL RECORDS TIED OR BROKEN...
NONE.

.MONTHLY SNOWFALL...
NO SNOW FELL FOR THE SECOND YEAR IN A ROW.

.DAILY SNOWFALL RECORDS TIED OR BROKEN...
NONE.

$$

57
