000
CXUS54 KLZK 011156
CLMLZK


CLIMATE REPORT
NATIONAL WEATHER SERVICE LITTLE ROCK AR
552 AM CST SUN MAR 1 2015

...................................

...THE NORTH LITTLE ROCK CLIMATE SUMMARY FOR THE MONTH OF FEBRUARY 2015...

CLIMATE NORMAL PERIOD 1981 TO 2010
CLIMATE RECORD PERIOD 1975 TO 2015

WEATHER         OBSERVED          NORMAL  DEPART  LAST YEAR`S
                 VALUE   DATE(S)  VALUE   FROM    VALUE  DATE(S)
                                          NORMAL
................................................................
TEMPERATURE (F)
RECORD
 HIGH              83   02/20/1986
 LOW                4   02/04/1996
HIGHEST            72   02/14        55      17       76  02/20
LOWEST             18   02/27        36     -18       17  02/06
                        02/19
AVG. MAXIMUM     45.3              54.3    -9.0     49.0
AVG. MINIMUM     27.9              36.3    -8.4     31.5
MEAN             36.6              45.3    -8.7     40.3
DAYS MAX >= 90      0               0.0     0.0        0
DAYS MAX <= 32      4               1.1     2.9        4
DAYS MIN <= 32     20               9.3    10.7       17
DAYS MIN <= 0       0               0.0     0.0        0

PRECIPITATION (INCHES)
RECORD
 MAXIMUM         9.02   1989
 MINIMUM         0.89   1980
TOTALS           3.26              3.66   -0.40     3.01
DAILY AVG.       0.12              0.13   -0.01     0.11
DAYS >= .01        10               9.1     0.9        8
DAYS >= .10         5                                  3
DAYS >= .50         3                                  3
DAYS >= 1.00        1               1.0     0.0        1
GREATEST
 24 HR. TOTAL    1.15   02/21 TO 02/21

SNOWFALL (INCHES)
RECORDS
 TOTAL           15.6   1979
 24 HR TOTAL      9.1   02/06/1979 TO 02/07/1979
 SNOW DEPTH         9   02/08/1979
TOTALS            3.6               1.8     1.8      2.5
 LIQUID EQUIV    0.36              0.20    0.16     0.25
SINCE 7/1         4.2               4.0     0.2      3.6
 LIQUID 7/1      0.42              0.50   -0.08     0.36
SNOWDEPTH AVG.      0
DAYS >= TRACE       9               1.2     7.8       11
DAYS >= 1.0         1                                  1
GREATEST
 SNOW DEPTH         1   02/24
                        02/23
                        02/18
 24 HR TOTAL      1.5   02/22 TO 02/23

DEGREE_DAYS
HEATING TOTAL     789               553     236      687
 SINCE 7/1       2797              2486     311     2827
COOLING TOTAL       0                 1      -1        0
 SINCE 1/1          0                 2      -2        0

FREEZE DATES
RECORD
 EARLIEST     10/20/1989
 LATEST       04/19/1983
EARLIEST                        11/13
LATEST                          03/19
.........................................................

WIND (MPH)
AVERAGE WIND SPEED              MM
HIGHEST WIND SPEED/DIRECTION    MM        DATE   MM
HIGHEST GUST SPEED/DIRECTION    MM        DATE   MM

SKY COVER
POSSIBLE SUNSHINE (PERCENT)   MM
AVERAGE SKY COVER             MM
NUMBER OF DAYS FAIR          MM
NUMBER OF DAYS PC            MM
NUMBER OF DAYS CLOUDY        MM

AVERAGE RH (PERCENT)     MM

WEATHER CONDITIONS. NUMBER OF DAYS WITH
THUNDERSTORM              0     MIXED PRECIP               0
HEAVY RAIN                1     RAIN                       2
LIGHT RAIN                4     FREEZING RAIN              0
LT FREEZING RAIN          4     HAIL                       0
HEAVY SNOW                1     SNOW                       1
LIGHT SNOW                4     SLEET                      3
FOG                       3     FOG W/VIS <= 1/4 MILE      2
HAZE                      0

-  INDICATES NEGATIVE NUMBERS.
R  INDICATES RECORD WAS SET OR TIED.
MM INDICATES DATA IS MISSING.
T  INDICATES TRACE AMOUNT.

&&

...DATA FOR NORTH LITTLE ROCK FOR FEBRUARY 2015...

.SUMMARY...
HIGH TEMPERATURES THE FIRST TWO WEEKS OF FEBRUARY WERE MOSTLY ABOVE
AVERAGE. THE WARMEST PERIODS WERE THE 7TH THROUGH THE 9TH...AND
AGAIN ON THE 14TH. IN FACT...TEMPERATURES REACHED THE LOWER 70S ON THE
14TH. THIS WAS BEFORE A STRONG FRONTAL SYSTEM MOVED THROUGH...WITH
TEMPERATURES DROPPING AROUND 50 DEGREES IN LESS THAN 24 HOURS. BY THE
NEXT MORNING...THE TEMPERATURE WAS 22 DEGREES.

COLDER THAN AVERAGE TEMPERATURES CONTINUED THROUGH THE REMAINDER OF
THE MONTH...MAKING FEBRUARY THE COLDEST IN OVER THREE DECADES.
PRECIPITATION WAS BELOW AVERAGE...AND MOSTLY FELL WITHIN THE LAST
HALF OF THE MONTH. SNOWFALL WAS SLIGHTLY BELOW AVERAGE.

.MONTHLY TEMPERATURES...

THE AVERAGE HIGH TEMPERATURE WAS THE COLDEST SINCE 2010...AND THE
5TH COLDEST ON RECORD. THE AVERAGE LOW TEMPERATURE WAS THE COLDEST
SINCE 1979...AND TIED 1979 FOR THE 2ND COLDEST ON RECORD. THE
AVERAGE TEMPERATURE WAS THE COLDEST SINCE 1979...AND THE 3RD COLDEST
ON RECORD.

.DAILY AVERAGE TEMPERATURES...

ABOVE NORMAL ON SEVEN DAYS...AND BELOW NORMAL ON 21 DAYS.

.NUMBER OF DAYS WITH TEMPERATURES...

AT OR ABOVE 70 DEGREES...1 DAY....LEAST SINCE 2013
AT OR BELOW FREEZING....20 DAYS...MOST SINCE 1979

.DAILY TEMPERATURE RECORDS TIED OR BROKEN DURING THE MONTH...

DATE  RECORD TYPE                   NEW RECORD       PREVIOUS RECORD
15TH  LOW TEMPERATURE               22 IN 2015      22 IN 2007...1986
16TH  COLDEST HIGH TEMPERATURE      27 IN 2015      27 IN 1980...1979
23RD  COLDEST HIGH TEMPERATURE      30 IN 2015         33 IN 1989
27TH  COLDEST HIGH TEMPERATURE      30 IN 2015         26 IN 2003
28TH  LOW TEMPERATURE               23 IN 2015         24 IN 2002

.RAINFALL...

IT WAS THE WETTEST FEBRUARY SINCE 2013.

.DAILY RAINFALL RECORDS TIED OR BROKEN DURING THE MONTH...

NONE.

.SNOWFALL...

IT WAS THE SNOWIEST FEBRUARY SINCE 2011. AVERAGE SNOW DEPTH WAS ALSO
THE HIGHEST SINCE 2011.

.DAILY SNOWFALL RECORDS TIED OR BROKEN DURING THE MONTH...

DATE    NEW RECORD          PREVIOUS RECORD
16TH   0.8 IN 2015            0.1 IN 1979
22ND   0.8 IN 2015          NONE ESTABLISHED
23RD   1.3 IN 2015          TRACE IN 1999
27TH  TRACE IN 2015       TRACE IN 1989...1984

$$

57
