403
CXUS54 KLZK 042220
CLMLZK


CLIMATE REPORT
NATIONAL WEATHER SERVICE LITTLE ROCK AR
514 PM CDT SAT NOV 4 2017

...................................

...THE NORTH LITTLE ROCK CLIMATE SUMMARY FOR THE MONTH OF OCTOBER 2017...

CLIMATE NORMAL PERIOD 1981 TO 2010
CLIMATE RECORD PERIOD 1975 TO 2017

WEATHER         OBSERVED          NORMAL  DEPART  LAST YEAR`S
                 VALUE   DATE(S)  VALUE   FROM    VALUE  DATE(S)
                                          NORMAL
................................................................
TEMPERATURE (F)
RECORD
 HIGH              96   10/15/2015
 LOW               27   10/31/1993
HIGHEST            91   10/09        75      16       88  10/06
                                                          10/05
LOWEST             34   10/28        54     -20       47  10/21
AVG. MAXIMUM     76.0              73.4     2.6     79.7
AVG. MINIMUM     54.3              54.1     0.2     59.4
MEAN             65.1              63.8     1.3     69.5
DAYS MAX >= 90      2               0.3     1.7        0
DAYS MAX <= 32      0               0.0     0.0        0
DAYS MIN <= 32      0               0.1    -0.1        0
DAYS MIN <= 0       0               0.0     0.0        0

PRECIPITATION (INCHES)
RECORD
 MAXIMUM        15.81   2009
 MINIMUM         0.80   2000
TOTALS           1.37              4.80   -3.43     1.69
DAILY AVG.       0.04              0.15   -0.11     0.05
DAYS >= .01         7               8.1    -1.1        4
DAYS >= .10         5                                  4
DAYS >= .50         1                                  1
DAYS >= 1.00        0               1.6    -1.6        0
GREATEST
 24 HR. TOTAL    0.51   10/22 TO 10/22

SNOWFALL (INCHES)
RECORDS
 TOTAL            0.2   1993
 24 HR TOTAL      0.2   10/29/1993 TO 10/29/1993
 SNOW DEPTH         T   10/30/1993
TOTALS              T                 T     0.0      0.0
 LIQUID EQUIV       T              0.00    0.00     0.00
SINCE 7/1           T                 T     0.0        T
 LIQUID 7/1        MM              0.00      MM       MM
SNOWDEPTH AVG.      0
DAYS >= TRACE       1               0.0     1.0        0
DAYS >= 1.0         0                                  0
GREATEST
 24 HR TOTAL        T   10/27 TO 10/27

DEGREE_DAYS
HEATING TOTAL     121               122      -1       25
 SINCE 7/1        122               135     -13       25
COOLING TOTAL     133                84      49      175
 SINCE 1/1       2054              2158    -104     2346

FREEZE DATES
RECORD
 EARLIEST     10/20/1989
 LATEST       04/19/1983
EARLIEST                        11/13
LATEST                          03/19
..................................................

WIND (MPH)
AVERAGE WIND SPEED              4.7
HIGHEST WIND SPEED/DIRECTION    13/320    DATE  10/10
HIGHEST GUST SPEED/DIRECTION    36/330    DATE  10/22

SKY COVER
POSSIBLE SUNSHINE (PERCENT)   MM
AVERAGE SKY COVER             MM
NUMBER OF DAYS FAIR          MM
NUMBER OF DAYS PC            MM
NUMBER OF DAYS CLOUDY        MM

AVERAGE RH (PERCENT)     65

WEATHER CONDITIONS. NUMBER OF DAYS WITH
THUNDERSTORM              0     MIXED PRECIP               0
HEAVY RAIN                2     RAIN                       3
LIGHT RAIN                8     FREEZING RAIN              0
LT FREEZING RAIN          0     HAIL                       0
HEAVY SNOW                0     SNOW                       0
LIGHT SNOW                0     SLEET                      1
FOG                       4     FOG W/VIS <= 1/4 MILE      1
HAZE                      1

-  INDICATES NEGATIVE NUMBERS.
R  INDICATES RECORD WAS SET OR TIED.
MM INDICATES DATA IS MISSING.
T  INDICATES TRACE AMOUNT.

&&

...Data for North Little Rock for October 2017...

.Summary...
October 2017 was definitely an interesting month at North Little
Rock. On the whole, the month was above average in terms of
temperatures, but it ended up being cooler than the last few
Octobers.

Daily readings ranged from around five to 15 degrees above average
during much of the first half of the month, with temperatures really
crashing the final week, ranging from around five to near 20 degrees
below average.

There were 90-degree high temperatures during the first and second
weeks of the month. By the fourth week, we were seeing near-freezing
temperatures.

Rainfall was significantly below average this month, making it one
of the driest Octobers since records began.

For the first time in 24 years, snowfall occurred in October.

.Monthly Temperatures...
The average high temperature was the coolest since 2015, but still
the 7th warmest on record. The average low temperature was the
coolest since 2012. The average monthly temperature was the coolest
since 2013.

.Daily Temperatures...
Daily temperatures were above average on 18 days, below average on
ten days and average on three days.

.Daily Record Temperatures Tied or Broken During the Month...
Date  Record Type               New Record          Previous Record
 7th  High Temperature          89 in 2017            89 in 1979
 8th  Warmest Low Temperature   70 in 2017            70 in 1997
 9th  High Temperature          91 in 2017            91 in 1980
      Warmest Low Temperature   71 in 2017            69 in 1997
14th  High Temperature          90 in 2017            90 in 2015
      Warmest Low Temperature   67 in 2017            63 in 1985
28th  Coolest High Temperature  50 in 2017            51 in 1976

On the 8th...

The daily average temperature of 79.5 degrees ended up being the 8th
warmest such reading on record for the month of October.

On the 9th...

The high temperature of 91 degrees marked the 3rd highest
temperature on record in the month of October at North Little Rock,
most recently tying October 12, 2015.

The low temperature of 71 degrees marked the 3rd warmest low
temperature on record in the month of October at North Little Rock,
most recently tying October 7, 2007.

The daily average temperature of 81.0 marked the warmest daily
average temperature at North Little Rock in the month of October
since 1986, and tied October 3, 1986 for the warmest on record.

On the 14th...

The high temperature of 90 degrees marked the 4th warmest
temperature on record in the month of October at North Little Rock,
most recently tying October 9, 2010.

On the 28th...

The high temperature of 50 degrees ended up tying October 31 for the
6th coldest high temperature on record during the month of October.

The low temperature of 34 degrees marked the 6th coldest low
temperature on record in the month of October, and the coldest
October reading since Halloween of 1993.

The daily average temperature of 42.0 marked the 5th coldest daily
average temperature on record in the month of October.

On the 31st...

The high temperature of 50 degrees marked the 6th coldest high
temperature on record in the month of October at North Little Rock.

.Monthly Rainfall...
Rainfall was significantly below average for the second month in a
row. It was the driest October since 2010, and the 7th driest
October on record.

.Daily Rainfall Records Tied or Broken During the Month...
None.

.Monthly Snowfall...
For the first time since 1993, snowfall occurred during the month of
October in the form of brief, light sleet.

The sleet fell on the evening of the 27th, and this marked the
earliest snowfall ever recorded at North Little Rock, beating the
previous record of October 29, 1993. Since precipitation records
began in 1975, this is only one of three days of recorded snowfall
during the month of October.

Even though the snowfall was not measurable, this technically counts
as the 2nd snowiest October on record. October 1993 is still the
snowiest October on record, even though only 0.2 inches of snow
fell.

.Daily Snowfall Records Tied or Broken During the Month...
Date     Record Type        New Record          Previous Record
27th    Daily Snowfall     Trace in 2017     NONE-Record established

The sleet on the 27th ties with October 30, 1993 for the 2nd
snowiest day on record in the month of October, and is also the 2nd
snowiest 24-hour period on record in the month of October.

$$

57
