000
CXUS56 KHNX 011928
CLMMAE


CLIMATE REPORT
NATIONAL WEATHER SERVICE SAN JOAQUIN VALLEY, CA
1122 AM PST MON FEB 1 2016

...................................

...THE MADERA CA AIRPORT CLIMATE SUMMARY FOR THE MONTH OF JANUARY 2016...

CLIMATE NORMAL PERIOD 1981 TO 2010
CLIMATE RECORD PERIOD 1998 TO 2016

WEATHER         OBSERVED          NORMAL  DEPART  LAST YEAR`S
                 VALUE   DATE(S)  VALUE   FROM    VALUE  DATE(S)
                                          NORMAL
................................................................
TEMPERATURE (F)
RECORD
 HIGH              77   01/24/2014
 LOW               20   01/12/2007
HIGHEST            66   01/13        MM      MM       67  01/07
LOWEST             27   01/01        MM      MM       26  01/03
                                                          01/02
AVG. MAXIMUM     58.5              54.0     4.5     56.9
AVG. MINIMUM     41.7              37.2     4.5     38.8
MEAN             50.1              45.6     4.5     47.8
DAYS MAX >= 90      0               0.0     0.0        0
DAYS MIN <= 32      1               7.8    -6.8        5

PRECIPITATION (INCHES)
RECORD
 MAXIMUM         3.79   2008
TOTALS           3.63              2.45    1.18     0.03
DAYS >= .01        13                MM      MM        1
DAYS >= .10         7                MM      MM        0
DAYS >= .50         4                MM      MM        0
DAYS >= 1.00        0                MM      MM        0
GREATEST
 24 HR. TOTAL    0.86   01/19 TO 01/19

SNOWFALL (INCHES)
RECORDS
 TOTAL             MM                MM
TOTALS            0.0                MM

DEGREE_DAYS
HEATING TOTAL     454               601    -147      489
 SINCE 7/1       1439              1676    -237     1193
COOLING TOTAL       0                 0       0        0
 SINCE 1/1          0                 0       0        0
.................................................................

WIND (MPH)
AVERAGE WIND SPEED              5.3
HIGHEST WIND SPEED/DIRECTION    24/120    DATE  01/19
HIGHEST GUST SPEED/DIRECTION    31/130    DATE  01/06

AVERAGE RH (PERCENT)     78

WEATHER CONDITIONS. NUMBER OF DAYS WITH
THUNDERSTORM              0     RAIN                       5
HAIL                      0     FOG                       30
FOG W/VIS <= 1/4 MILE    11     HAZE                      10

-  INDICATES NEGATIVE NUMBERS.
R  INDICATES RECORD WAS SET OR TIED.
MM INDICATES DATA IS MISSING.
T  INDICATES TRACE AMOUNT.

$$
