000
CXUS56 KHNX 011655
CLMMAE


CLIMATE REPORT
NATIONAL WEATHER SERVICE SAN JOAQUIN VALLEY - HANFORD CA
855 AM PST MON DEC 1 2014

...................................

...THE MADERA CA AIRPORT CLIMATE SUMMARY FOR THE MONTH OF NOVEMBER 2014...

CLIMATE NORMAL PERIOD 1981 TO 2010
CLIMATE RECORD PERIOD 1998 TO 2014

WEATHER         OBSERVED          NORMAL  DEPART  LAST YEAR`S
                 VALUE   DATE(S)  VALUE   FROM    VALUE  DATE(S)
                                          NORMAL
................................................................
TEMPERATURE (F)
RECORD
 HIGH              90   11/05/2010
 LOW               24   11/25/2003
HIGHEST            76   11/10        MM      MM       78  11/10
                        11/09
                        11/08
LOWEST             36   11/25        MM      MM       33  11/25
                        11/24
                        11/18
AVG. MAXIMUM     67.2              64.7     2.5     69.0
AVG. MINIMUM     43.4              40.8     2.6     39.8
MEAN             55.3              52.7     2.6     54.4
DAYS MAX >= 90      0               0.0     0.0        0
DAYS MIN <= 32      0               2.0    -2.0        0

PRECIPITATION (INCHES)
RECORD
 MAXIMUM         2.06   2012
TOTALS           0.42              1.15   -0.73     0.39
DAYS >= .01         4                MM      MM        2
DAYS >= .10         2                MM      MM        1
DAYS >= .50         0                MM      MM        0
DAYS >= 1.00        0                MM      MM        0
GREATEST
 24 HR. TOTAL    0.63   10/31 TO 11/01

SNOWFALL (INCHES)
RECORDS
 TOTAL             MM   MM
TOTALS            0.0                MM

DEGREE_DAYS
HEATING TOTAL     284               369     -85      311
 SINCE 7/1        316               466    -150      418
COOLING TOTAL       0                 2      -2        0
 SINCE 1/1       2952              1523    1429     1688
.................................................................

WIND (MPH)
AVERAGE WIND SPEED              3.6
HIGHEST WIND SPEED/DIRECTION    22/130    DATE  11/30
HIGHEST GUST SPEED/DIRECTION    27/140    DATE  11/30

AVERAGE RH (PERCENT)     70

WEATHER CONDITIONS. NUMBER OF DAYS WITH
THUNDERSTORM              0     RAIN                       5
HAIL                      0     FOG                       29
FOG W/VIS <= 1/4 MILE    11     HAZE                      28

-  INDICATES NEGATIVE NUMBERS.
R  INDICATES RECORD WAS SET OR TIED.
MM INDICATES DATA IS MISSING.
T  INDICATES TRACE AMOUNT.

$$

SANGER/OCHS

WEATHER.GOV/HANFORD
