454
CXUS56 KHNX 022358
CLMMAE


CLIMATE REPORT
NATIONAL WEATHER SERVICE SAN JOAQUIN VALLEY, CA
355 PM PST FRI DEC 2 2016

...................................

...THE MADERA CA AIRPORT CLIMATE SUMMARY FOR THE MONTH OF NOVEMBER 2016...

CLIMATE NORMAL PERIOD 1981 TO 2010
CLIMATE RECORD PERIOD 1998 TO 2016

WEATHER         OBSERVED          NORMAL  DEPART  LAST YEAR`S
                 VALUE   DATE(S)  VALUE   FROM    VALUE  DATE(S)
                                          NORMAL
................................................................
TEMPERATURE (F)
RECORD
 HIGH              90   MM
 LOW               27   11/29/2010
HIGHEST            84   11/11        MM      MM       80  11/01
LOWEST             33   11/25        MM      MM       29  11/30
                                                          11/29
AVG. MAXIMUM     69.5              64.7     4.8     61.6
AVG. MINIMUM     43.3              40.8     2.5     39.5
MEAN             56.4              52.7     3.7     50.6
DAYS MAX >= 90      0               0.0     0.0        0
DAYS MIN <= 32      0               2.0    -2.0        5

PRECIPITATION (INCHES)
RECORD
 MAXIMUM         2.07   2012
TOTALS           1.58              1.15    0.43     1.77
DAYS >= .01         5                MM      MM        7
DAYS >= .10         3                MM      MM        4
DAYS >= .50         1                MM      MM        1
DAYS >= 1.00        0                MM      MM        0
GREATEST
 24 HR. TOTAL    1.03   11/20 TO 11/21

SNOWFALL (INCHES)
RECORDS
 TOTAL             MM   MM
TOTALS            0.0                MM

DEGREE_DAYS
HEATING TOTAL     255               369    -114      329
 SINCE 7/1        308               466    -158      338
COOLING TOTAL       5                 2       3        0
 SINCE 1/1       1819              1523     296     2056
.................................................................

WIND (MPH)
AVERAGE WIND SPEED              4.4
HIGHEST WIND SPEED/DIRECTION    23/330    DATE  11/16
HIGHEST GUST SPEED/DIRECTION    29/330    DATE  11/15

AVERAGE RH (PERCENT)     68

WEATHER CONDITIONS. NUMBER OF DAYS WITH
THUNDERSTORM              0     RAIN                       3
HAIL                      0     FOG                       26
FOG W/VIS <= 1/4 MILE     9     HAZE                      19

-  INDICATES NEGATIVE NUMBERS.
R  INDICATES RECORD WAS SET OR TIED.
MM INDICATES DATA IS MISSING.
T  INDICATES TRACE AMOUNT.

$$
