000
CXUS56 KHNX 011447
CLMMAE


CLIMATE REPORT
NATIONAL WEATHER SERVICE SAN JOAQUIN VALLEY, CA
740 AM PDT SUN MAY 1 2016

...................................

...THE MADERA CA AIRPORT CLIMATE SUMMARY FOR THE MONTH OF APRIL 2016...

CLIMATE NORMAL PERIOD 1981 TO 2010
CLIMATE RECORD PERIOD 1998 TO 2016

WEATHER         OBSERVED          NORMAL  DEPART  LAST YEAR`S
                 VALUE   DATE(S)  VALUE   FROM    VALUE  DATE(S)
                                          NORMAL
................................................................
TEMPERATURE (F)
RECORD
 HIGH              98   04/21/2009
                        04/27/2004
                        07/24/2006
 LOW               31   04/04/1999
HIGHEST            89   04/19        MM      MM       93  04/30
                        04/18
LOWEST             42   04/26        MM      MM       39  04/15
                        04/15                             04/02
AVG. MAXIMUM     77.6              74.2     3.4     77.7
AVG. MINIMUM     49.2              45.0     4.2     46.8
MEAN             63.4              59.6     3.8     62.2
DAYS MAX >= 90      0               1.4    -1.4        3
DAYS MIN <= 32      0               0.0     0.0        0

PRECIPITATION (INCHES)
RECORD
 MAXIMUM         2.70   2010
TOTALS           1.59              0.95    0.64     1.00
DAYS >= .01         5                MM      MM        3
DAYS >= .10         3                MM      MM        2
DAYS >= .50         1                MM      MM        1
DAYS >= 1.00        1                MM      MM        0
GREATEST
 24 HR. TOTAL    1.40   04/08 TO 04/09

SNOWFALL (INCHES)
RECORDS
 TOTAL            0.0
TOTALS            0.0               0.0

DEGREE_DAYS
HEATING TOTAL      72               186    -114      119
 SINCE 7/1       2053              2604    -551     1699
COOLING TOTAL      32                24       8       46
 SINCE 1/1         32                25       7       78
.................................................................

WIND (MPH)
AVERAGE WIND SPEED              6.7
HIGHEST WIND SPEED/DIRECTION    29/300    DATE  04/22
HIGHEST GUST SPEED/DIRECTION    39/300    DATE  04/22

AVERAGE RH (PERCENT)     62

WEATHER CONDITIONS. NUMBER OF DAYS WITH
THUNDERSTORM              0     RAIN                       2
HAIL                      0     FOG                       11
FOG W/VIS <= 1/4 MILE     0     HAZE                       5

-  INDICATES NEGATIVE NUMBERS.
R  INDICATES RECORD WAS SET OR TIED.
MM INDICATES DATA IS MISSING.
T  INDICATES TRACE AMOUNT.

$$
