000
CXUS54 KMAF 011736
CLMMAF


CLIMATE REPORT
NATIONAL WEATHER SERVICE MIDLAND/ODESSA TX
1236 PM CDT WED JUL 1 2015

...................................

...THE MIDLAND CLIMATE SUMMARY FOR THE MONTH OF JUNE 2015...

CLIMATE NORMAL PERIOD 1981 TO 2010
CLIMATE RECORD PERIOD 1930 TO 2015

WEATHER         OBSERVED          NORMAL  DEPART  LAST YEAR`S
                 VALUE   DATE(S)  VALUE   FROM    VALUE  DATE(S)
                                          NORMAL
................................................................
TEMPERATURE (F)
RECORD
 HIGH             116   06/27/1994
 LOW               47   06/01/1983
                        06/03/1947
HIGHEST           100   06/11        93       7      105  06/28
                                                          06/11
LOWEST             62   06/01        66      -4       55  06/10
AVG. MAXIMUM     91.7              93.4    -1.7     95.7
AVG. MINIMUM     67.8              67.3     0.5     70.2
MEAN             79.8              80.3    -0.5     82.9
DAYS MAX >= 90     26              21.0     5.0       24
DAYS MAX <= 32      0               0.0     0.0        0
DAYS MIN <= 32      0               0.0     0.0        0
DAYS MIN <= 0       0               0.0     0.0        0

PRECIPITATION (INCHES)
RECORD
 MAXIMUM         5.10   1940
 MINIMUM         0.00   2011
TOTALS           3.29              1.80    1.49     0.48
DAILY AVG.       0.11              0.06    0.05     0.02
DAYS >= .01         4               4.8    -0.8        4
DAYS >= .10         3               3.0     0.0        2
DAYS >= .50         3               1.4     1.6        0
DAYS >= 1.00        1               0.5     0.5        0
GREATEST
 24 HR. TOTAL    1.94   06/30 TO 06/30              0.29

DEGREE_DAYS
COOLING TOTAL     449               461     -12      548
 SINCE 1/1        804               850     -46     1024
.................................................................

WIND (MPH)
AVERAGE WIND SPEED              11.7
HIGHEST WIND SPEED/DIRECTION    43/080    DATE  06/30
HIGHEST GUST SPEED/DIRECTION    51/080    DATE  06/30

SKY COVER
POSSIBLE SUNSHINE (PERCENT)   MM
AVERAGE SKY COVER           0.20
NUMBER OF DAYS FAIR           24
NUMBER OF DAYS PC              6
NUMBER OF DAYS CLOUDY          0

AVERAGE RH (PERCENT)     58

WEATHER CONDITIONS. NUMBER OF DAYS WITH
THUNDERSTORM              0     MIXED PRECIP               0
HEAVY RAIN                3     RAIN                       4
LIGHT RAIN                5     FREEZING RAIN              0
LT FREEZING RAIN          0     HAIL                       0
HEAVY SNOW                0     SNOW                       0
LIGHT SNOW                0     SLEET                      0
FOG                       7     FOG W/VIS <= 1/4 MILE      0
HAZE                      7

-  INDICATES NEGATIVE NUMBERS.
R  INDICATES RECORD WAS SET OR TIED.
MM INDICATES DATA IS MISSING.
T  INDICATES TRACE AMOUNT.

$$
