000
CXUS54 KMAF 011434
CLMMAF


CLIMATE REPORT
NATIONAL WEATHER SERVICE MIDLAND TX
830 AM CST WED MAR 1 2017

...................................

...THE MIDLAND CLIMATE SUMMARY FOR THE MONTH OF FEBRUARY 2017...

CLIMATE NORMAL PERIOD 1981 TO 2010
CLIMATE RECORD PERIOD 1930 TO 2017

WEATHER         OBSERVED          NORMAL  DEPART  LAST YEAR`S
                 VALUE   DATE(S)  VALUE   FROM    VALUE  DATE(S)
                                          NORMAL
................................................................
TEMPERATURE (F)
RECORD
 HIGH              92   02/11/2017
 LOW              -11   02/08/1933
HIGHEST            92R  02/11        63      29       87  02/19
LOWEST             30   02/03        34      -4       22  02/04
AVG. MAXIMUM     71.9              62.4     9.5     68.2
AVG. MINIMUM     42.5              34.5     8.0     37.0
MEAN             57.2              48.5     8.7     52.6
DAYS MAX >= 90      1               0.0     1.0        0
DAYS MAX <= 32      0               0.5    -0.5        0
DAYS MIN <= 32      2              10.7    -8.7       10
DAYS MIN <= 0       0               0.1    -0.1        0

PRECIPITATION (INCHES)
RECORD
 MAXIMUM         3.53   1932
 MINIMUM         0.00   1999
                        1947
TOTALS           0.72              0.71    0.01     0.30
DAILY AVG.       0.03              0.03    0.00     0.01
DAYS >= .01         2               3.8    -1.8        2
DAYS >= .10         2               1.8     0.2        1
DAYS >= .50         1               0.4     0.6        0
DAYS >= 1.00        0               0.1    -0.1        0
GREATEST
 24 HR. TOTAL    0.62   02/13 TO 02/13              0.29

SNOWFALL (INCHES)
RECORDS
 TOTAL            4.5   2010
TOTALS            0.0               0.5    -0.5      0.0
SINCE 7/1         0.3               4.5    -4.2      8.0
SNOWDEPTH AVG.      0                MM      MM        0
DAYS >= 1.0         0               0.2    -0.2        0
GREATEST
 SNOW DEPTH         0   MM                             0  MM
 24 HR TOTAL      0.0   02/28 TO 02/28               0.0

DEGREE_DAYS
HEATING TOTAL     230               465    -235      365
 SINCE 7/1       1500              2237    -737     1830
.................................................................

WIND (MPH)
AVERAGE WIND SPEED              11.2
HIGHEST WIND SPEED/DIRECTION    39/040    DATE  02/12
HIGHEST GUST SPEED/DIRECTION    46/250    DATE  02/23

SKY COVER
POSSIBLE SUNSHINE (PERCENT)   MM
AVERAGE SKY COVER           0.20
NUMBER OF DAYS FAIR           24
NUMBER OF DAYS PC              2
NUMBER OF DAYS CLOUDY          2

AVERAGE RH (PERCENT)     45

WEATHER CONDITIONS. NUMBER OF DAYS WITH
THUNDERSTORM              0     MIXED PRECIP               0
HEAVY RAIN                1     RAIN                       1
LIGHT RAIN                3     FREEZING RAIN              0
LT FREEZING RAIN          0     HAIL                       0
HEAVY SNOW                0     SNOW                       0
LIGHT SNOW                0     SLEET                      0
FOG                       4     FOG W/VIS <= 1/4 MILE      3
HAZE                      9

-  INDICATES NEGATIVE NUMBERS.
R  INDICATES RECORD WAS SET OR TIED.
MM INDICATES DATA IS MISSING.
T  INDICATES TRACE AMOUNT.

$$
