000
CXUS54 KMAF 011414
CLMMAF


CLIMATE REPORT
NATIONAL WEATHER SERVICE MIDLAND/ODESSA TX
912 AM CDT FRI MAY 1 2015

...................................

...THE MIDLAND CLIMATE SUMMARY FOR THE MONTH OF APRIL 2015...

CLIMATE NORMAL PERIOD 1981 TO 2010
CLIMATE RECORD PERIOD 1930 TO 2015

WEATHER         OBSERVED          NORMAL  DEPART  LAST YEAR`S
                 VALUE   DATE(S)  VALUE   FROM    VALUE  DATE(S)
                                          NORMAL
................................................................
TEMPERATURE (F)
RECORD
 HIGH             104   04/25/2012
 LOW               20   04/09/1973
HIGHEST            91   04/07        79      12       93  04/26
                                                          04/25
                                                          04/12
LOWEST             38   04/29        49     -11       30  04/15
AVG. MAXIMUM     79.3              79.2     0.1     80.9
AVG. MINIMUM     52.9              49.3     3.6     52.8
MEAN             66.1              64.2     1.9     66.9
DAYS MAX >= 90      1               3.7    -2.7        7
DAYS MAX <= 32      0               0.0     0.0        0
DAYS MIN <= 32      0               0.6    -0.6        1
DAYS MIN <= 0       0               0.0     0.0        0

PRECIPITATION (INCHES)
RECORD
 MAXIMUM         3.59   1931
 MINIMUM         0.00   2011
                        1998
                        1964
TOTALS           1.30              0.65    0.65     0.45
DAILY AVG.       0.04              0.02    0.02     0.01
DAYS >= .01         4               2.9     1.1        1
DAYS >= .10         2               1.6     0.4        1
DAYS >= .50         1               0.3     0.7        0
DAYS >= 1.00        0               0.1    -0.1        0
GREATEST
 24 HR. TOTAL    0.76   04/12 TO 04/13              0.45

SNOWFALL (INCHES)
RECORDS
 TOTAL            2.0   1996
TOTALS            0.0               0.1    -0.1      0.0
SINCE 7/1         3.6               4.8    -1.2      0.8
SNOWDEPTH AVG.      0                MM      MM        0
DAYS >= 1.0         0               0.1    -0.1        0
GREATEST
 SNOW DEPTH         0   MM                             0  MM
 24 HR TOTAL      0.0   04/30 TO 04/30               0.0

DEGREE_DAYS
HEATING TOTAL      64               112     -48       79
 SINCE 7/1       2552              2656    -104     2609
COOLING TOTAL     104                90      14      144
 SINCE 1/1        131               108      23      169
.................................................................

WIND (MPH)
AVERAGE WIND SPEED              12.3
HIGHEST WIND SPEED/DIRECTION    35/310    DATE  04/26
HIGHEST GUST SPEED/DIRECTION    44/250    DATE  04/24

SKY COVER
POSSIBLE SUNSHINE (PERCENT)   MM
AVERAGE SKY COVER           0.20
NUMBER OF DAYS FAIR           24
NUMBER OF DAYS PC              5
NUMBER OF DAYS CLOUDY          1

AVERAGE RH (PERCENT)     52

WEATHER CONDITIONS. NUMBER OF DAYS WITH
THUNDERSTORM              0     MIXED PRECIP               0
HEAVY RAIN                2     RAIN                       4
LIGHT RAIN                4     FREEZING RAIN              0
LT FREEZING RAIN          0     HAIL                       0
HEAVY SNOW                0     SNOW                       0
LIGHT SNOW                0     SLEET                      0
FOG                      10     FOG W/VIS <= 1/4 MILE      1
HAZE                     11

-  INDICATES NEGATIVE NUMBERS.
R  INDICATES RECORD WAS SET OR TIED.
MM INDICATES DATA IS MISSING.
T  INDICATES TRACE AMOUNT.

$$
