777
CXUS53 KABR 011231
CLMMBG


CLIMATE REPORT
NATIONAL WEATHER SERVICE ABERDEEN SD
724 AM CDT FRI JUL 1 2016

...................................

...THE MOBRIDGE SD CLIMATE SUMMARY FOR THE MONTH OF JUNE 2016...

CLIMATE NORMAL PERIOD 1981 TO 2010
CLIMATE RECORD PERIOD 1911 TO 2016

WEATHER         OBSERVED          NORMAL  DEPART  LAST YEAR`S
                 VALUE   DATE(S)  VALUE   FROM    VALUE  DATE(S)
                                          NORMAL
................................................................
TEMPERATURE (F)
RECORD
 HIGH             110   06/28/1931
 LOW               32   06/02/1946
                        06/07/1915
HIGHEST           101   06/24        MM      MM       95  06/29
                                                          06/27
LOWEST             48   06/07        MM      MM       49  06/04
                        06/06
AVG. MAXIMUM     85.5              77.8     7.7     81.5
AVG. MINIMUM     57.9              53.8     4.1     56.8
MEAN             71.7              65.8     5.9     69.2
DAYS MAX >= 90      8               2.6     5.4        4
DAYS MAX <= 32      0               0.0     0.0        0
DAYS MIN <= 32      0               0.0     0.0        0
DAYS MIN <= 0       0               0.0     0.0        0

PRECIPITATION (INCHES)
RECORD
 MAXIMUM         8.06   1968
 MINIMUM         0.26   1974
TOTALS           2.41              3.16   -0.75     3.55
DAYS >= .01         7                MM      MM       11
DAYS >= .10         3                MM      MM        8
DAYS >= .50         1                MM      MM        4
DAYS >= 1.00        1                MM      MM        0

SNOWFALL (INCHES)
RECORDS
 TOTAL             MM   MM
 SNOW DEPTH        MM   MM
TOTALS            0.0                MM      MM      0.0
SINCE 7/1        18.3                MM      MM     18.7
SNOWDEPTH AVG.      0                MM      MM        0
DAYS >= TRACE       0
DAYS >= 1.0         0
GREATEST
 SNOW DEPTH         0   MM                             0  MM

DEGREE_DAYS
HEATING TOTAL      12                75     -63       18
 SINCE 7/1       6315              7959   -1644     7373
COOLING TOTAL     220                99     121      149
 SINCE 1/1        236               115     121      165

FREEZE DATES
RECORD
 EARLIEST     MM
 LATEST       MM
EARLIEST      10/15             MM
LATEST        05/15             MM
.................................................................

WIND (MPH)
AVERAGE WIND SPEED              11.6
RESULTANT WIND SPEED/DIRECTION   2/059
HIGHEST WIND SPEED/DIRECTION    40/150    DATE  06/24
HIGHEST GUST SPEED/DIRECTION    48/150    DATE  06/24

SKY COVER
POSSIBLE SUNSHINE (PERCENT)   MM
AVERAGE SKY COVER           0.10
NUMBER OF DAYS FAIR           26
NUMBER OF DAYS PC              4
NUMBER OF DAYS CLOUDY          0

AVERAGE RH (PERCENT)     56

WEATHER CONDITIONS. NUMBER OF DAYS WITH
THUNDERSTORM              0     MIXED PRECIP               0
HEAVY RAIN                3     RAIN                       4
LIGHT RAIN                8     FREEZING RAIN              0
LT FREEZING RAIN          0     HAIL                       0
HEAVY SNOW                0     SNOW                       0
LIGHT SNOW                0     SLEET                      0
FOG                       2     FOG W/VIS <= 1/4 MILE      0
HAZE                      5

-  INDICATES NEGATIVE NUMBERS.
R  INDICATES RECORD WAS SET OR TIED.
MM INDICATES DATA IS MISSING.
T  INDICATES TRACE AMOUNT.

$$
