064
CXUS53 KABR 011514
CLMMBG


CLIMATE REPORT
NATIONAL WEATHER SERVICE ABERDEEN SD
907 AM CST MON FEB 1 2016

...................................

...THE MOBRIDGE SD CLIMATE SUMMARY FOR THE MONTH OF JANUARY 2016...

CLIMATE NORMAL PERIOD 1981 TO 2010
CLIMATE RECORD PERIOD 1911 TO 2016

WEATHER         OBSERVED          NORMAL  DEPART  LAST YEAR`S
                 VALUE   DATE(S)  VALUE   FROM    VALUE  DATE(S)
                                          NORMAL
................................................................
TEMPERATURE (F)
RECORD
 HIGH              64   01/08/2002
                        01/20/1964
 LOW              -42   01/13/1912
HIGHEST            49   01/29        MM      MM       54  01/28
                                                          01/26
LOWEST            -15   01/16        MM      MM      -17  01/05
                        01/10
AVG. MAXIMUM     28.3              26.0     2.3     32.4
AVG. MINIMUM     11.4               6.1     5.3     11.6
MEAN             19.8              16.0     3.8     22.0
DAYS MAX >= 90      0               0.0     0.0        0
DAYS MAX <= 32     21              19.5     1.5       13
DAYS MIN <= 32     31              30.8     0.2       30
DAYS MIN <= 0       5              10.7    -5.7       10

PRECIPITATION (INCHES)
RECORD
 MAXIMUM         1.58   1949
 MINIMUM            T   1961
                        1935
                        1934
TOTALS           0.12              0.29   -0.17     0.31
DAYS >= .01         4                MM      MM        5
DAYS >= .10         0                MM      MM        1
DAYS >= .50         0                MM      MM        0
DAYS >= 1.00        0                MM      MM        0

SNOWFALL (INCHES)
RECORDS
 TOTAL           23.8   5
 SNOW DEPTH        20   01/07/2010
TOTALS            1.4                MM      MM      4.3
SINCE 7/1        10.9                MM      MM     14.6
SNOWDEPTH AVG.      1                MM      MM        2
DAYS >= TRACE      11
DAYS >= 1.0         0
GREATEST
 SNOW DEPTH         2   01/27                          5  01/11
                        01/26                             01/10
                        01/25                             01/09

DEGREE_DAYS
HEATING TOTAL    1392              1517    -125     1325
 SINCE 7/1       3921              4733    -812     4433
COOLING TOTAL       0                 0       0        0
 SINCE 1/1          0                 0       0        0

FREEZE DATES
RECORD
 EARLIEST     MM
 LATEST       MM
EARLIEST                        MM
LATEST                          MM
.................................................................

WIND (MPH)
AVERAGE WIND SPEED              8.5
RESULTANT WIND SPEED/DIRECTION   2/335
HIGHEST WIND SPEED/DIRECTION    31/350    DATE  01/14
HIGHEST GUST SPEED/DIRECTION    38/340    DATE  01/14

SKY COVER
POSSIBLE SUNSHINE (PERCENT)   MM
AVERAGE SKY COVER           0.50
NUMBER OF DAYS FAIR           13
NUMBER OF DAYS PC              6
NUMBER OF DAYS CLOUDY         12

AVERAGE RH (PERCENT)     80

-  INDICATES NEGATIVE NUMBERS.
R  INDICATES RECORD WAS SET OR TIED.
MM INDICATES DATA IS MISSING.
T  INDICATES TRACE AMOUNT.

$$
