000
CXUS53 KABR 011624
CLMMBG


CLIMATE REPORT
NATIONAL WEATHER SERVICE ABERDEEN SD
1020 AM CST WED FEB 1 2017

...................................

...THE MOBRIDGE SD CLIMATE SUMMARY FOR THE MONTH OF JANUARY 2017...

CLIMATE NORMAL PERIOD 1981 TO 2010
CLIMATE RECORD PERIOD 1911 TO 2017

WEATHER         OBSERVED          NORMAL  DEPART  LAST YEAR`S
                 VALUE   DATE(S)  VALUE   FROM    VALUE  DATE(S)
                                          NORMAL
................................................................
TEMPERATURE (F)
RECORD
 HIGH              64   01/08/2002
                        01/20/1964
 LOW              -42   01/13/1912
HIGHEST            42   01/30        MM      MM       49  01/29
LOWEST            -21   01/04        MM      MM      -15  01/16
                                                          01/10
AVG. MAXIMUM     19.7              26.0    -6.3     28.3
AVG. MINIMUM      5.5               6.1    -0.6     11.4
MEAN             12.6              16.0    -3.4     19.8
DAYS MAX >= 90      0               0.0     0.0        0
DAYS MAX <= 32     26              19.5     6.5       21
DAYS MIN <= 32     31              30.8     0.2       31
DAYS MIN <= 0      12              10.7     1.3        5

PRECIPITATION (INCHES)
RECORD
 MAXIMUM         1.58   1949
 MINIMUM            T   1961
                        1935
                        1934
TOTALS           0.53              0.29    0.24     0.12
DAYS >= .01         9                MM      MM        4
DAYS >= .10         1                MM      MM        0
DAYS >= .50         0                MM      MM        0
DAYS >= 1.00        0                MM      MM        0

SNOWFALL (INCHES)
RECORDS
 TOTAL           23.8   5
 SNOW DEPTH        20   01/07/2010
TOTALS            9.7                MM      MM      1.4
SINCE 7/1        38.1                MM      MM     10.9
SNOWDEPTH AVG.     13                MM      MM        1
DAYS >= TRACE      13
DAYS >= 1.0         4
GREATEST
 SNOW DEPTH        15   01/27                          2  01/27
                        01/26                             01/26
                        01/25                             01/25

DEGREE_DAYS
HEATING TOTAL    1617              1517     100     1392
 SINCE 7/1       4357              4733    -376     3921
COOLING TOTAL       0                 0       0        0
 SINCE 1/1          0                 0       0        0

FREEZE DATES
RECORD
 EARLIEST     MM
 LATEST       MM
EARLIEST                        MM
LATEST                          MM
.................................................................

WIND (MPH)
AVERAGE WIND SPEED              10.0
RESULTANT WIND SPEED/DIRECTION   5/321
HIGHEST WIND SPEED/DIRECTION    38/310    DATE  01/30
HIGHEST GUST SPEED/DIRECTION    46/310    DATE  01/30

SKY COVER
POSSIBLE SUNSHINE (PERCENT)   MM
AVERAGE SKY COVER           0.40
NUMBER OF DAYS FAIR           14
NUMBER OF DAYS PC             10
NUMBER OF DAYS CLOUDY          7

AVERAGE RH (PERCENT)     73

WEATHER CONDITIONS. NUMBER OF DAYS WITH
THUNDERSTORM              0     MIXED PRECIP               0
HEAVY RAIN                0     RAIN                       0
LIGHT RAIN                0     FREEZING RAIN              0
LT FREEZING RAIN          1     HAIL                       0
HEAVY SNOW                1     SNOW                       1
LIGHT SNOW               12     SLEET                      0
FOG                       6     FOG W/VIS <= 1/4 MILE      3
HAZE                     21

-  INDICATES NEGATIVE NUMBERS.
R  INDICATES RECORD WAS SET OR TIED.
MM INDICATES DATA IS MISSING.
T  INDICATES TRACE AMOUNT.

$$
