000
CXUS53 KABR 021324
CLMMBG


CLIMATE REPORT
NATIONAL WEATHER SERVICE ABERDEEN SD
818 AM CDT WED JUL 2 2014

...................................

...THE MOBRIDGE SD CLIMATE SUMMARY FOR THE MONTH OF JUNE 2014...

CLIMATE NORMAL PERIOD 1981 TO 2010
CLIMATE RECORD PERIOD 1911 TO 2014

WEATHER         OBSERVED          NORMAL  DEPART  LAST YEAR`S
                 VALUE   DATE(S)  VALUE   FROM    VALUE  DATE(S)
                                          NORMAL
................................................................
TEMPERATURE (F)
RECORD
 HIGH             110   06/28/1931
 LOW               32   06/02/1946
                        06/07/1915
HIGHEST            85   06/21        MM      MM       93  06/26
LOWEST             43   06/09        MM      MM       40  06/02
AVG. MAXIMUM     74.2              77.8    -3.6     78.2
AVG. MINIMUM     53.4              53.8    -0.4     54.2
MEAN             63.8              65.8    -2.0     66.2
DAYS MAX >= 90      0               2.6    -2.6        2
DAYS MAX <= 32      0               0.0     0.0        0
DAYS MIN <= 32      0               0.0     0.0        0
DAYS MIN <= 0       0               0.0     0.0        0

PRECIPITATION (INCHES)
RECORD
 MAXIMUM         8.06   1968
 MINIMUM         0.26   1974
TOTALS           7.91              3.16    4.75     1.32
DAYS >= .01        15                MM      MM        7
DAYS >= .10        10                MM      MM        2
DAYS >= .50         3                MM      MM        1
DAYS >= 1.00        1                MM      MM        0

SNOWFALL (INCHES)
RECORDS
 TOTAL             MM   MM
 SNOW DEPTH        MM   MM
TOTALS            0.0                MM      MM      0.0
SINCE 7/1        44.3                MM      MM     41.4
SNOWDEPTH AVG.      0                MM      MM        0
DAYS >= TRACE       0
DAYS >= 1.0         0
GREATEST
 SNOW DEPTH         0   MM                             0  MM

DEGREE_DAYS
HEATING TOTAL      75                75       0       68
 SINCE 7/1       8745              7959     786     8248
COOLING TOTAL      45                99     -54      111
 SINCE 1/1         95               115     -20      126

FREEZE DATES
RECORD
 EARLIEST     MM
 LATEST       MM
EARLIEST      03/01             MM
LATEST        05/15             MM
.................................................................

WIND (MPH)
AVERAGE WIND SPEED              9.8
RESULTANT WIND SPEED/DIRECTION   1/278
HIGHEST WIND SPEED/DIRECTION    38/050    DATE  06/18
HIGHEST GUST SPEED/DIRECTION    50/260    DATE  06/01

SKY COVER
POSSIBLE SUNSHINE (PERCENT)   MM
AVERAGE SKY COVER           0.30
NUMBER OF DAYS FAIR           19
NUMBER OF DAYS PC              9
NUMBER OF DAYS CLOUDY          2

AVERAGE RH (PERCENT)     74

WEATHER CONDITIONS. NUMBER OF DAYS WITH
THUNDERSTORM              0     MIXED PRECIP               0
HEAVY RAIN                9     RAIN                      12
LIGHT RAIN               14     FREEZING RAIN              0
LT FREEZING RAIN          0     HAIL                       0
HEAVY SNOW                0     SNOW                       0
LIGHT SNOW                0     SLEET                      0
FOG                      16     FOG W/VIS <= 1/4 MILE      3
HAZE                      0

-  INDICATES NEGATIVE NUMBERS.
R  INDICATES RECORD WAS SET OR TIED.
MM INDICATES DATA IS MISSING.
T  INDICATES TRACE AMOUNT.

$$
