000
CXUS53 KABR 011600
CLMMBG


CLIMATE REPORT
NATIONAL WEATHER SERVICE ABERDEEN SD
956 AM CST SUN MAR 1 2015

...................................

...THE MOBRIDGE SD CLIMATE SUMMARY FOR THE MONTH OF FEBRUARY 2015...

CLIMATE NORMAL PERIOD 1981 TO 2010
CLIMATE RECORD PERIOD 1911 TO 2015

WEATHER         OBSERVED          NORMAL  DEPART  LAST YEAR`S
                 VALUE   DATE(S)  VALUE   FROM    VALUE  DATE(S)
                                          NORMAL
................................................................
TEMPERATURE (F)
RECORD
 HIGH              70   02/25/1958
 LOW              -44   02/19/1929
HIGHEST            64   02/07        MM      MM       46  02/19
LOWEST            -12   02/27        MM      MM      -19  02/10
AVG. MAXIMUM     29.1              31.2    -2.1     22.1
AVG. MINIMUM      5.8              10.1    -4.3     -1.4
MEAN             17.4              20.7    -3.3     10.4
DAYS MAX >= 90      0               0.0     0.0        0
DAYS MAX <= 32     19              14.4     4.6       21
DAYS MIN <= 32     28              27.0     1.0       28
DAYS MIN <= 0      13               8.0     5.0       17

PRECIPITATION (INCHES)
RECORD
 MAXIMUM         2.60   1930
 MINIMUM         0.03   1934
TOTALS           0.49              0.44    0.05     0.43
DAYS >= .01         9                MM      MM        6
DAYS >= .10         1                MM      MM        2
DAYS >= .50         0                MM      MM        0
DAYS >= 1.00        0                MM      MM        0

SNOWFALL (INCHES)
RECORDS
 TOTAL           25.0   5
 SNOW DEPTH        MM   MM
TOTALS            4.1                MM      MM      9.9
SINCE 7/1        18.7                MM      MM     31.4
SNOWDEPTH AVG.      1                MM      MM        2
DAYS >= TRACE      14
DAYS >= 1.0         2
GREATEST
 SNOW DEPTH         2   02/28                          7  02/17
                        02/27
                        02/26

DEGREE_DAYS
HEATING TOTAL    1326              1242      84     1521
 SINCE 7/1       5759              5975    -216     6540
COOLING TOTAL       0                 0       0        0
 SINCE 1/1          0                 0       0        0

FREEZE DATES
RECORD
 EARLIEST     MM
 LATEST       MM
EARLIEST                        MM
LATEST                          MM
.................................................................

WIND (MPH)
AVERAGE WIND SPEED              10.2
RESULTANT WIND SPEED/DIRECTION   2/006
HIGHEST WIND SPEED/DIRECTION    35/330    DATE  02/10
HIGHEST GUST SPEED/DIRECTION    43/330    DATE  02/10

SKY COVER
POSSIBLE SUNSHINE (PERCENT)   MM
AVERAGE SKY COVER           0.50
NUMBER OF DAYS FAIR           11
NUMBER OF DAYS PC              7
NUMBER OF DAYS CLOUDY         10

AVERAGE RH (PERCENT)     70

WEATHER CONDITIONS. NUMBER OF DAYS WITH
THUNDERSTORM              0     MIXED PRECIP               0
HEAVY RAIN                0     RAIN                       0
LIGHT RAIN                2     FREEZING RAIN              1
LT FREEZING RAIN          3     HAIL                       0
HEAVY SNOW                0     SNOW                       1
LIGHT SNOW               13     SLEET                      0
FOG                      10     FOG W/VIS <= 1/4 MILE      0
HAZE                      8

-  INDICATES NEGATIVE NUMBERS.
R  INDICATES RECORD WAS SET OR TIED.
MM INDICATES DATA IS MISSING.
T  INDICATES TRACE AMOUNT.

$$
