000
CXUS53 KDTX 281233 AAA
CLMMBS

CLIMATE REPORT
NATIONAL WEATHER SERVICE DETROIT/PONTIAC MI
1142 AM EDT THU AUG 25 2016

...................................

...THE  TRI CITIES MI CLIMATE SUMMARY FOR THE MONTH OF JULY 2016...

CLIMATE NORMAL PERIOD 1981 TO 2010
CLIMATE RECORD PERIOD 1898 TO 2016

WEATHER         OBSERVED          NORMAL  DEPART
                 VALUE   DATE(S)  VALUE   FROM
                                          NORMAL
................................................
TEMPERATURE (F)
HIGHEST            92   07/12        MM      MM
LOWEST             50   07/02        MM      MM
AVG. MAXIMUM     83.6              81.8     1.8
AVG. MINIMUM     63.1              60.2     2.9
MEAN             73.4              71.0     2.4
DAYS MAX >= 90      3               3.0     0.0
DAYS MAX <= 32      0               0.0     0.0
DAYS MIN <= 32      0               0.0     0.0
DAYS MIN <= 0       0               0.0     0.0

PRECIPITATION (INCHES)
TOTALS           3.43              2.58    0.85
DAILY AVG.       0.11              0.08    0.03
DAYS >= .01        10               9.1     0.9
DAYS >= .10         9               5.0     4.0
DAYS >= .50         3               1.7     1.3
DAYS >= 1.00        0               0.6    -0.6
GREATEST
 24 HR. TOTAL    0.81   07/07 TO 07/08
 STORM TOTAL       MM
 (MM/DD(HH))            MM

SNOWFALL (INCHES)
TOTALS            0.0               0.0     0.0
 LIQUID EQUIV    0.00              0.00    0.00
SINCE 7/1         0.0               0.0     0.0
 LIQUID 7/1      0.00
DAYS >= TRACE       0               0.0     0.0
DAYS >= 1.0         0               0.0     0.0
GREATEST
 SNOW DEPTH         0   MM
 24 HR TOTAL      0.0   07/31 TO 07/31
 STORM TOTAL       MM
 (MM/DD(HH))            MM

DEGREE_DAYS
HEATING TOTAL       2                13     -11
 SINCE 7/1          2                13     -11
COOLING TOTAL     268               198      70
 SINCE 1/1        481               358     123

FREEZE DATES
RECORD
 EARLIEST     MM
 LATEST       MM
EARLIEST                        MM
LATEST                          MM
.................................................

WIND (MPH)
AVERAGE WIND SPEED              8.3
HIGHEST WIND SPEED/DIRECTION    36/310    DATE  07/27
HIGHEST GUST SPEED/DIRECTION    47/300    DATE  07/27

SKY COVER
POSSIBLE SUNSHINE (PERCENT)   MM
AVERAGE SKY COVER           0.30
NUMBER OF DAYS FAIR           19
NUMBER OF DAYS PC              9
NUMBER OF DAYS CLOUDY          3

AVERAGE RH (PERCENT)     69

WEATHER CONDITIONS. NUMBER OF DAYS WITH
THUNDERSTORM              8     MIXED PRECIP               0
HEAVY RAIN                6     RAIN                       5
LIGHT RAIN               13     FREEZING RAIN              0
LT FREEZING RAIN          0     HAIL                       0
HEAVY SNOW                0     SNOW                       0
LIGHT SNOW                0     SLEET                      0
FOG                      10     FOG W/VIS <= 1/4 MILE      3
HAZE                      3

-  INDICATES NEGATIVE NUMBERS.
R  INDICATES RECORD WAS SET OR TIED.
MM INDICATES DATA IS MISSING.
T  INDICATES TRACE AMOUNT.

$$

================================================================
       SOUTHEAST MICHIGAN CLIMATE SUMMARY FOR JULY 2016


JULY 2016 MONTHLY STATISTICS AND RANKINGS
-----------------------------------------------------------------
PRECIPITATION
                ACTUAL    NORMAL     DEPARTURE     RANKING
DETROIT AREA    1.57"      3.37"      -1.80"     24TH DRIEST
FLINT AREA      1.75"      3.32"      -1.57"     25TH DRIEST
SAGINAW         3.43"      2.58"      +0.85"     24TH WETTEST

WATER YEAR SINCE JANUARY 1*

                ACTUAL    NORMAL     DEPARTURE     RANKING
DETROIT AREA    15.60"    19.43"      -3.83"     20TH DRIEST
FLINT AREA      14.65"    17.38"      -2.73"     25TH DRIEST
SAGINAW         17.04"    17.21"      -0.17"     50TH WETTEST

      *NORMAL TO DATE (AS OF JULY 31, 2016)

AVERAGE TEMPERATURE
                ACTUAL    NORMAL     DEPARTURE     RANKING
DETROIT AREA     76.8      73.6       +3.2        8TH WARMEST
FLINT AREA       76.0      70.5       +5.5        8TH WARMEST
SAGINAW          73.4      71.0       +2.4       19TH WARMEST

AVERAGE HIGH TEMPERATURE
                ACTUAL    NORMAL     DEPARTURE     RANKING
DETROIT AREA     86.8      83.4       +3.4       13TH WARMEST
FLINT AREA       88.2      81.9       +6.3       12TH WARMEST
SAGINAW          83.6      81.8       +1.8       29TH WARMEST

AVERAGE LOW TEMPERATURE
                ACTUAL    NORMAL     DEPARTURE     RANKING
DETROIT AREA     66.7      63.9       +2.8       11TH WARMEST
FLINT AREA       63.9      59.2       +4.7        6TH WARMEST
SAGINAW          63.1      60.2       +2.4       12TH WARMEST


DETROIT AREA HAS A CLIMATE RECORD DATING TO NOVEMBER 1874
FLINT AREA HAS A CLIMATE RECORD DATING TO JANUARY 1921
SAGINAW HAS A CLIMATE RECORD DATING TO 1912
