000
CXUS53 KDTX 041259
CLMMBS

CLIMATE REPORT
NATIONAL WEATHER SERVICE DETROIT/PONTIAC MI
922 AM EDT SUN JUL 2 2017

...................................

...THE  TRI CITIES MI CLIMATE SUMMARY FOR THE MONTH OF JUNE 2017...

CLIMATE NORMAL PERIOD 1981 TO 2010
CLIMATE RECORD PERIOD 1898 TO 2017

WEATHER         OBSERVED          NORMAL  DEPART
                 VALUE   DATE(S)  VALUE   FROM
                                          NORMAL
................................................
TEMPERATURE (F)
HIGHEST            92   06/12        MM      MM
LOWEST             44   06/01        MM      MM
AVG. MAXIMUM     79.0              77.9     1.1
AVG. MINIMUM     58.9              56.5     2.4
MEAN             68.9              67.2     1.7
DAYS MAX >= 90      2               2.3    -0.3
DAYS MAX <= 32      0               0.0     0.0
DAYS MIN <= 32      0               0.0     0.0
DAYS MIN <= 0       0               0.0     0.0

PRECIPITATION (INCHES)
TOTALS          10.76R             2.98    7.78
DAILY AVG.       0.36              0.10    0.26
DAYS >= .01        18               9.8     8.2
DAYS >= .10        10               6.0     4.0
DAYS >= .50         5               1.8     3.2
DAYS >= 1.00        4               0.6     3.4
GREATEST
 24 HR. TOTAL    3.00   06/17 TO 06/17
 STORM TOTAL       MM
 (MM/DD(HH))            MM

SNOWFALL (INCHES)
TOTALS            0.0               0.0     0.0
 LIQUID EQUIV    0.00              0.00    0.00
SINCE 7/1        37.4              41.5    -4.1
 LIQUID 7/1      3.74
DAYS >= TRACE       0               0.0     0.0
DAYS >= 1.0         0               0.0     0.0
GREATEST
 SNOW DEPTH         0   MM
 24 HR TOTAL      0.0   06/30 TO 06/30
 STORM TOTAL       MM
 (MM/DD(HH))            MM

DEGREE_DAYS
HEATING TOTAL      27                59     -32
 SINCE 7/1       5879              6970   -1091
COOLING TOTAL     151               124      27
 SINCE 1/1        177               160      17

FREEZE DATES
RECORD
 EARLIEST     MM
 LATEST       MM
EARLIEST      01/01             MM
LATEST        01/31             MM
.................................................

WIND (MPH)
AVERAGE WIND SPEED              9.9
HIGHEST WIND SPEED/DIRECTION    37/350    DATE  06/23
HIGHEST GUST SPEED/DIRECTION    48/260    DATE  06/30

SKY COVER
POSSIBLE SUNSHINE (PERCENT)   MM
AVERAGE SKY COVER           0.40
NUMBER OF DAYS FAIR           16
NUMBER OF DAYS PC             14
NUMBER OF DAYS CLOUDY          0

AVERAGE RH (PERCENT)     71

WEATHER CONDITIONS. NUMBER OF DAYS WITH
THUNDERSTORM             11     MIXED PRECIP               0
HEAVY RAIN               10     RAIN                      13
LIGHT RAIN               17     FREEZING RAIN              0
LT FREEZING RAIN          0     HAIL                       0
HEAVY SNOW                0     SNOW                       0
LIGHT SNOW                0     SLEET                      0
FOG                      16     FOG W/VIS <= 1/4 MILE      1
HAZE                      4

-  INDICATES NEGATIVE NUMBERS.
R  INDICATES RECORD WAS SET OR TIED.
MM INDICATES DATA IS MISSING.
T  INDICATES TRACE AMOUNT.

$$
================================================================
       SOUTHEAST MICHIGAN CLIMATE SUMMARY FOR JUNE 2017


JUNE 2017 MONTHLY STATISTICS AND RANKINGS
-----------------------------------------------------------------
PRECIPITATION
                ACTUAL    NORMAL     DEPARTURE     RANKING
DETROIT AREA    2.02"      3.52"      -1.50"      31ST DRIEST
FLINT AREA      2.66"      3.07"      -0.41"      40TH DRIEST
SAGINAW        10.76"      2.98       +7.78"      1ST WETTEST

WATER YEAR SINCE JANUARY 1*

                ACTUAL    NORMAL     DEPARTURE     RANKING
DETROIT AREA    18.67"    16.06"      +2.61"     26TH WETTEST
FLINT AREA      19.09"    14.06"      +5.03"     13TH WETTEST
SAGINAW         25.65"    14.63"     +11.02"      1ST WETTEST

      *NORMAL TO DATE (AS OF JUNE 30, 2017)

AVERAGE TEMPERATURE
                ACTUAL    NORMAL     DEPARTURE     RANKING
DETROIT AREA     71.1      69.4       +1.7       22ND WARMEST
FLINT AREA       68.3      66.5       +1.8       36TH WARMEST
SAGINAW          68.9      67.2       +1.7       27TH WARMEST

AVERAGE HIGH TEMPERATURE
                ACTUAL    NORMAL     DEPARTURE     RANKING
DETROIT AREA     81.6      79.3       +2.3       20TH WARMEST
FLINT AREA       80.2      77.9       +2.3       32ND WARMEST
SAGINAW          79.0      77.9       +1.1       39TH WARMEST

AVERAGE LOW TEMPERATURE
                ACTUAL    NORMAL     DEPARTURE     RANKING
DETROIT AREA     60.6      59.5       +1.1       35TH WARMEST
FLINT AREA       56.5      55.2       +1.3       38TH WARMEST
SAGINAW          58.9      56.5       +2.4       13TH WARMEST


DETROIT AREA HAS A CLIMATE RECORD DATING TO NOVEMBER 1874
FLINT AREA HAS A CLIMATE RECORD DATING TO JANUARY 1921
SAGINAW HAS A CLIMATE RECORD DATING TO 1912
