000
CXUS53 KDTX 051322 AAA
CLMMBS

CLIMATE REPORT
NATIONAL WEATHER SERVICE DETROIT/PONTIAC MI
1037 AM EDT FRI JUL 1 2016

...................................

...THE  TRI CITIES MI CLIMATE SUMMARY FOR THE MONTH OF JUNE 2016...

CLIMATE NORMAL PERIOD 1981 TO 2010
CLIMATE RECORD PERIOD 1898 TO 2016

WEATHER         OBSERVED          NORMAL  DEPART
                 VALUE   DATE(S)  VALUE   FROM
                                          NORMAL
................................................
TEMPERATURE (F)
HIGHEST            92   06/11        MM      MM
LOWEST             45   06/08        MM      MM
AVG. MAXIMUM     79.9              77.9     2.0
AVG. MINIMUM     56.9              56.5     0.4
MEAN             68.4              67.2     1.2
DAYS MAX >= 90      1               2.3    -1.3
DAYS MAX <= 32      0               0.0     0.0
DAYS MIN <= 32      0               0.0     0.0
DAYS MIN <= 0       0               0.0     0.0

PRECIPITATION (INCHES)
TOTALS           1.77              2.98   -1.21
DAILY AVG.       0.06              0.10   -0.04
DAYS >= .01         8               9.8    -1.8
DAYS >= .10         4               6.0    -2.0
DAYS >= .50         1               1.8    -0.8
DAYS >= 1.00        0               0.6    -0.6
GREATEST
 24 HR. TOTAL    1.01   06/15 TO 06/16
 STORM TOTAL       MM
 (MM/DD(HH))            MM

SNOWFALL (INCHES)
TOTALS            0.0               0.0     0.0
 LIQUID EQUIV    0.00              0.00    0.00
SINCE 7/1        50.2              41.5     8.7
 LIQUID 7/1      5.02
DAYS >= TRACE       0               0.0     0.0
DAYS >= 1.0         0               0.0     0.0
GREATEST
 SNOW DEPTH         0   MM
 24 HR TOTAL      0.0   06/30 TO 06/30
 STORM TOTAL       MM
 (MM/DD(HH))            MM

DEGREE_DAYS
HEATING TOTAL      26                59     -33
 SINCE 7/1       5673              6970   -1297
COOLING TOTAL     135               124      11
 SINCE 1/1        213               160      53

FREEZE DATES
RECORD
 EARLIEST     MM
 LATEST       MM
EARLIEST      01/01             MM
LATEST        01/31             MM
.................................................

WIND (MPH)
AVERAGE WIND SPEED              8.8
HIGHEST WIND SPEED/DIRECTION    32/260    DATE  06/20
HIGHEST GUST SPEED/DIRECTION    43/280    DATE  06/06

SKY COVER
POSSIBLE SUNSHINE (PERCENT)   MM
AVERAGE SKY COVER           0.30
NUMBER OF DAYS FAIR           21
NUMBER OF DAYS PC              7
NUMBER OF DAYS CLOUDY          2

AVERAGE RH (PERCENT)     59

WEATHER CONDITIONS. NUMBER OF DAYS WITH
THUNDERSTORM              4     MIXED PRECIP               0
HEAVY RAIN                4     RAIN                       5
LIGHT RAIN               10     FREEZING RAIN              0
LT FREEZING RAIN          0     HAIL                       0
HEAVY SNOW                0     SNOW                       0
LIGHT SNOW                0     SLEET                      0
FOG                       5     FOG W/VIS <= 1/4 MILE      0
HAZE                      7

-  INDICATES NEGATIVE NUMBERS.
R  INDICATES RECORD WAS SET OR TIED.
MM INDICATES DATA IS MISSING.
T  INDICATES TRACE AMOUNT.

$$

================================================================
       SOUTHEAST MICHIGAN CLIMATE SUMMARY FOR JUNE 2016


JUNE 2016 MONTHLY STATISTICS AND RANKINGS
-----------------------------------------------------------------
PRECIPITATION
                ACTUAL    NORMAL     DEPARTURE     RANKING
DETROIT AREA    1.30"      3.52"      -2.22"     10TH DRIEST
FLINT AREA      0.67"      3.07"      -2.40"      2ND DRIEST
SAGINAW         1.77"      2.98"      -1.21"     20TH DRIEST

WATER YEAR SINCE JANUARY 1*

                ACTUAL    NORMAL     DEPARTURE     RANKING
DETROIT AREA    14.03"    16.06"      +2.03"     35TH DRIEST
FLINT AREA      12.90"    14.06"      -1.16"     28TH DRIEST
SAGINAW         13.61"    14.63"      -1.02"     55TH DREIST

      *NORMAL TO DATE (AS OF JUNE 30, 2016)

AVERAGE TEMPERATURE
                ACTUAL    NORMAL     DEPARTURE     RANKING
DETROIT AREA     71.1      69.4       +1.7       21ST WARMEST
FLINT AREA       69.7      66.5       +3.2       13TH WARMEST
SAGINAW          68.4      67.2       +1.2       35TH WARMEST

AVERAGE HIGH TEMPERATURE
                ACTUAL    NORMAL     DEPARTURE     RANKING
DETROIT AREA     82.5      79.3       +3.2       13TH WARMEST
FLINT AREA       83.4      77.9       +5.5        7TH WARMEST
SAGINAW          79.9      77.9       +2.0       36TH WARMEST

AVERAGE LOW TEMPERATURE
                ACTUAL    NORMAL     DEPARTURE     RANKING
DETROIT AREA     59.8      59.5       +0.3       50TH WARMEST
FLINT AREA       56.1      55.2       +0.9       43RD WARMEST
SAGINAW          56.9      56.5       +0.4       49TH WARMEST


DETROIT AREA HAS A CLIMATE RECORD DATING TO NOVEMBER 1874
FLINT AREA HAS A CLIMATE RECORD DATING TO JANUARY 1921
SAGINAW HAS A CLIMATE RECORD DATING TO 1912
