000
CXUS56 KHNX 011823
CLMMCE


CLIMATE REPORT
NATIONAL WEATHER SERVICE SAN JOAQUIN VALLEY, CA
1120 AM PDT SAT JUL 1 2017

...................................

...THE MERCED CA AIRPORT CLIMATE SUMMARY FOR THE MONTH OF JUNE 2017...

CLIMATE NORMAL PERIOD 1981 TO 2010
CLIMATE RECORD PERIOD 1998 TO 2017

WEATHER         OBSERVED          NORMAL  DEPART  LAST YEAR`S
                 VALUE   DATE(S)  VALUE   FROM    VALUE  DATE(S)
                                          NORMAL
................................................................
TEMPERATURE (F)
RECORD
 HIGH             107   06/22/2017
                        06/20/2017
                        06/19/2017
 LOW               45   06/12/2017
                        06/07/1999
                        12/22/1998
HIGHEST           107R  06/22        MM      MM      104  06/28
                        06/20                             06/27
                        06/19
LOWEST             45R  06/12        MM      MM       50  06/15
AVG. MAXIMUM     92.6              89.5     3.1     94.2
AVG. MINIMUM     60.3              57.8     2.5     59.9
MEAN             76.5              73.7     2.8     77.1
DAYS MAX >= 90     22              14.8     7.2       22
DAYS MIN <= 32      0               0.0     0.0        0

PRECIPITATION (INCHES)
RECORD
 MAXIMUM         1.16   2011
TOTALS           0.05              0.13   -0.08     0.00
DAYS >= .01         2                MM      MM        0
DAYS >= .10         0                MM      MM        0
DAYS >= .50         0                MM      MM        0
DAYS >= 1.00        0                MM      MM        0
GREATEST
 24 HR. TOTAL    0.04   06/11 TO 06/11

SNOWFALL (INCHES)
RECORDS
 TOTAL            0.0
TOTALS            0.0              0.0

DEGREE_DAYS
HEATING TOTAL      10                 3       7        2
 SINCE 7/1       2381              2778    -397     2268
COOLING TOTAL     362               263      99      372
 SINCE 1/1        514               393     121      541
.................................................................

WIND (MPH)
AVERAGE WIND SPEED              8.2
HIGHEST WIND SPEED/DIRECTION    20/310    DATE  06/15
HIGHEST GUST SPEED/DIRECTION    28/240    DATE  06/11

AVERAGE RH (PERCENT)     47

WEATHER CONDITIONS. NUMBER OF DAYS WITH
THUNDERSTORM              0     RAIN                       1
HAIL                      0     FOG                        0
FOG W/VIS <= 1/4 MILE     0     HAZE                       0

-  INDICATES NEGATIVE NUMBERS.
R  INDICATES RECORD WAS SET OR TIED.
MM INDICATES DATA IS MISSING.
T  INDICATES TRACE AMOUNT.

$$
