000
CXUS56 KHNX 012326
CLMMCE


CLIMATE REPORT
NATIONAL WEATHER SERVICE SAN JOAQUIN VALLEY - HANFORD CA
425 PM PDT WED OCT 1 2014

...................................

...THE MERCED CA AIRPORT CLIMATE SUMMARY FOR THE MONTH OF SEPTEMBER 2014...

CLIMATE NORMAL PERIOD 1981 TO 2010
CLIMATE RECORD PERIOD 1998 TO 2014

WEATHER         OBSERVED          NORMAL  DEPART  LAST YEAR`S
                 VALUE   DATE(S)  VALUE   FROM    VALUE  DATE(S)
                                          NORMAL
................................................................
TEMPERATURE (F)
RECORD
 HIGH             106   09/07/2008
 LOW               42   09/20/2007
HIGHEST           103   09/13        MM      MM      100  09/09
                                                          09/08
LOWEST             52   09/27        MM      MM       47  09/28
AVG. MAXIMUM     92.1              88.3     3.8     88.1
AVG. MINIMUM     61.1              55.5     5.6     58.1
MEAN             76.6              71.9     4.7     73.1
DAYS MAX >= 90     22              13.2     8.8       16
DAYS MIN <= 32      0               0.0     0.0        0

PRECIPITATION (INCHES)
RECORD
 MAXIMUM         0.25   2007
TOTALS              T              0.29   -0.29        T
DAYS >= .01         0                MM      MM        0
DAYS >= .10         0                MM      MM        0
DAYS >= .50         0                MM      MM        0
DAYS >= 1.00        0                MM      MM        0
GREATEST
 24 HR. TOTAL       T   09/28 TO 09/28
                        09/25 TO 09/25

SNOWFALL (INCHES)
RECORDS
 TOTAL             MM   MM
TOTALS            0.0                MM

DEGREE_DAYS
HEATING TOTAL       0                10     -10        7
 SINCE 7/1          0                11     -11        7
COOLING TOTAL     356               217     139      259
 SINCE 1/1       2004              1356     648     1782
.................................................................

WIND (MPH)
AVERAGE WIND SPEED              6.8
HIGHEST WIND SPEED/DIRECTION    22/320    DATE  09/25
HIGHEST GUST SPEED/DIRECTION    28/320    DATE  09/25

AVERAGE RH (PERCENT)     49

WEATHER CONDITIONS. NUMBER OF DAYS WITH
THUNDERSTORM              0     RAIN                       2
HAIL                      0     FOG                        2
FOG W/VIS <= 1/4 MILE     0     HAZE                      12

-  INDICATES NEGATIVE NUMBERS.
R  INDICATES RECORD WAS SET OR TIED.
MM INDICATES DATA IS MISSING.
T  INDICATES TRACE AMOUNT.

$$

SANGER/OCHS

WEATHER.GOV/HANFORD
