000
CXUS56 KHNX 021754
CLMMCE


CLIMATE REPORT
NATIONAL WEATHER SERVICE SAN JOAQUIN VALLEY, CA
1054 AM PDT SAT SEP 2 2017

...................................

...THE MERCED CA AIRPORT CLIMATE SUMMARY FOR THE MONTH OF AUGUST 2017...

CLIMATE NORMAL PERIOD 1981 TO 2010
CLIMATE RECORD PERIOD 1998 TO 2017

WEATHER         OBSERVED          NORMAL  DEPART  LAST YEAR`S
                 VALUE   DATE(S)  VALUE   FROM    VALUE  DATE(S)
                                          NORMAL
................................................................
TEMPERATURE (F)
RECORD
 HIGH             108   08/11/2012
 LOW               50   08/29/2010
                        08/28/2010
                        12/22/1998
HIGHEST           107   08/28        MM      MM      105  08/14
LOWEST             58   08/16        MM      MM       57  08/25
                                                          08/07
                                                          08/06
AVG. MAXIMUM     96.8              93.1     3.7     95.3
AVG. MINIMUM     64.6              59.4     5.2     60.7
MEAN             80.7              76.3     4.4     78.0
DAYS MAX >= 90     27              22.7     4.3       28
DAYS MIN <= 32      0               0.0     0.0        0

PRECIPITATION (INCHES)
RECORD
 MAXIMUM            T   2015
                        2014
                        2013
TOTALS           0.00              0.01   -0.01     0.00
DAYS >= .01         0                MM      MM        0
DAYS >= .10         0                MM      MM        0
DAYS >= .50         0                MM      MM        0
DAYS >= 1.00        0                MM      MM        0
GREATEST
 24 HR. TOTAL    0.00   08/31 TO 08/31
                        08/30 TO 08/30
                        08/29 TO 08/29

SNOWFALL (INCHES)
RECORDS
 TOTAL             MM   MM
TOTALS            0.0                MM

DEGREE_DAYS
HEATING TOTAL       0                 1      -1        0
 SINCE 7/1          0                 1      -1        0
COOLING TOTAL     497               349     148      410
 SINCE 1/1       1536              1139     397     1393
.................................................................

WIND (MPH)
AVERAGE WIND SPEED              6.5
HIGHEST WIND SPEED/DIRECTION    15/330    DATE  08/30
HIGHEST GUST SPEED/DIRECTION    44/210    DATE  08/26

AVERAGE RH (PERCENT)     48

WEATHER CONDITIONS. NUMBER OF DAYS WITH
THUNDERSTORM              0     RAIN                       0
HAIL                      0     FOG                        0
FOG W/VIS <= 1/4 MILE     0     HAZE                       2

-  INDICATES NEGATIVE NUMBERS.
R  INDICATES RECORD WAS SET OR TIED.
MM INDICATES DATA IS MISSING.
T  INDICATES TRACE AMOUNT.

$$
