000
CXUS56 KHNX 020220
CLMMCE


CLIMATE REPORT
NATIONAL WEATHER SERVICE SAN JOAQUIN VALLEY - HANFORD CA
720 PM PDT SAT NOV 1 2014

...................................

...THE MERCED CA AIRPORT CLIMATE SUMMARY FOR THE MONTH OF OCTOBER 2014...

CLIMATE NORMAL PERIOD 1981 TO 2010
CLIMATE RECORD PERIOD 1998 TO 2014

WEATHER         OBSERVED          NORMAL  DEPART  LAST YEAR`S
                 VALUE   DATE(S)  VALUE   FROM    VALUE  DATE(S)
                                          NORMAL
................................................................
TEMPERATURE (F)
RECORD
 HIGH             100   10/02/2012
 LOW               35   10/29/2009
HIGHEST            97   10/06        MM      MM       86  10/06
                        10/05
LOWEST             40   10/27        MM      MM       39  10/31
                                                          10/30
AVG. MAXIMUM     84.4              78.3     6.1     77.7
AVG. MINIMUM     52.7              48.6     4.1     45.4
MEAN             68.5              63.4     5.1     61.5
DAYS MAX >= 90     10               2.5     7.5        0
DAYS MIN <= 32      0               0.0     0.0        0

PRECIPITATION (INCHES)
RECORD
 MAXIMUM         3.52   2000
TOTALS           0.66              0.81   -0.15     0.10
DAYS >= .01         2                MM      MM        1
DAYS >= .10         1                MM      MM        1
DAYS >= .50         1                MM      MM        0
DAYS >= 1.00        0                MM      MM        0
GREATEST
 24 HR. TOTAL    0.64   10/31 TO 10/31

SNOWFALL (INCHES)
RECORDS
 TOTAL             MM   MM
TOTALS            0.0                MM

DEGREE_DAYS
HEATING TOTAL      27                99     -72      104
 SINCE 7/1         27               110     -83      111
COOLING TOTAL     143                51      92        5
 SINCE 1/1       2147              1407     740     1787
.................................................................

WIND (MPH)
AVERAGE WIND SPEED              5.2
HIGHEST WIND SPEED/DIRECTION    24/330    DATE  10/20
HIGHEST GUST SPEED/DIRECTION    32/290    DATE  10/31

AVERAGE RH (PERCENT)     50

WEATHER CONDITIONS. NUMBER OF DAYS WITH
THUNDERSTORM              0     RAIN                       2
HAIL                      0     FOG                        3
FOG W/VIS <= 1/4 MILE     0     HAZE                       9

-  INDICATES NEGATIVE NUMBERS.
R  INDICATES RECORD WAS SET OR TIED.
MM INDICATES DATA IS MISSING.
T  INDICATES TRACE AMOUNT.

$$

SANGER/OCHS

WEATHER.GOV/HANFORD
