000
CXUS56 KHNX 021250
CLMMCE


CLIMATE REPORT
NATIONAL WEATHER SERVICE SAN JOAQUIN VALLEY - HANFORD CA
450 AM PST MON MAR 2 2015

...................................

...THE MERCED CA AIRPORT CLIMATE SUMMARY FOR THE MONTH OF FEBRUARY 2015...

CLIMATE NORMAL PERIOD 1981 TO 2010
CLIMATE RECORD PERIOD 1998 TO 2015

WEATHER         OBSERVED          NORMAL  DEPART  LAST YEAR`S
                 VALUE   DATE(S)  VALUE   FROM    VALUE  DATE(S)
                                          NORMAL
................................................................
TEMPERATURE (F)
RECORD
 HIGH              77   02/25/2014
                        02/24/2014
 LOW               26   02/20/2006
                        02/09/2003
                        02/03/2002
HIGHEST            75   02/13        MM      MM       77  02/25
                                                          02/24
LOWEST             32   02/24        MM      MM       31  02/05
AVG. MAXIMUM     66.6              60.2     6.4     64.1
AVG. MINIMUM     41.9              39.1     2.8     41.0
MEAN             54.2              49.7     4.5     52.6
DAYS MAX >= 90      0               0.0     0.0        0
DAYS MIN <= 32      1               2.8    -1.8        3

PRECIPITATION (INCHES)
RECORD
 MAXIMUM         4.80   2000
TOTALS           1.05              2.34   -1.29     1.65
DAYS >= .01         5                MM      MM        9
DAYS >= .10         3                MM      MM        5
DAYS >= .50         0                MM      MM        1
DAYS >= 1.00        0                MM      MM        0
GREATEST
 24 HR. TOTAL    0.74   02/06 TO 02/07

SNOWFALL (INCHES)
RECORDS
 TOTAL             MM   MM
TOTALS            0.0                MM

DEGREE_DAYS
HEATING TOTAL     293               430    -137      306
 SINCE 7/1       1464              2170    -706     1869
COOLING TOTAL       0                 0       0        0
 SINCE 1/1          0                 0       0        0
.................................................................

WIND (MPH)
AVERAGE WIND SPEED              4.6
HIGHEST WIND SPEED/DIRECTION    30/130    DATE  02/08
HIGHEST GUST SPEED/DIRECTION    36/130    DATE  02/08

AVERAGE RH (PERCENT)     75

WEATHER CONDITIONS. NUMBER OF DAYS WITH
THUNDERSTORM              0     RAIN                       7
HAIL                      0     FOG                       26
FOG W/VIS <= 1/4 MILE    15     HAZE                      21

-  INDICATES NEGATIVE NUMBERS.
R  INDICATES RECORD WAS SET OR TIED.
MM INDICATES DATA IS MISSING.
T  INDICATES TRACE AMOUNT.

$$

SANGER/OCHS

WEATHER.GOV/HANFORD
