000
CXUS56 KHNX 011250
CLMMCE


CLIMATE REPORT
NATIONAL WEATHER SERVICE SAN JOAQUIN VALLEY - HANFORD CA
538 AM PDT WED JUL 1 2015

...................................

...THE MERCED CA AIRPORT CLIMATE SUMMARY FOR THE MONTH OF JUNE 2015...

CLIMATE NORMAL PERIOD 1981 TO 2010
CLIMATE RECORD PERIOD 1998 TO 2015

WEATHER         OBSERVED          NORMAL  DEPART  LAST YEAR`S
                 VALUE   DATE(S)  VALUE   FROM    VALUE  DATE(S)
                                          NORMAL
................................................................
TEMPERATURE (F)
RECORD
 HIGH             107   06/09/2014
                        06/29/2013
                        06/17/2012
                        06/22/2011
                        06/29/2009
 LOW               45   06/07/1999
HIGHEST           106   06/26        MM      MM      107  06/09
LOWEST             50   06/04        MM      MM       51  06/17
                                                          06/01
AVG. MAXIMUM     94.3              89.5     4.8     94.1
AVG. MINIMUM     61.1              57.8     3.3     59.1
MEAN             77.7              73.7     4.0     76.6
DAYS MAX >= 90     25              14.8    10.2       24
DAYS MIN <= 32      0               0.0     0.0        0

PRECIPITATION (INCHES)
RECORD
 MAXIMUM         1.16   2011
TOTALS           0.00              0.13   -0.13        T
DAYS >= .01         0                MM      MM        0
DAYS >= .10         0                MM      MM        0
DAYS >= .50         0                MM      MM        0
DAYS >= 1.00        0                MM      MM        0
GREATEST
 24 HR. TOTAL    0.00   MM

SNOWFALL (INCHES)
RECORDS
 TOTAL             MM   MM
TOTALS            0.0                MM

DEGREE_DAYS
HEATING TOTAL       0                 3      -3        0
 SINCE 7/1       1773              2778   -1005     2132
COOLING TOTAL     392               263     129      353
 SINCE 1/1        514               393     121      616
.................................................................

WIND (MPH)
AVERAGE WIND SPEED              7.7
HIGHEST WIND SPEED/DIRECTION    23/330    DATE  06/18
HIGHEST GUST SPEED/DIRECTION    30/340    DATE  06/10

AVERAGE RH (PERCENT)     44

WEATHER CONDITIONS. NUMBER OF DAYS WITH
THUNDERSTORM              0     RAIN                       0
HAIL                      0     FOG                        1
FOG W/VIS <= 1/4 MILE     0     HAZE                       3

-  INDICATES NEGATIVE NUMBERS.
R  INDICATES RECORD WAS SET OR TIED.
MM INDICATES DATA IS MISSING.
T  INDICATES TRACE AMOUNT.

$$

SANGER/OCHS

WEATHER.GOV/HANFORD
