000
CXUS56 KHNX 011415
CLMMCE


CLIMATE REPORT
NATIONAL WEATHER SERVICE SAN JOAQUIN VALLEY - HANFORD CA
715 AM PDT FRI MAY 1 2015

...................................

...THE MERCED CA AIRPORT CLIMATE SUMMARY FOR THE MONTH OF APRIL 2015...

CLIMATE NORMAL PERIOD 1981 TO 2010
CLIMATE RECORD PERIOD 1998 TO 2015

WEATHER         OBSERVED          NORMAL  DEPART  LAST YEAR`S
                 VALUE   DATE(S)  VALUE   FROM    VALUE  DATE(S)
                                          NORMAL
................................................................
TEMPERATURE (F)
RECORD
 HIGH              97   04/27/2004
 LOW               30   04/10/1999
HIGHEST            90   04/30        MM      MM       94  04/30
LOWEST             36   04/03        MM      MM       38  04/01
AVG. MAXIMUM     76.8              73.0     3.8     78.3
AVG. MINIMUM     46.0              45.1     0.9     49.2
MEAN             61.4              59.0     2.4     63.8
DAYS MAX >= 90      1               1.1    -0.1        1
DAYS MIN <= 32      0               0.1    -0.1        0

PRECIPITATION (INCHES)
RECORD
 MAXIMUM         3.36   2010
TOTALS           1.09              0.95    0.14     0.53
DAYS >= .01         4                MM      MM        3
DAYS >= .10         2                MM      MM        2
DAYS >= .50         1                MM      MM        0
DAYS >= 1.00        0                MM      MM        0
GREATEST
 24 HR. TOTAL    0.73   04/25 TO 04/25

SNOWFALL (INCHES)
RECORDS
 TOTAL             MM   MM
TOTALS            0.0                MM

DEGREE_DAYS
HEATING TOTAL     129               197     -68       94
 SINCE 7/1       1723              2721    -998     2122
COOLING TOTAL      30                19      11       66
 SINCE 1/1         44                19      25       66
.................................................................

WIND (MPH)
AVERAGE WIND SPEED              7.7
HIGHEST WIND SPEED/DIRECTION    28/310    DATE  04/14
HIGHEST GUST SPEED/DIRECTION    39/310    DATE  04/11

AVERAGE RH (PERCENT)     55

WEATHER CONDITIONS. NUMBER OF DAYS WITH
THUNDERSTORM              0     RAIN                       4
HAIL                      0     FOG                        3
FOG W/VIS <= 1/4 MILE     0     HAZE                       1

-  INDICATES NEGATIVE NUMBERS.
R  INDICATES RECORD WAS SET OR TIED.
MM INDICATES DATA IS MISSING.
T  INDICATES TRACE AMOUNT.

$$

SANGER/OCHS

WEATHER.GOV/HANFORD
