009
CXUS56 KHNX 011928
CLMMCE


CLIMATE REPORT
NATIONAL WEATHER SERVICE SAN JOAQUIN VALLEY, CA
1122 AM PST MON FEB 1 2016

...................................

...THE MERCED CA AIRPORT CLIMATE SUMMARY FOR THE MONTH OF JANUARY 2016...

CLIMATE NORMAL PERIOD 1981 TO 2010
CLIMATE RECORD PERIOD 1998 TO 2016

WEATHER         OBSERVED          NORMAL  DEPART  LAST YEAR`S
                 VALUE   DATE(S)  VALUE   FROM    VALUE  DATE(S)
                                          NORMAL
................................................................
TEMPERATURE (F)
RECORD
 HIGH              73   01/24/2014
 LOW               19   01/15/2007
HIGHEST            63   01/13        MM      MM       66  01/27
                                                          01/10
                                                          01/08
LOWEST             28   01/01        MM      MM       27  01/03
AVG. MAXIMUM     56.9              53.2     3.7     56.5
AVG. MINIMUM     41.4              36.7     4.7     38.7
MEAN             49.1              45.0     4.1     47.5
DAYS MAX >= 90      0               0.0     0.0        0
DAYS MIN <= 32      1               8.2    -7.2        5

PRECIPITATION (INCHES)
RECORD
 MAXIMUM         4.26   2008
TOTALS           4.49R             2.61    1.88     0.02
DAYS >= .01        14                MM      MM        1
DAYS >= .10         7                MM      MM        0
DAYS >= .50         5                MM      MM        0
DAYS >= 1.00        1                MM      MM        0
GREATEST
 24 HR. TOTAL    1.01   01/19 TO 01/19


SNOWFALL (INCHES)
RECORDS
 TOTAL            MM                 MM
TOTALS            0.0                MM

DEGREE_DAYS
HEATING TOTAL     482               621    -139      501
 SINCE 7/1       1556              1740    -184     1171
COOLING TOTAL       0                 0       0        0
 SINCE 1/1          0                 0       0        0
.................................................................

WIND (MPH)
AVERAGE WIND SPEED              5.3
HIGHEST WIND SPEED/DIRECTION    29/120    DATE  01/06
HIGHEST GUST SPEED/DIRECTION    43/210    DATE  01/21

AVERAGE RH (PERCENT)     83

WEATHER CONDITIONS. NUMBER OF DAYS WITH
THUNDERSTORM              0     RAIN                       7
HAIL                      0     FOG                       31
FOG W/VIS <= 1/4 MILE     9     HAZE                      16

-  INDICATES NEGATIVE NUMBERS.
R  INDICATES RECORD WAS SET OR TIED.
MM INDICATES DATA IS MISSING.
T  INDICATES TRACE AMOUNT.

$$
