000
CXUS56 KHNX 011928
CLMMCE


CLIMATE REPORT
NATIONAL WEATHER SERVICE SAN JOAQUIN VALLEY, CA
1224 PM PDT FRI JUL 1 2016

...................................

...THE MERCED CA AIRPORT CLIMATE SUMMARY FOR THE MONTH OF JUNE 2016...

CLIMATE NORMAL PERIOD 1981 TO 2010
CLIMATE RECORD PERIOD 1998 TO 2016

WEATHER         OBSERVED          NORMAL  DEPART  LAST YEAR`S
                 VALUE   DATE(S)  VALUE   FROM    VALUE  DATE(S)
                                          NORMAL
................................................................
TEMPERATURE (F)
RECORD
 HIGH             107   06/09/2014
                        06/29/2013
                        06/17/2012
 LOW               45   06/07/1999
HIGHEST           104   06/28        MM      MM      106  06/26
                        06/27
LOWEST             50   06/15        MM      MM       50  06/04
AVG. MAXIMUM     94.2              89.5     4.7     94.3
AVG. MINIMUM     59.9              57.8     2.1     61.1
MEAN             77.1              73.7     3.4     77.7
DAYS MAX >= 90     22              14.8     7.2       25
DAYS MIN <= 32      0               0.0     0.0        0

PRECIPITATION (INCHES)
RECORD
 MAXIMUM         1.16   2011
TOTALS           0.00              0.13   -0.13     0.00
DAYS >= .01         0                MM      MM        0
DAYS >= .10         0                MM      MM        0
DAYS >= .50         0                MM      MM        0
DAYS >= 1.00        0                MM      MM        0
GREATEST
 24 HR. TOTAL       T   06/23 TO 06/24
                        06/24 TO 06/24
                        06/24 TO 06/25

SNOWFALL (INCHES)
RECORDS
 TOTAL            0.0
TOTALS            0.0               0.0

DEGREE_DAYS
HEATING TOTAL       2                 3      -1        0
 SINCE 7/1       2268              2778    -510     1773
COOLING TOTAL     372               263     109      392
 SINCE 1/1        541               393     148      514
.................................................................

WIND (MPH)
AVERAGE WIND SPEED              8.3
HIGHEST WIND SPEED/DIRECTION    23/320    DATE  06/17
HIGHEST GUST SPEED/DIRECTION    33/330    DATE  06/22

AVERAGE RH (PERCENT)     42

WEATHER CONDITIONS. NUMBER OF DAYS WITH
THUNDERSTORM              0     RAIN                       0
HAIL                      0     FOG                        0
FOG W/VIS <= 1/4 MILE     0     HAZE                       3

-  INDICATES NEGATIVE NUMBERS.
R  INDICATES RECORD WAS SET OR TIED.
MM INDICATES DATA IS MISSING.
T  INDICATES TRACE AMOUNT.

$$
