000
CXUS56 KHNX 041545
CLMMCE


CLIMATE REPORT
NATIONAL WEATHER SERVICE SAN JOAQUIN VALLEY - HANFORD CA
845 AM PDT THU JUN 4 2015

...................................

...THE MERCED CA AIRPORT CLIMATE SUMMARY FOR THE MONTH OF MAY 2015...

CLIMATE NORMAL PERIOD 1981 TO 2010
CLIMATE RECORD PERIOD 1998 TO 2015

WEATHER         OBSERVED          NORMAL  DEPART  LAST YEAR`S
                 VALUE   DATE(S)  VALUE   FROM    VALUE  DATE(S)
                                          NORMAL
................................................................
TEMPERATURE (F)
RECORD
 HIGH             105   05/17/2009
                        05/31/2001
 LOW               38   05/07/2010
                        05/04/1999
HIGHEST            95   05/30        MM      MM      101  05/15
LOWEST             46   05/16        MM      MM       47  05/29
                        05/13
AVG. MAXIMUM     79.7              82.3    -2.6     87.0
AVG. MINIMUM     51.6              51.4     0.2     54.4
MEAN             65.7              66.9    -1.2     70.7
DAYS MAX >= 90      4               5.8    -1.8       12
DAYS MIN <= 32      0               0.0     0.0        0

PRECIPITATION (INCHES)
RECORD
 MAXIMUM         1.11   2005
TOTALS           0.74              0.58    0.16     0.06
DAYS >= .01         2                MM      MM        1
DAYS >= .10         2                MM      MM        0
DAYS >= .50         1                MM      MM        0
DAYS >= 1.00        0                MM      MM        0
GREATEST
 24 HR. TOTAL    0.56   05/07 TO 05/07

SNOWFALL (INCHES)
RECORDS
 TOTAL             MM   MM
TOTALS            0.0                MM

DEGREE_DAYS
HEATING TOTAL      50                54      -4       10
 SINCE 7/1       1773              2775   -1002     2132
COOLING TOTAL      78               111     -33      197
 SINCE 1/1        122               130      -8      263
.................................................................

WIND (MPH)
AVERAGE WIND SPEED              7.1
HIGHEST WIND SPEED/DIRECTION    25/220    DATE  05/07
HIGHEST GUST SPEED/DIRECTION    35/210    DATE  05/07

AVERAGE RH (PERCENT)     56

WEATHER CONDITIONS. NUMBER OF DAYS WITH
THUNDERSTORM              0     RAIN                       3
HAIL                      0     FOG                        4
FOG W/VIS <= 1/4 MILE     0     HAZE                       1

-  INDICATES NEGATIVE NUMBERS.
R  INDICATES RECORD WAS SET OR TIED.
MM INDICATES DATA IS MISSING.
T  INDICATES TRACE AMOUNT.

$$

SANGER/OCHS

WEATHER.GOV/HANFORD
