000
CXUS56 KHNX 011718
CLMMCE


CLIMATE REPORT
NATIONAL WEATHER SERVICE SAN JOAQUIN VALLEY, CA
911 AM PST WED MAR 1 2017

...................................

...THE MERCED CA AIRPORT CLIMATE SUMMARY FOR THE MONTH OF FEBRUARY 2017...

CLIMATE NORMAL PERIOD 1981 TO 2010
CLIMATE RECORD PERIOD 1998 TO 2017

WEATHER         OBSERVED          NORMAL  DEPART  LAST YEAR`S
                 VALUE   DATE(S)  VALUE   FROM    VALUE  DATE(S)
                                          NORMAL
................................................................
TEMPERATURE (F)
RECORD
 HIGH              77   02/25/2014
                        02/24/2014
                        07/25/2006
 LOW               26   02/20/2006
                        02/09/2003
                        02/03/2002
HIGHEST            68   02/20        MM      MM       73  02/29
                                                          02/26
LOWEST             31   02/25        MM      MM       32  02/03
                        02/24
AVG. MAXIMUM     60.8              60.2     0.6     66.3
AVG. MINIMUM     43.9              39.1     4.8     39.6
MEAN             52.4              49.7     2.7     52.9
DAYS MAX >= 90      0               0.0     0.0        0
DAYS MIN <= 32      3               2.8     0.2        1

PRECIPITATION (INCHES)
RECORD
 MAXIMUM         4.95   2000
TOTALS           3.51              2.34    1.17     0.40
DAYS >= .01        13                MM      MM        2
DAYS >= .10         9                MM      MM        2
DAYS >= .50         3                MM      MM        0
DAYS >= 1.00        0                MM      MM        0
GREATEST
 24 HR. TOTAL    0.83   02/09 TO 02/10

SNOWFALL (INCHES)
RECORDS
 TOTAL            0.0
TOTALS            0.0                MM

DEGREE_DAYS
HEATING TOTAL     346               430     -84      341
 SINCE 7/1       1870              2170    -300     1897
COOLING TOTAL       0                 0       0        0
 SINCE 1/1          0                 0       0        0
.................................................................

WIND (MPH)
AVERAGE WIND SPEED              7.6
HIGHEST WIND SPEED/DIRECTION    33/120    DATE  02/17
HIGHEST GUST SPEED/DIRECTION    43/120    DATE  02/17

AVERAGE RH (PERCENT)     77

WEATHER CONDITIONS. NUMBER OF DAYS WITH
THUNDERSTORM              0     RAIN                       4
HAIL                      0     FOG                       20
FOG W/VIS <= 1/4 MILE     4     HAZE                       8

-  INDICATES NEGATIVE NUMBERS.
R  INDICATES RECORD WAS SET OR TIED.
MM INDICATES DATA IS MISSING.
T  INDICATES TRACE AMOUNT.

$$
