413
CXAK59 PAFG 012135
CLMMCG


CLIMATE REPORT
NATIONAL WEATHER SERVICE FAIRBANKS, AK
126 PM AKDT SAT JUL 1 2017

...................................

...THE MCGRATH AK CLIMATE SUMMARY FOR THE MONTH OF JUNE 2017...

CLIMATE NORMAL PERIOD 1981 TO 2010
CLIMATE RECORD PERIOD 1946 TO 2017

WEATHER         OBSERVED          NORMAL  DEPART  LAST YEAR`S
                 VALUE   DATE(S)  VALUE   FROM    VALUE  DATE(S)
                                          NORMAL
................................................................
TEMPERATURE (F)
RECORD
 HIGH              94   06/17/2013
 LOW               27   06/04/2006
HIGHEST            78   06/08        MM      MM       85  06/16
                        06/07
LOWEST             37   06/14        MM      MM       37  06/07
AVG. MAXIMUM     70.0              68.1     1.9     67.6
AVG. MINIMUM     48.8              46.7     2.1     49.5
MEAN             59.4              57.4     2.0     58.5
DAYS MAX >= 90      0               0.0     0.0        0
DAYS MAX <= 32      0               0.0     0.0        0
DAYS MIN <= 32      0               0.1    -0.1        0
DAYS MIN <= 0       0               0.0     0.0        0

PRECIPITATION (INCHES)
RECORD
 MAXIMUM         4.36   1950
 MINIMUM         0.15   2000
TOTALS           1.23              1.52   -0.29     2.40
DAILY AVG.       0.04              0.05   -0.01     0.08
DAYS >= .01        12              12.3    -0.3       19
DAYS >= .10         6               4.4     1.6        9
DAYS >= .50         0               0.5    -0.5        0
DAYS >= 1.00        0               0.1    -0.1        0
GREATEST
 24 HR. TOTAL    0.34   06/17 TO 06/17           06/18 TO 06/19

SNOWFALL (INCHES)
RECORDS
 TOTAL            0.1   1975
 24 HR TOTAL       MM
 SNOW DEPTH         0   MM
TOTALS              T               0.0     0.0      0.0
SINCE 7/1        51.3              97.3   -46.0      0.0
SNOWDEPTH AVG.      0                 0       0        0
DAYS >= TRACE       1               0.0     1.0        0
DAYS >= 1.0         0               0.0     0.0        0
GREATEST
 SNOW DEPTH         0   MM                             0  MM
 24 HR TOTAL        T   06/16 TO 06/16           06/30 TO 06/30

DEGREE_DAYS
HEATING TOTAL     159               234     -75      190
 SINCE 7/1      13188             13747    -559     3840
COOLING TOTAL       1                 6      -5        6
 SINCE 1/1          1                 6      -5        6
.................................................

WIND (MPH)
AVERAGE WIND SPEED              4.5
HIGHEST WIND SPEED/DIRECTION    26/220    DATE  06/16
HIGHEST GUST SPEED/DIRECTION    38/040    DATE  06/05

SKY COVER
AVERAGE SKY COVER           0.50


WEATHER CONDITIONS. NUMBER OF DAYS WITH
THUNDERSTORM              0     MIXED PRECIP               0
HEAVY RAIN                0     RAIN                       3
LIGHT RAIN               17     FREEZING RAIN              0
LT FREEZING RAIN          0     HAIL                       1
HEAVY SNOW                0     SNOW                       0
LIGHT SNOW                0     SLEET                      0
FOG                       8     FOG W/VIS <= 1/4 MILE      1
HAZE                      3

-  INDICATES NEGATIVE NUMBERS.
R  INDICATES RECORD WAS SET OR TIED.
MM INDICATES DATA IS MISSING.
T  INDICATES TRACE AMOUNT.

$$
