516
CXAK59 PAFG 020115
CLMMCG


CLIMATE REPORT
NATIONAL WEATHER SERVICE FAIRBANKS, AK
409 PM AKST THU DEC 1 2016

...................................

...THE MCGRATH AK CLIMATE SUMMARY FOR THE MONTH OF NOVEMBER 2016...

CLIMATE NORMAL PERIOD 1981 TO 2010
CLIMATE RECORD PERIOD 1946 TO 2016

WEATHER         OBSERVED          NORMAL  DEPART  LAST YEAR`S
                 VALUE   DATE(S)  VALUE   FROM    VALUE  DATE(S)
                                          NORMAL
................................................................
TEMPERATURE (F)
RECORD
 HIGH              50   11/12/2014
 LOW              -53   11/30/1990
HIGHEST            37   11/01        MM      MM       MM  MM
LOWEST            -35   11/30        MM      MM       MM  MM
                        11/29
AVG. MAXIMUM     11.1              13.2    -2.1       MM
AVG. MINIMUM     -4.3              -2.1    -2.2       MM
MEAN              3.4               5.5    -2.1       MM
DAYS MAX >= 90      0               0.0     0.0       MM
DAYS MAX <= 32     29              26.8     2.2       MM
DAYS MIN <= 32     30              29.6     0.4       MM
DAYS MIN <= 0      15              16.8    -1.8       MM

PRECIPITATION (INCHES)
RECORD
 MAXIMUM         4.34   1979
 MINIMUM         0.02   1963
TOTALS           0.24              1.41   -1.17       MM
DAILY AVG.       0.01              0.05   -0.04       MM
DAYS >= .01         5              12.5    -7.5       MM
DAYS >= .10         0               4.0    -4.0       MM
DAYS >= .50         0               0.5    -0.5       MM
DAYS >= 1.00        0               0.1    -0.1       MM
GREATEST
 24 HR. TOTAL    0.10   11/14 TO 11/15                MM

SNOWFALL (INCHES)
RECORDS
 TOTAL           53.7   1994
 24 HR TOTAL       MM
 SNOW DEPTH        30   11/02/1947
TOTALS            6.7              19.3   -12.6       MM
SINCE 7/1         8.3              31.0   -22.7       MM
SNOWDEPTH AVG.      2                 8      -6       MM
DAYS >= TRACE      14              13.9     0.1       MM
DAYS >= 1.0         2               5.7    -3.7       MM
GREATEST
 SNOW DEPTH         5   11/30                         MM  MM
                        11/29
                        11/28
 24 HR TOTAL      2.5   11/25 TO 11/25                MM

DEGREE_DAYS
HEATING TOTAL    1842              1783      59       MM
 SINCE 7/1       3746              4123    -377       MM
COOLING TOTAL       0                 0       0       MM
 SINCE 1/1         29                20       9       MM
.................................................................

WIND (MPH)
AVERAGE WIND SPEED              1.8
HIGHEST WIND SPEED/DIRECTION    12/290    DATE  11/15
HIGHEST GUST SPEED/DIRECTION    16/290    DATE  11/15

SKY COVER
AVERAGE SKY COVER           0.50


WEATHER CONDITIONS. NUMBER OF DAYS WITH
THUNDERSTORM              0     MIXED PRECIP               0
HEAVY RAIN                0     RAIN                       0
LIGHT RAIN                0     FREEZING RAIN              0
LT FREEZING RAIN          0     HAIL                       0
HEAVY SNOW                0     SNOW                       1
LIGHT SNOW               12     SLEET                      0
FOG                      12     FOG W/VIS <= 1/4 MILE      0
HAZE                     10

-  INDICATES NEGATIVE NUMBERS.
R  INDICATES RECORD WAS SET OR TIED.
MM INDICATES DATA IS MISSING.
T  INDICATES TRACE AMOUNT.

$$
