094
CXAK59 PAMC 010908
CLMMCG

CLIMATE REPORT
NATIONAL WEATHER SERVICE MCGRATH, AK
108 AM AKDT FRI JUL 1 2016

...................................

...THE MCGRATH AIRPORT CLIMATE SUMMARY FOR THE MONTH OF JUNE 2016...

CLIMATE NORMAL PERIOD 1981 TO 2010
CLIMATE RECORD PERIOD 1940 TO 2016

WEATHER         OBSERVED          NORMAL  DEPART  LAST YEAR`S
                 VALUE   DATE(S)  VALUE   FROM    VALUE  DATE(S)
                                          NORMAL
................................................................
TEMPERATURE (F)
RECORD
 HIGH              94   6/17/2013
 LOW               27   6/04/2006
HIGHEST            85   6/16         81       4      87  6/19
LOWEST             37                36       1      39  6/13
AVG. MAXIMUM       67.5              68.1    -0.6    70.5
AVG. MINIMUM       49.5              46.7     2.8    48.0
MEAN               58.5              57.4     1.1    59.3
DAYS MAX >= 90      0                 0.0     0.0     0
DAYS MAX <= 32      0                 0.0     0.0     0
DAYS MAX >= 80      1                 2.0    -1.0     9
DAYS MAX >= 70     13                12.6     0.4    15
DAYS MIN <= 32      0                 0.1    -0.1     0
DAYS MIN <= 0       0                 0.0     0.0     0

PRECIPITATION (INCHES)
RECORD
 MAXIMUM            4.36   1950
 MINIMUM            0.15   2000
TOTALS              2.41              1.52    0.89    1.08
DAILY AVG.          0.08              0.05    0.03    0.04
DAYS >= .01        19                12.3     6.7    12
DAYS >= .10        10                 4.4     5.6     3
DAYS >= .50         0                 0.5    -0.5     0
DAYS >= 1.0         0                 0.1    -0.1     0
GREATEST
 24 HR TOTAL        0.39   6/19                       0.38  6/27

SNOWFALL (INCHES)
RECORDS
 TOTAL              0.1   1975
 24 HR TOTAL        0.1   6-14-1975
 SNOW DEPTH        13     6-22-2004
TOTALS              0.0               0.0     0.0     0.0
SINCE 7/1          79.0              95.7   -16.7    41.6
SNOWDEPTH AVG.      0                 0       0       0
DAYS >= TRACE       0                 0.1    -0.1     0
DAYS >= 1.0         0                 0.0     0.0     0
DAYS >= 6.0         0                 0.0     0.0     0
GREATEST
 SNOW DEPTH         0   MM                            0  MM
 24 HR TOTAL      0.0   MM                          0.0  MM

DEGREE_DAYS
HEATING TOTAL     190               234     -44     193
 SINCE 7/1      12321             13755   -1434   11986
COOLING TOTAL       5                 5       0      26
 SINCE 1/1          5                 5       0      26
................................................................

WIND (MPH)
AVERAGE WIND SPEED                4.7
HIGHEST WIND SPEED/DIRECTION     23/330    DATE    06/5
HIGHEST GUST SPEED/DIRECTION     32/320    DATE    06/5

WEATHER CONDITIONS. NUMBER OF DAYS WITH
THUNDERSTORM              2     ICE PELLETS                 0
RAIN                     25     GLAZE                       0
DRIZZLE                   0     HAIL                        0
SNOW                      0     HAZE                        1
FOG                      11     FOG W/VIS <= 1/4 MILE       1
BLOWING SNOW              0


-  INDICATES NEGATIVE NUMBERS.
R  INDICATES RECORD WAS SET OR TIED.
MM INDICATES DATA IS MISSING.
T  INDICATES TRACE AMOUNT.

&&

THE MONTH OF JUNE HAD CLOSE TO NORM TEMPERATURES FOR THE MONTH...HOWEVER LOW
TEMPERATURES WERE SLIGHTLY WARMER THAN NORM...WITH ONE BROKEN HIGH MINIMUM
TEMPERATURE RECORD OF 59 ON JUNE 23...THE LAST RECORD SET IN 2001 WITH A
TEMPERATURE OF 58...MORE NOTABLY...MCGRATH RECORDED A MONTHLY TOTAL RAINFALL OF
2.41 INCHES...QUITE A BIT HIGHER THAN THE NORM OF 1.52 INCHES...

$$
SBY JUL 16
