371
CXUS53 KEAX 010720
CLMMCI

CLIMATE REPORT
NATIONAL WEATHER SERVICE KANSAS CITY/PLEASANT HILL MO
106 AM CST WED FEB 1 2017

...................................

...THE KANSAS CITY INTERNATIONAL MO CLIMATE SUMMARY FOR THE MONTH OF JANUARY 2017...

CLIMATE NORMAL PERIOD 1981 TO 2010
CLIMATE RECORD PERIOD 1888 TO 2017

WEATHER         OBSERVED          NORMAL  DEPART  LAST YEAR`S
                 VALUE   DATE(S)  VALUE   FROM    VALUE  DATE(S)
                                          NORMAL
................................................................
TEMPERATURE (F)
RECORD
 HIGH              75   01/24/1950
 LOW              -20   01/12/1912
HIGHEST            63   01/11        61       2       64  01/29
LOWEST             -4   01/06         0      -4       -3  01/18
                                                          01/17
AVG. MAXIMUM     41.1              38.0     3.1     38.8
AVG. MINIMUM     23.5              19.6     3.9     20.4
MEAN             32.3              28.8     3.5     29.6
DAYS MAX >= 90      0               0.0     0.0        0
DAYS MAX <= 32      6              10.2    -4.2       10
DAYS MIN <= 32     26              27.5    -1.5       28
DAYS MIN <= 0       2               2.1    -0.1        2

PRECIPITATION (INCHES)
RECORD
 MAXIMUM         5.52   1916
 MINIMUM         0.02   1986
TOTALS           1.39              1.07    0.32     0.76
DAILY AVG.       0.04              0.03    0.01     0.02
DAYS >= .01        10               6.3     3.7        6
DAYS >= .10         5               2.6     2.4        2
DAYS >= .50         1               0.5     0.5        0
DAYS >= 1.00        0               0.1    -0.1        0
GREATEST
 24 HR. TOTAL    0.74   01/15 TO 01/16

SNOWFALL (INCHES)
RECORDS
 TOTAL           30.5   1962
                        0
                        0
TOTALS            2.2               4.6    -2.4      2.8
SINCE 7/1         4.5              10.8    -6.3      5.3
SNOWDEPTH AVG.      0                 2      -2        0
DAYS >= 1.0         1               1.6    -0.6        1
GREATEST
 SNOW DEPTH         2   01/06                          2  01/18
                        01/05                             01/17
                        01/04
 24 HR TOTAL      1.5   01/04 TO 01/04

DEGREE_DAYS
HEATING TOTAL    1005              1122    -117     1091
 SINCE 7/1       2662              3164    -502     2614
COOLING TOTAL       0                 0       0        0
 SINCE 1/1          0                 0       0        0
.................................................................

WIND (MPH)
AVERAGE WIND SPEED              9.8
HIGHEST WIND SPEED/DIRECTION    31/280    DATE  01/10
HIGHEST GUST SPEED/DIRECTION    42/280    DATE  01/10

SKY COVER
POSSIBLE SUNSHINE (PERCENT)   MM
AVERAGE SKY COVER           0.70
NUMBER OF DAYS FAIR            3
NUMBER OF DAYS PC             15
NUMBER OF DAYS CLOUDY         13

AVERAGE RH (PERCENT)     72

WEATHER CONDITIONS. NUMBER OF DAYS WITH
THUNDERSTORM              3     MIXED PRECIP               0
HEAVY RAIN                1     RAIN                       2
LIGHT RAIN               12     FREEZING RAIN              0
LT FREEZING RAIN          3     HAIL                       0
HEAVY SNOW                0     SNOW                       0
LIGHT SNOW                4     SLEET                      0
FOG                      17     FOG W/VIS <= 1/4 MILE      7
HAZE                     10

-  INDICATES NEGATIVE NUMBERS.
R  INDICATES RECORD WAS SET OR TIED.
MM INDICATES DATA IS MISSING.
T  INDICATES TRACE AMOUNT.

$$
