000
CXUS53 KEAX 020745
CLMMCI

STLCLMWRK 000
TTAA00 KEAX 020741


CLIMATE REPORT
NATIONAL WEATHER SERVICE KANSAS CITY/PLEASANT HILL MO
239 AM CDT WED JUL 2 2014

...................................

...THE KANSAS CITY INTERNATIONAL MO CLIMATE SUMMARY FOR THE MONTH OF JUNE 2014...

CLIMATE NORMAL PERIOD 1981 TO 2010
CLIMATE RECORD PERIOD 1888 TO 2014

WEATHER         OBSERVED          NORMAL  DEPART  LAST YEAR`S
                 VALUE   DATE(S)  VALUE   FROM    VALUE  DATE(S)
                                          NORMAL
................................................................
TEMPERATURE (F)
RECORD
 HIGH             108   06/23/1934
 LOW               37   06/27/2013
HIGHEST            91   06/30        93      -2       96  06/26
LOWEST             52   06/13        50       2       46  06/03
AVG. MAXIMUM     82.9              83.5    -0.6     82.8
AVG. MINIMUM     65.0              63.6     1.4     64.0
MEAN             74.0              73.5     0.5     73.4
DAYS MAX >= 90      2               4.5    -2.5        6
DAYS MAX <= 32      0               0.0     0.0        0
DAYS MIN <= 32      0               0.0     0.0        0
DAYS MIN <= 0       0               0.0     0.0        0

PRECIPITATION (INCHES)
RECORD
 MAXIMUM        11.86   2001
 MINIMUM         0.33   1911
TOTALS           6.91              5.23    1.68     3.12
DAILY AVG.       0.23              0.17    0.06     0.10
DAYS >= .01        15              10.8     4.2        8
DAYS >= .10        12               7.5     4.5        6
DAYS >= .50         6               3.8     2.2        1
DAYS >= 1.00        2               1.7     0.3        1
GREATEST
 24 HR. TOTAL    1.26   06/01 TO 06/02

SNOWFALL (INCHES)
RECORDS
 TOTAL            0.0   0
                        0
                        0
TOTALS            0.0               0.0     0.0      0.0
SINCE 7/1        26.1              18.8     7.3     31.8
SNOWDEPTH AVG.      0                MM      MM        0
DAYS >= 1.0         0               0.0     0.0        0
GREATEST
 SNOW DEPTH         0   MM                             0  MM
 24 HR TOTAL      0.0   06/30 TO 06/30

DEGREE_DAYS
HEATING TOTAL       1                 9      -8       17
 SINCE 7/1       5786              5133     653     5202
COOLING TOTAL     277               266      11      276
 SINCE 1/1        438               382      56      381
.................................................................

WIND (MPH)
AVERAGE WIND SPEED              10.8
HIGHEST WIND SPEED/DIRECTION    47/100    DATE  06/05
HIGHEST GUST SPEED/DIRECTION    55/110    DATE  06/05

SKY COVER
POSSIBLE SUNSHINE (PERCENT)   MM
AVERAGE SKY COVER           0.60
NUMBER OF DAYS FAIR            1
NUMBER OF DAYS PC             23
NUMBER OF DAYS CLOUDY          6

AVERAGE RH (PERCENT)     74

WEATHER CONDITIONS. NUMBER OF DAYS WITH
THUNDERSTORM              0     MIXED PRECIP               0
HEAVY RAIN                9     RAIN                      12
LIGHT RAIN               16     FREEZING RAIN              0
LT FREEZING RAIN          0     HAIL                       0
HEAVY SNOW                0     SNOW                       0
LIGHT SNOW                0     SLEET                      0
FOG                      18     FOG W/VIS <= 1/4 MILE      1
HAZE                     12

-  INDICATES NEGATIVE NUMBERS.
R  INDICATES RECORD WAS SET OR TIED.
MM INDICATES DATA IS MISSING.
T  INDICATES TRACE AMOUNT.

$$
