000
CXUS53 KEAX 020349
CLMMCI

CLIMATE REPORT
NATIONAL WEATHER SERVICE KANSAS CITY/PLEASANT HILL MO
1044 PM CDT THU JUN 1 2017

...................................

...THE KANSAS CITY INTERNATIONAL MO CLIMATE SUMMARY FOR THE MONTH OF MAY 2017...

CLIMATE NORMAL PERIOD 1981 TO 2010
CLIMATE RECORD PERIOD 1888 TO 2017

WEATHER         OBSERVED          NORMAL  DEPART  LAST YEAR`S
                 VALUE   DATE(S)  VALUE   FROM    VALUE  DATE(S)
                                          NORMAL
................................................................
TEMPERATURE (F)
RECORD
 HIGH             103   05/30/1934
 LOW               27   05/04/1907
HIGHEST            88   05/15        88       0       86  05/30
LOWEST             38   05/04        40      -2       39  05/15
AVG. MAXIMUM     74.8              74.8     0.0     72.9
AVG. MINIMUM     52.7              54.2    -1.5     52.6
MEAN             63.8              64.5    -0.7     62.7
DAYS MAX >= 90      0               0.4    -0.4        0
DAYS MAX <= 32      0               0.0     0.0        0
DAYS MIN <= 32      0               0.0     0.0        0
DAYS MIN <= 0       0               0.0     0.0        0

PRECIPITATION (INCHES)
RECORD
 MAXIMUM        12.75   1995
 MINIMUM         0.70   1914
TOTALS           5.37              5.23    0.14     9.50
DAILY AVG.       0.17              0.17    0.00     0.31
DAYS >= .01        12              11.5     0.5       17
DAYS >= .10         5               7.8    -2.8       11
DAYS >= .50         3               3.7    -0.7        6
DAYS >= 1.00        1               1.5    -0.5        2
GREATEST
 24 HR. TOTAL    3.05   05/18 TO 05/18

SNOWFALL (INCHES)
RECORDS
 TOTAL            1.7   1907
                        0
                        0
TOTALS            0.0               0.0     0.0      0.0
SINCE 7/1         4.9              18.8   -13.9      5.9
SNOWDEPTH AVG.      0                MM      MM        0
DAYS >= 1.0         0               0.0     0.0        0
GREATEST
 SNOW DEPTH         0   MM                             0  MM
 24 HR TOTAL      0.0   05/31 TO 05/31

DEGREE_DAYS
HEATING TOTAL     109               104       5      120
 SINCE 7/1       4146              5124    -978     4162
COOLING TOTAL      78                88     -10       57
 SINCE 1/1        111               116      -5       71
.................................................................

WIND (MPH)
AVERAGE WIND SPEED              10.4
HIGHEST WIND SPEED/DIRECTION    39/270    DATE  05/18
HIGHEST GUST SPEED/DIRECTION    61/330    DATE  05/18

SKY COVER
POSSIBLE SUNSHINE (PERCENT)   MM
AVERAGE SKY COVER           0.50
NUMBER OF DAYS FAIR           12
NUMBER OF DAYS PC             13
NUMBER OF DAYS CLOUDY          6

AVERAGE RH (PERCENT)     67

WEATHER CONDITIONS. NUMBER OF DAYS WITH
THUNDERSTORM              6     MIXED PRECIP               0
HEAVY RAIN                4     RAIN                       5
LIGHT RAIN               13     FREEZING RAIN              0
LT FREEZING RAIN          0     HAIL                       1
HEAVY SNOW                0     SNOW                       0
LIGHT SNOW                0     SLEET                      0
FOG                      10     FOG W/VIS <= 1/4 MILE      1
HAZE                      4

-  INDICATES NEGATIVE NUMBERS.
R  INDICATES RECORD WAS SET OR TIED.
MM INDICATES DATA IS MISSING.
T  INDICATES TRACE AMOUNT.

$$
