000
CXUS53 KEAX 020730
CLMMCI

CLIMATE REPORT
NATIONAL WEATHER SERVICE KANSAS CITY/PLEASANT HILL MO
1253 AM CST FRI DEC 2 2016

...................................

...THE KANSAS CITY INTERNATIONAL MO CLIMATE SUMMARY FOR THE MONTH OF NOVEMBER 2016...

CLIMATE NORMAL PERIOD 1981 TO 2010
CLIMATE RECORD PERIOD 1888 TO 2016

WEATHER         OBSERVED          NORMAL  DEPART  LAST YEAR`S
                 VALUE   DATE(S)  VALUE   FROM    VALUE  DATE(S)
                                          NORMAL
................................................................
TEMPERATURE (F)
RECORD
 HIGH              83   11/01/1937
                        11/06/1915
 LOW                1   11/08/1991
                        11/28/1976
HIGHEST            78   11/01        73       5       76  11/01
LOWEST             27   11/19        17      10       23  11/22
AVG. MAXIMUM     61.7              53.2     8.5     58.2
AVG. MINIMUM     40.7              34.1     6.6     38.1
MEAN             51.2              43.6     7.6     48.2
DAYS MAX >= 90      0               0.0     0.0        0
DAYS MAX <= 32      0               1.4    -1.4        0
DAYS MIN <= 32     10              13.1    -3.1        9
DAYS MIN <= 0       0               0.0     0.0        0

PRECIPITATION (INCHES)
RECORD
 MAXIMUM         9.52   1931
 MINIMUM            T   1989
TOTALS           0.51              2.15   -1.64     4.43
DAILY AVG.       0.02              0.07   -0.05     0.15
DAYS >= .01         4               7.3    -3.3       11
DAYS >= .10         2               4.2    -2.2        8
DAYS >= .50         0               1.3    -1.3        2
DAYS >= 1.00        0               0.5    -0.5        2
GREATEST
 24 HR. TOTAL    0.29   11/02 TO 11/02

SNOWFALL (INCHES)
RECORDS
 TOTAL            9.1   1923
                        0
                        0
TOTALS            0.0               1.2    -1.2      0.0
SINCE 7/1         0.0               1.4    -1.4      0.0
SNOWDEPTH AVG.      0                MM      MM        0
DAYS >= 1.0         0               0.4    -0.4        0
GREATEST
 SNOW DEPTH         0   MM                             0  MM
 24 HR TOTAL      0.0   11/30 TO 11/30

DEGREE_DAYS
HEATING TOTAL     419               642    -223      498
 SINCE 7/1        584              1002    -418      747
COOLING TOTAL      13                 2      11        0
 SINCE 1/1       1585              1360     225     1370
.................................................................

WIND (MPH)
AVERAGE WIND SPEED              10.0
HIGHEST WIND SPEED/DIRECTION    35/190    DATE  11/27
HIGHEST GUST SPEED/DIRECTION    43/170    DATE  11/27

SKY COVER
POSSIBLE SUNSHINE (PERCENT)   MM
AVERAGE SKY COVER           0.50
NUMBER OF DAYS FAIR           11
NUMBER OF DAYS PC             11
NUMBER OF DAYS CLOUDY          8

AVERAGE RH (PERCENT)     63

WEATHER CONDITIONS. NUMBER OF DAYS WITH
THUNDERSTORM              2     MIXED PRECIP               0
HEAVY RAIN                1     RAIN                       0
LIGHT RAIN                6     FREEZING RAIN              0
LT FREEZING RAIN          0     HAIL                       0
HEAVY SNOW                0     SNOW                       0
LIGHT SNOW                0     SLEET                      0
FOG                       7     FOG W/VIS <= 1/4 MILE      0
HAZE                     14

-  INDICATES NEGATIVE NUMBERS.
R  INDICATES RECORD WAS SET OR TIED.
MM INDICATES DATA IS MISSING.
T  INDICATES TRACE AMOUNT.

$$
