000
CXUS53 KEAX 011253
CLMMCI

CLIMATE REPORT
NATIONAL WEATHER SERVICE KANSAS CITY/PLEASANT HILL MO
740 AM CDT SUN MAY 1 2016

...................................

...THE KANSAS CITY INTERNATIONAL MO CLIMATE SUMMARY FOR THE MONTH OF APRIL 2016...

CLIMATE NORMAL PERIOD 1981 TO 2010
CLIMATE RECORD PERIOD 1888 TO 2016

WEATHER         OBSERVED          NORMAL  DEPART  LAST YEAR`S
                 VALUE   DATE(S)  VALUE   FROM    VALUE  DATE(S)
                                          NORMAL
................................................................
TEMPERATURE (F)
RECORD
 HIGH              95   04/29/1910
 LOW               12   04/03/1975
HIGHEST            81   04/03        85      -4       85  04/07
LOWEST             29   04/02        27       2       29  04/04
AVG. MAXIMUM     68.0              65.7     2.3     68.1
AVG. MINIMUM     46.2              44.0     2.2     45.5
MEAN             57.1              54.8     2.3     56.8
DAYS MAX >= 90      0               0.2    -0.2        0
DAYS MAX <= 32      0               0.0     0.0        0
DAYS MIN <= 32      2               3.7    -1.7        1
DAYS MIN <= 0       0               0.0     0.0        0

PRECIPITATION (INCHES)
RECORD
 MAXIMUM        10.57   1944
 MINIMUM         0.65   2000
TOTALS           7.15              3.70    3.45     3.29
DAILY AVG.       0.24              0.12    0.12     0.11
DAYS >= .01        13              11.0     2.0       11
DAYS >= .10         9               6.8     2.2        6
DAYS >= .50         4               2.6     1.4        4
DAYS >= 1.00        1               0.8     0.2        0
GREATEST
 24 HR. TOTAL    4.14   04/26 TO 04/27

SNOWFALL (INCHES)
RECORDS
 TOTAL            7.2   1983
                        0
                        0
TOTALS            0.0               0.6    -0.6      0.0
SINCE 7/1         5.9              18.8   -12.9     14.2
SNOWDEPTH AVG.      0                MM      MM        0
DAYS >= 1.0         0               0.2    -0.2        0
GREATEST
 SNOW DEPTH         0   MM                             0  MM
 24 HR TOTAL      0.0   04/30 TO 04/30

DEGREE_DAYS
HEATING TOTAL     242               329     -87      244
 SINCE 7/1       4042              5020    -978     5020
COOLING TOTAL      12                25     -13        7
 SINCE 1/1         14                28     -14        9
.................................................................

WIND (MPH)
AVERAGE WIND SPEED              11.8
HIGHEST WIND SPEED/DIRECTION    36/120    DATE  04/26
HIGHEST GUST SPEED/DIRECTION    48/310    DATE  04/26

SKY COVER
POSSIBLE SUNSHINE (PERCENT)   MM
AVERAGE SKY COVER           0.50
NUMBER OF DAYS FAIR            9
NUMBER OF DAYS PC             14
NUMBER OF DAYS CLOUDY          7

AVERAGE RH (PERCENT)     62

WEATHER CONDITIONS. NUMBER OF DAYS WITH
THUNDERSTORM              7     MIXED PRECIP               0
HEAVY RAIN                7     RAIN                       8
LIGHT RAIN               16     FREEZING RAIN              0
LT FREEZING RAIN          0     HAIL                       1
HEAVY SNOW                0     SNOW                       0
LIGHT SNOW                0     SLEET                      0
FOG                      13     FOG W/VIS <= 1/4 MILE      1
HAZE                      4

-  INDICATES NEGATIVE NUMBERS.
R  INDICATES RECORD WAS SET OR TIED.
MM INDICATES DATA IS MISSING.
T  INDICATES TRACE AMOUNT.

$$
