825
CXUS53 KGLD 031810
CLMMCK

CLIMATE REPORT
NATIONAL WEATHER SERVICE GOODLAND
1106 AM MST SAT DEC 3 2016

...................................

...THE MCCOOK CLIMATE SUMMARY FOR THE MONTH OF NOVEMBER 2016...

CLIMATE NORMAL PERIOD 1981 TO 2010
CLIMATE RECORD PERIOD 1896 TO 2016

WEATHER         OBSERVED          NORMAL  DEPART  LAST YEAR`S
                 VALUE   DATE(S)  VALUE   FROM    VALUE  DATE(S)
                                          NORMAL
................................................................
TEMPERATURE (F)
RECORD
 HIGH              88   11/10/1912
 LOW              -11   11/14/1940
HIGHEST            79   11/10        76       3       80  11/04
LOWEST             11   11/19         9       2       19  11/27
AVG. MAXIMUM     61.0              52.3     8.7     52.9
AVG. MINIMUM     28.3              24.1     4.2     29.0
MEAN             44.7              38.2     6.5     40.9
DAYS MAX >= 90      0               0.0     0.0        0
DAYS MAX <= 32      0               2.5    -2.5        3
DAYS MIN <= 32     19              24.6    -5.6       23
DAYS MIN <= 0       0               0.3    -0.3        0

PRECIPITATION (INCHES)
RECORD
 MAXIMUM         3.73   1975
 MINIMUM            T   2014
TOTALS           0.49              0.95   -0.46     2.79
DAILY AVG.       0.02              0.03   -0.01     0.09
DAYS >= .01         6               4.4     1.6        7
DAYS >= .10         1               2.0    -1.0        4
DAYS >= .50         0               0.7    -0.7        2
DAYS >= 1.00        0               0.0     0.0        1
GREATEST
 24 HR. TOTAL    0.35   11/22 TO 11/22              1.67

.................................................................



-  INDICATES NEGATIVE NUMBERS.
R  INDICATES RECORD WAS SET OR TIED.
MM INDICATES DATA IS MISSING.
T  INDICATES TRACE AMOUNT.

$$
