838
CXUS53 KGLD 021027
CLMMCK

CLIMATE REPORT
NATIONAL WEATHER SERVICE GOODLAND
321 AM MST THU MAR 2 2017

...................................

...THE MCCOOK CLIMATE SUMMARY FOR THE MONTH OF FEBRUARY 2017...

CLIMATE NORMAL PERIOD 1981 TO 2010
CLIMATE RECORD PERIOD 1896 TO 2017

WEATHER         OBSERVED          NORMAL  DEPART  LAST YEAR`S
                 VALUE   DATE(S)  VALUE   FROM    VALUE  DATE(S)
                                          NORMAL
................................................................
TEMPERATURE (F)
RECORD
 HIGH              83   02/23/1933
                        02/19/1930
 LOW              -26   02/08/1933
HIGHEST            80   02/21        70      10       76  02/27
                                                          02/18
LOWEST              7   02/25         0       7        5  02/04
AVG. MAXIMUM     54.2              44.6     9.6     49.4
AVG. MINIMUM     23.6              17.2     6.4     25.3
MEAN             38.9              30.9     8.0     37.4
DAYS MAX >= 90      0               0.0     0.0        0
DAYS MAX <= 32      4               5.7    -1.7        4
DAYS MIN <= 32     25              27.3    -2.3       25
DAYS MIN <= 0       0               2.2    -2.2        0

PRECIPITATION (INCHES)
RECORD
 MAXIMUM         2.14   1993
                        1984
 MINIMUM         0.00   2002
TOTALS              T              0.62   -0.62     0.99
DAILY AVG.          T              0.02   -0.02     0.03
DAYS >= .01         0               3.8    -3.8        4
DAYS >= .10         0               1.8    -1.8        1
DAYS >= .50         0               0.3    -0.3        1
DAYS >= 1.00        0               0.1    -0.1        0
GREATEST
 24 HR. TOTAL       T   02/28                       0.91



.................................................................



-  INDICATES NEGATIVE NUMBERS.
R  INDICATES RECORD WAS SET OR TIED.
MM INDICATES DATA IS MISSING.
T  INDICATES TRACE AMOUNT.

$$
