000
CXUS53 KGLD 051448 RRA
CLMMCK

CLIMATE REPORT
NATIONAL WEATHER SERVICE GOODLAND
844 AM MDT WED JUL 5 2017

...................................

...THE MCCOOK CLIMATE SUMMARY FOR THE MONTH OF JUNE 2017...

CLIMATE NORMAL PERIOD 1981 TO 2010
CLIMATE RECORD PERIOD 1896 TO 2017

WEATHER         OBSERVED          NORMAL  DEPART  LAST YEAR`S
                 VALUE   DATE(S)  VALUE   FROM    VALUE  DATE(S)
                                          NORMAL
................................................................
TEMPERATURE (F)
RECORD
 HIGH             115   06/26/2012
 LOW               33   06/11/1998
                        06/06/1998
HIGHEST           106   06/21        99       7      101  06/21
LOWEST             47   06/24        45       2       47  06/05
AVG. MAXIMUM     90.2              84.0     6.2     89.6
AVG. MINIMUM     59.4              55.9     3.5     60.3
MEAN             74.8              69.9     4.9     75.0
DAYS MAX >= 90     17               7.9     9.1       12
DAYS MAX <= 32      0               0.0     0.0        0
DAYS MIN <= 32      0               0.0     0.0        0
DAYS MIN <= 0       0               0.0     0.0        0

PRECIPITATION (INCHES)
RECORD
 MAXIMUM         8.05   2014
 MINIMUM         0.42   1978
TOTALS           0.27              3.38   -3.11     2.85
DAILY AVG.       0.01              0.11   -0.10     0.09
DAYS >= .01         6               9.1    -3.1        3
DAYS >= .10         1               5.9    -4.9        2
DAYS >= .50         0               2.2    -2.2        1
DAYS >= 1.00        0               0.9    -0.9        1
GREATEST
 24 HR. TOTAL    0.15   06/06 TO 06/06              2.57


.................................................................



-  INDICATES NEGATIVE NUMBERS.
R  INDICATES RECORD WAS SET OR TIED.
MM INDICATES DATA IS MISSING.
T  INDICATES TRACE AMOUNT.

$$
