000
CXUS53 KGLD 011433
CLMMCK

CLIMATE REPORT
NATIONAL WEATHER SERVICE GOODLAND
727 AM MST SUN MAR 1 2015

...................................

...THE MCCOOK CLIMATE SUMMARY FOR THE MONTH OF FEBRUARY 2015...

CLIMATE NORMAL PERIOD 1981 TO 2010
CLIMATE RECORD PERIOD 1896 TO 2015

WEATHER         OBSERVED          NORMAL  DEPART  LAST YEAR`S
                 VALUE   DATE(S)  VALUE   FROM    VALUE  DATE(S)
                                          NORMAL
................................................................
TEMPERATURE (F)
RECORD
 HIGH              83   02/23/1933
                        02/19/1930
 LOW              -26   02/08/1933
HIGHEST            80   02/07        70      10       65  02/18
LOWEST              0   02/23         0       0      -15  02/06
AVG. MAXIMUM     47.1              44.6     2.5     34.1
AVG. MINIMUM     18.6              17.2     1.4     12.5
MEAN             32.8              30.9     1.9     23.3
DAYS MAX >= 90      0               0.0     0.0        0
DAYS MAX <= 32      7               5.7     1.3       14
DAYS MIN <= 32     25              27.3    -2.3       26
DAYS MIN <= 0       1               2.2    -1.2        4

PRECIPITATION (INCHES)
RECORD
 MAXIMUM         2.14   1993
                        1984
 MINIMUM         0.00   2002
TOTALS           0.22              0.62   -0.40     0.29
DAILY AVG.       0.01              0.02   -0.01     0.01
DAYS >= .01         3               3.8    -0.8        6
DAYS >= .10         1               1.8    -0.8        0
DAYS >= .50         0               0.3    -0.3        0
DAYS >= 1.00        0               0.1    -0.1        0
GREATEST
 24 HR. TOTAL    0.20   02/21 TO 02/21              0.12
 STORM TOTAL       MM
 (MM/DD(HH))            MM

.................................................................

-  INDICATES NEGATIVE NUMBERS.
R  INDICATES RECORD WAS SET OR TIED.
MM INDICATES DATA IS MISSING.
T  INDICATES TRACE AMOUNT.

$$
