847
CXUS53 KGLD 022049
CLMMCK

CLIMATE REPORT
NATIONAL WEATHER SERVICE GOODLAND
1250 PM MST TUE FEB 2 2016

...................................

...THE MCCOOK CLIMATE SUMMARY FOR THE MONTH OF JANUARY 2016...

CLIMATE NORMAL PERIOD 1981 TO 2010
CLIMATE RECORD PERIOD 1896 TO 2016

WEATHER         OBSERVED          NORMAL  DEPART  LAST YEAR`S
                 VALUE   DATE(S)  VALUE   FROM    VALUE  DATE(S)
                                          NORMAL
................................................................
TEMPERATURE (F)
RECORD
 HIGH              77   01/26/2002
 LOW              -30   01/12/1912
HIGHEST            65   01/28        63       2       75  01/27
LOWEST              2   01/10        -2       4       -5  01/04
AVG. MAXIMUM     44.5              40.6     3.9     44.2
AVG. MINIMUM     19.4              13.9     5.5     18.0
MEAN             31.9              27.2     4.7     31.1
DAYS MAX >= 90      0               0.0     0.0        0
DAYS MAX <= 32      5               9.1    -4.1        8
DAYS MIN <= 32     30              30.9    -0.9       29
DAYS MIN <= 0       0               3.1    -3.1        4

PRECIPITATION (INCHES)
RECORD
 MAXIMUM         1.37   1988
 MINIMUM         0.00   1986
TOTALS           0.02              0.51   -0.49     0.12
DAILY AVG.       0.00              0.02   -0.02     0.00
DAYS >= .01         1               2.7    -1.7        2
DAYS >= .10         0               1.4    -1.4        1
DAYS >= .50         0               0.2    -0.2        0
DAYS >= 1.00        0               0.1    -0.1        0
GREATEST
 24 HR. TOTAL    0.02   01/18 TO 01/19              0.11 01/30 TO 01/31


.................................................................



-  INDICATES NEGATIVE NUMBERS.
R  INDICATES RECORD WAS SET OR TIED.
MM INDICATES DATA IS MISSING.
T  INDICATES TRACE AMOUNT.

$$
