000
CXUS53 KGLD 051433
CLMMCK

CLIMATE REPORT
NATIONAL WEATHER SERVICE GOODLAND
823 AM MDT FRI MAY 5 2017

...................................

...THE MCCOOK CLIMATE SUMMARY FOR THE MONTH OF APRIL 2017...

CLIMATE NORMAL PERIOD 1981 TO 2010
CLIMATE RECORD PERIOD 1896 TO 2017

WEATHER         OBSERVED          NORMAL  DEPART  LAST YEAR`S
                 VALUE   DATE(S)  VALUE   FROM    VALUE  DATE(S)
                                          NORMAL
................................................................
TEMPERATURE (F)
RECORD
 HIGH              98   04/23/1939
                        04/28/1910
 LOW                0   04/02/1936
HIGHEST            89   04/14        87       2       80  04/23
LOWEST             25   04/11        21       4       27  04/02
AVG. MAXIMUM     66.0              64.5     1.5     64.9
AVG. MINIMUM     39.3              34.4     4.9     37.8
MEAN             52.7              49.5     3.2     51.3
DAYS MAX >= 90      0               0.5    -0.5        0
DAYS MAX <= 32      0               0.3    -0.3        0
DAYS MIN <= 32      6              11.6    -5.6        5
DAYS MIN <= 0       0               0.0     0.0        0

PRECIPITATION (INCHES)
RECORD
 MAXIMUM         7.84   2007
 MINIMUM         0.13   1989
TOTALS           2.78              2.31    0.47     6.10
DAILY AVG.       0.09              0.08    0.01     0.20
DAYS >= .01         7               7.4    -0.4        6
DAYS >= .10         4               4.6    -0.6        4
DAYS >= .50         2               1.4     0.6        2
DAYS >= 1.00        1               0.6     0.4        1
GREATEST
 24 HR. TOTAL    1.53   04/30 TO 04/30              4.94


.................................................................



-  INDICATES NEGATIVE NUMBERS.
R  INDICATES RECORD WAS SET OR TIED.
MM INDICATES DATA IS MISSING.
T  INDICATES TRACE AMOUNT.

$$
