000
CXUS53 KGLD 011757
CLMMCK

CLIMATE REPORT
NATIONAL WEATHER SERVICE GOODLAND
1148 AM MDT TUE APR 1 2014

...................................

...THE MCCOOK CLIMATE SUMMARY FOR THE MONTH OF MARCH 2014...

CLIMATE NORMAL PERIOD 1981 TO 2010
CLIMATE RECORD PERIOD 1896 TO 2014

WEATHER         OBSERVED          NORMAL  DEPART  LAST YEAR`S
                 VALUE   DATE(S)  VALUE   FROM    VALUE  DATE(S)
                                          NORMAL
................................................................
TEMPERATURE (F)
RECORD
 HIGH              93   03/30/1943
 LOW              -20   03/03/1960
HIGHEST            79   03/09        80      -1       83  03/15
LOWEST             -3   03/02         9     -12        9  03/26
AVG. MAXIMUM     55.8              54.1     1.7     53.0
AVG. MINIMUM     24.5              24.6    -0.1     24.2
MEAN             40.1              39.4     0.7     38.6
DAYS MAX >= 90      0               0.0     0.0        0
DAYS MAX <= 32      2               2.3    -0.3        0
DAYS MIN <= 32     25              25.0     0.0       28
DAYS MIN <= 0       1               0.6     0.4        0

PRECIPITATION (INCHES)
RECORD
 MAXIMUM         4.20   1977
 MINIMUM         0.00   1968
TOTALS           0.26              1.36   -1.10     0.67
DAILY AVG.       0.01              0.04   -0.03     0.02
DAYS >= .01         4               5.9    -1.9        8
DAYS >= .10         1               3.1    -2.1        3
DAYS >= .50         0               0.8    -0.8        0
DAYS >= 1.00        0               0.2    -0.2        0
GREATEST
 24 HR. TOTAL    0.16   03/18 TO 03/18              0.23


.................................................................



-  INDICATES NEGATIVE NUMBERS.
R  INDICATES RECORD WAS SET OR TIED.
MM INDICATES DATA IS MISSING.
T  INDICATES TRACE AMOUNT.

$$
