000
CXUS53 KGLD 051017
CLMMCK

CLIMATE REPORT
NATIONAL WEATHER SERVICE GOODLAND
412 AM MDT THU OCT 5 2017

...................................

...THE MCCOOK CLIMATE SUMMARY FOR THE MONTH OF SEPTEMBER 2017...

CLIMATE NORMAL PERIOD 1981 TO 2010
CLIMATE RECORD PERIOD 1896 TO 2017

WEATHER         OBSERVED          NORMAL  DEPART  LAST YEAR`S
                 VALUE   DATE(S)  VALUE   FROM    VALUE  DATE(S)
                                          NORMAL
................................................................
TEMPERATURE (F)
RECORD
 HIGH             107   09/01/1929
 LOW               22   09/30/1912
HIGHEST           101   09/03        97       4       95  09/20
LOWEST             36   09/06        35       1       35  09/26
AVG. MAXIMUM     83.4              79.4     4.0     81.1
AVG. MINIMUM     53.3              49.3     4.0     53.0
MEAN             68.4              64.4     4.0     67.1
DAYS MAX >= 90     13               5.2     7.8        5
DAYS MAX <= 32      0               0.0     0.0        0
DAYS MIN <= 32      0               0.6    -0.6        0
DAYS MIN <= 0       0               0.0     0.0        0

PRECIPITATION (INCHES)
RECORD
 MAXIMUM         7.11   1973
 MINIMUM         0.06   1978
TOTALS           3.08              1.44    1.64     5.63
DAILY AVG.       0.10              0.05    0.05     0.19
DAYS >= .01         7               5.3     1.7        4
DAYS >= .10         3               3.1    -0.1        4
DAYS >= .50         3               1.1     1.9        2
DAYS >= 1.00        1               0.3     0.7        1
GREATEST
 24 HR. TOTAL    1.23   09/23 TO 09/23              4.62


.................................................................



-  INDICATES NEGATIVE NUMBERS.
R  INDICATES RECORD WAS SET OR TIED.
MM INDICATES DATA IS MISSING.
T  INDICATES TRACE AMOUNT.

$$
