000
CXUS42 KFFC 011152
CLMMCN


CLIMATE REPORT
NATIONAL WEATHER SERVICE PEACHTREE CITY GA
752 AM EDT WED OCT 1 2014

...................................

...THE MACON CLIMATE SUMMARY FOR THE MONTH OF SEPTEMBER 2014...

CLIMATE NORMAL PERIOD 1981 TO 2010
CLIMATE RECORD PERIOD 1899 TO 2014

WEATHER         OBSERVED          NORMAL  DEPART  LAST YEAR`S
                 VALUE   DATE(S)  VALUE   FROM    VALUE  DATE(S)
                                          NORMAL
................................................................
TEMPERATURE (F)
RECORD
 HIGH             105   09/08/1925
 LOW               35   09/30/1967
HIGHEST            97   09/01        MM      MM       93  09/05
LOWEST             55   09/24        MM      MM       51  09/28
AVG. MAXIMUM     85.3              86.1    -0.8     85.7
AVG. MINIMUM     66.6              63.9     2.7     63.0
MEAN             76.0              75.0     1.0     74.4
DAYS MAX >= 90     11               8.5     2.5       12
DAYS MAX <= 32      0               0.0     0.0        0
DAYS MIN <= 32      0               0.0     0.0        0
DAYS MIN <= 0       0               0.0     0.0        0

PRECIPITATION (INCHES)
RECORD
 MAXIMUM        12.66   2004
 MINIMUM         0.02   2005
TOTALS           2.79              3.59   -0.80
DAILY AVG.       0.09              0.12   -0.03     0.06
DAYS >= .01        11               7.3     3.7        7
DAYS >= .10         7               4.5     2.5        3
DAYS >= .50         2               1.9     0.1        1
DAYS >= 1.00        0               1.0    -1.0        1
GREATEST
 24 HR. TOTAL    0.75   09/12 TO 09/13           09/21 TO 09/21
                                                          09/30 TO 09/30
                                                          09/30 TO 09/30

DEGREE_DAYS
HEATING TOTAL       1                 6      -5        0
 SINCE 7/1          1                 6      -5        0
COOLING TOTAL     339               306      33      290
 SINCE 1/1       1937              2050    -113     1765
.................................................

WIND (MPH)
AVERAGE WIND SPEED              4.4
HIGHEST WIND SPEED/DIRECTION    40/040    DATE  09/02
HIGHEST GUST SPEED/DIRECTION    84/330    DATE  09/18

SKY COVER
POSSIBLE SUNSHINE (PERCENT)   MM
AVERAGE SKY COVER           0.50
NUMBER OF DAYS FAIR           13
NUMBER OF DAYS PC              9
NUMBER OF DAYS CLOUDY          8

AVERAGE RH (PERCENT)     79

WEATHER CONDITIONS. NUMBER OF DAYS WITH
THUNDERSTORM              0     MIXED PRECIP               0
HEAVY RAIN                3     RAIN                       4
LIGHT RAIN               10     FREEZING RAIN              0
LT FREEZING RAIN          0     HAIL                       0
HEAVY SNOW                0     SNOW                       0
LIGHT SNOW                0     SLEET                      0
FOG                      23     FOG W/VIS <= 1/4 MILE      2
HAZE                      2

-  INDICATES NEGATIVE NUMBERS.
R  INDICATES RECORD WAS SET OR TIED.
MM INDICATES DATA IS MISSING.
T  INDICATES TRACE AMOUNT.

$$
