000
CXUS42 KFFC 031555
CLMMCN


CLIMATE REPORT
NATIONAL WEATHER SERVICE PEACHTREE CITY GA
1155 AM EDT FRI NOV 3 2017

...................................

...THE MACON CLIMATE SUMMARY FOR THE MONTH OF OCTOBER 2017...

CLIMATE NORMAL PERIOD 1981 TO 2010
CLIMATE RECORD PERIOD 1899 TO 2017

WEATHER         OBSERVED          NORMAL  DEPART  LAST YEAR`S
                 VALUE   DATE(S)  VALUE   FROM    VALUE  DATE(S)
                                          NORMAL
................................................................
TEMPERATURE (F)
RECORD
 HIGH             100   10/05/1954
 LOW               26   10/30/1952
HIGHEST            94   10/11        83      11       91  10/19
                                                          10/08
LOWEST             32   10/30        58     -26       36  10/23
AVG. MAXIMUM     80.3              77.4     2.9     84.4
AVG. MINIMUM     54.6              52.4     2.2     53.0
MEAN             67.4              64.9     2.5     68.7
DAYS MAX >= 90      3               0.6     2.4        5
DAYS MAX <= 32      0               0.0     0.0        0
DAYS MIN <= 32      1               0.5     0.5        0
DAYS MIN <= 0       0               0.0     0.0        0

PRECIPITATION (INCHES)
RECORD
 MAXIMUM         9.39   1959
 MINIMUM         0.00   1963
                        1961
                        1939
TOTALS           2.94              2.79    0.15
DAILY AVG.       0.09              0.09    0.00     0.01
DAYS >= .01         5               6.2    -1.2        1
DAYS >= .10         4               4.0     0.0        1
DAYS >= .50         2               1.8     0.2        0
DAYS >= 1.00        1               0.9     0.1        0
GREATEST
 24 HR. TOTAL    1.45   10/23 TO 10/23           10/07 TO 10/07
                                                          10/06 TO 10/07
                                                          10/07 TO 10/07

DEGREE_DAYS
HEATING TOTAL      94                97      -3       25
 SINCE 7/1         95               103      -8       25
COOLING TOTAL     177                94      83      150
 SINCE 1/1       2342              2144     198     2593
........................................................

WIND (MPH)
AVERAGE WIND SPEED              6.3
HIGHEST WIND SPEED/DIRECTION    25/320    DATE  10/29
HIGHEST GUST SPEED/DIRECTION    35/290    DATE  10/29

SKY COVER
POSSIBLE SUNSHINE (PERCENT)   MM
AVERAGE SKY COVER           0.30
NUMBER OF DAYS FAIR           17
NUMBER OF DAYS PC             14
NUMBER OF DAYS CLOUDY          0

AVERAGE RH (PERCENT)     70

WEATHER CONDITIONS. NUMBER OF DAYS WITH
THUNDERSTORM              0     MIXED PRECIP               0
HEAVY RAIN                3     RAIN                       3
LIGHT RAIN                6     FREEZING RAIN              0
LT FREEZING RAIN          0     HAIL                       0
HEAVY SNOW                0     SNOW                       0
LIGHT SNOW                0     SLEET                      0
FOG                      10     FOG W/VIS <= 1/4 MILE      3
HAZE                      2

-  INDICATES NEGATIVE NUMBERS.
R  INDICATES RECORD WAS SET OR TIED.
MM INDICATES DATA IS MISSING.
T  INDICATES TRACE AMOUNT.

$$
