000
CXUS42 KFFC 011637
CLMMCN


CLIMATE REPORT
NATIONAL WEATHER SERVICE PEACHTREE CITY GA
1136 AM EST SUN JAN 1 2017

...................................

...THE MACON CLIMATE SUMMARY FOR THE MONTH OF DECEMBER 2016...

CLIMATE NORMAL PERIOD 1981 TO 2010
CLIMATE RECORD PERIOD 1899 TO 2016

WEATHER         OBSERVED          NORMAL  DEPART  LAST YEAR`S
                 VALUE   DATE(S)  VALUE   FROM    VALUE  DATE(S)
                                          NORMAL
................................................................
TEMPERATURE (F)
RECORD
 HIGH              82   12/13/1972
                        12/11/1972
                        12/10/1972
 LOW                5   12/13/1962
HIGHEST            81   12/18        67      14       79  12/27
LOWEST             24   12/10        29      -5       28  12/20
AVG. MAXIMUM     63.0              59.6     3.4     69.5
AVG. MINIMUM     41.3              36.4     4.9     47.8
MEAN             52.2              48.0     4.2     58.6
DAYS MAX >= 90      0               0.0     0.0        0
DAYS MAX <= 32      0               0.1    -0.1        0
DAYS MIN <= 32      7              11.9    -4.9        3
DAYS MIN <= 0       0               0.0     0.0        0

PRECIPITATION (INCHES)
RECORD
 MAXIMUM        12.62   2015
 MINIMUM         0.33   1946
TOTALS           5.95              4.04    1.91
DAILY AVG.       0.19              0.13    0.06     0.41
DAYS >= .01        10               8.8     1.2       14
DAYS >= .10         7               6.0     1.0       11
DAYS >= .50         5               2.6     2.4        9
DAYS >= 1.00        2               1.3     0.7        6
GREATEST
 24 HR. TOTAL    2.05   12/05 TO 12/06           12/21 TO 12/22
                                                          12/31 TO 12/31
                                                          12/31 TO 12/31

SNOWFALL (INCHES)
RECORDS
 TOTAL            0.1   2010
 24 HR TOTAL      0.1   12/25/2010 TO 12/25/2010
 SNOW DEPTH         0   MM
TOTALS            0.0               0.1    -0.1      0.0
SINCE 7/1         0.0               0.1    -0.1      0.0
SNOWDEPTH AVG.      0                MM      MM        0
DAYS >= TRACE       0               0.1    -0.1        0
DAYS >= 1.0         0               0.1    -0.1        0
GREATEST
 24 HR TOTAL      0.0   12/31 TO 12/31           12/31 TO 12/31
                                                          12/31 TO 12/31
                                                          12/31 TO 12/31

DEGREE_DAYS
HEATING TOTAL     391               530    -139      231
 SINCE 7/1        633               925    -292      503
COOLING TOTAL       2                 3      -1       42
 SINCE 1/1       2622              2166     456     2379
..................................................

WIND (MPH)
AVERAGE WIND SPEED              6.3
HIGHEST WIND SPEED/DIRECTION    30/310    DATE  12/29
HIGHEST GUST SPEED/DIRECTION    39/310    DATE  12/29

SKY COVER
POSSIBLE SUNSHINE (PERCENT)   MM
AVERAGE SKY COVER           0.50
NUMBER OF DAYS FAIR           11
NUMBER OF DAYS PC              9
NUMBER OF DAYS CLOUDY         11

AVERAGE RH (PERCENT)     69

WEATHER CONDITIONS. NUMBER OF DAYS WITH
THUNDERSTORM              0     MIXED PRECIP               0
HEAVY RAIN                5     RAIN                       9
LIGHT RAIN               10     FREEZING RAIN              0
LT FREEZING RAIN          0     HAIL                       0
HEAVY SNOW                0     SNOW                       0
LIGHT SNOW                0     SLEET                      0
FOG                      17     FOG W/VIS <= 1/4 MILE      5
HAZE                      2

-  INDICATES NEGATIVE NUMBERS.
R  INDICATES RECORD WAS SET OR TIED.
MM INDICATES DATA IS MISSING.
T  INDICATES TRACE AMOUNT.

$$
