842
CXUS42 KFFC 031621
CLMMCN


CLIMATE REPORT
NATIONAL WEATHER SERVICE PEACHTREE CITY GA
1119 AM EST WED FEB 3 2016

...................................

...THE MACON CLIMATE SUMMARY FOR THE MONTH OF JANUARY 2016...

CLIMATE NORMAL PERIOD 1981 TO 2010
CLIMATE RECORD PERIOD 1899 TO 2016

WEATHER         OBSERVED          NORMAL  DEPART  LAST YEAR`S
                 VALUE   DATE(S)  VALUE   FROM    VALUE  DATE(S)
                                          NORMAL
................................................................
TEMPERATURE (F)
RECORD
 HIGH              88   01/02/1915
 LOW               -6   01/21/1985
HIGHEST            68   01/31        80     -12       MM  MM
LOWEST             21   01/19        -6      27       MM  MM
AVG. MAXIMUM     55.5              57.8    -2.3       MM
AVG. MINIMUM     34.3              34.8    -0.5       MM
MEAN             44.9              46.3    -1.4       MM
DAYS MAX >= 90      0               0.0     0.0       MM
DAYS MAX <= 32      0               0.2    -0.2       MM
DAYS MIN <= 32     13              13.6    -0.6       MM
DAYS MIN <= 0       0               0.0     0.0       MM

PRECIPITATION (INCHES)
RECORD
 MAXIMUM        13.22   1925
 MINIMUM         0.59   1928
TOTALS           2.52              4.24   -1.72
DAILY AVG.       0.08              0.14   -0.06       MM
DAYS >= .01         9              10.1    -1.1       MM
DAYS >= .10         7               6.7     0.3       MM
DAYS >= .50         2               3.1    -1.1       MM
DAYS >= 1.00        0               1.2    -1.2       MM
GREATEST
 24 HR. TOTAL    1.02   12/31 TO 01/01                MM

SNOWFALL (INCHES)
RECORDS
 TOTAL              T   2005
 24 HR TOTAL        T   01/28/2005 TO 01/28/2005
 SNOW DEPTH         0   MM
TOTALS              TR              0.4    -0.4       MM
SINCE 7/1           T               0.5    -0.5       MM
SNOWDEPTH AVG.      0                MM      MM       MM
DAYS >= TRACE       1               0.3     0.7       MM
DAYS >= 1.0         0               0.3    -0.3       MM
GREATEST
 24 HR TOTAL        TR  01/23 TO 01/23                MM

DEGREE_DAYS
HEATING TOTAL     616               580      36       MM
 SINCE 7/1       1119              1505    -386       MM
COOLING TOTAL       0                 1      -1       MM
 SINCE 1/1          0                 0       0       MM
.................................................................

WIND (MPH)
AVERAGE WIND SPEED              6.6
HIGHEST WIND SPEED/DIRECTION    26/100    DATE  01/22
HIGHEST GUST SPEED/DIRECTION    37/300    DATE  01/23

SKY COVER
POSSIBLE SUNSHINE (PERCENT)   MM
AVERAGE SKY COVER           0.30
NUMBER OF DAYS FAIR           19
NUMBER OF DAYS PC              3
NUMBER OF DAYS CLOUDY          9

AVERAGE RH (PERCENT)     69

WEATHER CONDITIONS. NUMBER OF DAYS WITH
THUNDERSTORM              0     MIXED PRECIP               0
HEAVY RAIN                2     RAIN                       2
LIGHT RAIN                8     FREEZING RAIN              0
LT FREEZING RAIN          0     HAIL                       0
HEAVY SNOW                0     SNOW                       0
LIGHT SNOW                1     SLEET                      0
FOG                      14     FOG W/VIS <= 1/4 MILE      3
HAZE                      1

-  INDICATES NEGATIVE NUMBERS.
R  INDICATES RECORD WAS SET OR TIED.
MM INDICATES DATA IS MISSING.
T  INDICATES TRACE AMOUNT.

$$
