000
CXUS52 KMLB 011448 CCA
CLMMCO

CLIMATE REPORT...CORRECTED
NATIONAL WEATHER SERVICE MELBOURNE FL
1045 AM EDT SUN MAY 1 2016

...CORRECTED DAILY RECORD HIGH...

...................................

...THE ORLANDO AREA CLIMATE SUMMARY FOR THE MONTH OF APRIL 2016...

CLIMATE NORMAL PERIOD 1981 TO 2010
CLIMATE RECORD PERIOD 1892 TO 2016

WEATHER         OBSERVED          NORMAL  DEPART  LAST YEAR`S
                 VALUE   DATE(S)  VALUE   FROM    VALUE  DATE(S)
                                          NORMAL
................................................................
TEMPERATURE (F)
MONTHLY RECORD
 WARMEST         78.7   1908
 COOLEST         66.8   1987
DAILY RECORD
 HIGH              99   04/24/1923
 LOW               37   04/02/1919
APRIL 2016
HIGHEST            90   04/29                         92
LOWEST             55   04/10                         63
AVG. MAXIMUM     83.5              82.5     1.0     87.2
AVG. MINIMUM     62.1              60.0     2.1     68.0
MEAN             72.8              71.2     1.6     77.6
DAYS MAX >= 90      1               2.0    -1.0        6
DAYS MAX <= 32      0               0.0     0.0        0
DAYS MIN <= 32      0               0.0     0.0        0
DAYS MIN <= 0       0               0.0     0.0        0

PRECIPITATION (INCHES)
MONTHLY RECORD
 MAXIMUM         9.10   1992
 MINIMUM         0.00   1896
DAILY RECORD
 MAXIMUM         5.13   04/11/1992
APRIL 2016
TOTALS           1.27              2.68   -1.41     4.21
DAYS >= .01         7               6.2     0.8        9
DAYS >= .10         3               3.9    -0.9        8
DAYS >= .50         1               1.8    -0.8        4
DAYS >= 1.00        0               0.6    -0.6        1
GREATEST
 24 HR. TOTAL    0.64   04/28 TO 04/28
                        04/27 TO 04/28
                        04/28 TO 04/28

SNOWFALL (INCHES)
TOTALS            0.0               0.0     0.0      0.0
SINCE 7/1         0.0               0.0     0.0      0.0
DAYS >= TRACE       0                                  0

DEGREE_DAYS
HEATING TOTAL       0                12     -12        0
 SINCE 7/1        370               570    -200      486
COOLING TOTAL     242               199      43      384
 SINCE 1/1        521               421     100      726
.................................................................

WIND (MPH)
AVERAGE WIND SPEED              8.4
HIGHEST WIND SPEED/DIRECTION    25/050    DATE  04/16
HIGHEST GUST SPEED/DIRECTION    32/050    DATE  04/16

SKY COVER
POSSIBLE SUNSHINE (PERCENT)   MM
AVERAGE SKY COVER           0.50
NUMBER OF DAYS FAIR            5
NUMBER OF DAYS PC             22
NUMBER OF DAYS CLOUDY          3

AVERAGE RH (PERCENT)     64

WEATHER CONDITIONS. NUMBER OF DAYS WITH
THUNDERSTORM              6     MIXED PRECIP               0
HEAVY RAIN                1     RAIN                       3
LIGHT RAIN               10     LT FREEZING RAIN           0
HAIL                      0     LIGHT SNOW                 0
SLEET                     0     FOG                       11
FOG W/VIS <= 1/4 MILE     0     HAZE                       0

-  INDICATES NEGATIVE NUMBERS.
R  INDICATES RECORD WAS SET OR TIED.
MM INDICATES DATA IS MISSING.
T  INDICATES TRACE AMOUNT.

$$

ULRICH
