000
CXUS52 KMLB 021911 CCA
CLMMCO

CLIMATE REPORT...CORRECTION TO DAILY RECORDS
NATIONAL WEATHER SERVICE MELBOURNE FL
310 PM EDT SAT AUG 2 2014

...................................

...THE ORLANDO  AREA CLIMATE SUMMARY FOR THE MONTH OF JULY 2014...

CLIMATE NORMAL PERIOD 1981 TO 2010
CLIMATE RECORD PERIOD 1892 TO 2014

WEATHER         OBSERVED          NORMAL  DEPART  LAST YEAR`S
                 VALUE   DATE(S)  VALUE   FROM    VALUE  DATE(S)
                                          NORMAL
................................................................
TEMPERATURE (F)
MONTHLY RECORD
 HOTTEST         85.0   1903
 COLDEST         78.4   1893

DAILY RECORD
 HIGH             101   07/02/1998
                        07/28/1936
 LOW               64   07/01/1893
                        07/01/1981
                        07/09/1893
                        07/03/1937
                        07/08/1893
                        07/05/1893
JULY 2014
HIGHEST            94   07/26                         94
                        07/22
                        07/21
LOWEST             71   07/09                         71
                        07/07
AVG. MAXIMUM     91.8              91.8     0.0     90.1
AVG. MINIMUM     74.4              73.6     0.8     73.5
MEAN             83.1              82.7     0.4     81.8
DAYS MAX >= 90     28              23.1     4.9       21
DAYS MAX <= 32      0               0.0     0.0        0
DAYS MIN <= 32      0               0.0     0.0        0
DAYS MIN <= 0       0               0.0     0.0        0

PRECIPITATION (INCHES)
MONTHLY RECORD
 MAXIMUM        19.57   1960
 MINIMUM         1.63   1892

DAILY RECORD
 MAXIMUM         8.19   7/25/1960

JULY 2014
TOTALS           8.79              7.27    1.52     8.57
DAYS >= .01        17              16.3     0.7       23
DAYS >= .10        12              11.1     0.9       16
DAYS >= .50         5               5.0     0.0        6
DAYS >= 1.00        3               2.1     0.9        3
GREATEST
 24 HR. TOTAL    2.60   07/05 TO 07/06

SNOWFALL (INCHES)
TOTALS            0.0               0.0     0.0      0.0
SINCE 7/1         0.0               0.0     0.0      0.0
DAYS >= TRACE       0                                  0

DEGREE_DAYS
HEATING TOTAL       0                 0       0        0
 SINCE 7/1          0                 0       0        0
COOLING TOTAL     570               549      21      529
 SINCE 1/1       2007              1840     167     1910
.................................................................

WIND (MPH)
AVERAGE WIND SPEED              5.7
HIGHEST WIND SPEED/DIRECTION    33/260    DATE  07/29
HIGHEST GUST SPEED/DIRECTION    41/270    DATE  07/29

SKY COVER
POSSIBLE SUNSHINE (PERCENT)   MM
AVERAGE SKY COVER           0.60
NUMBER OF DAYS FAIR            1
NUMBER OF DAYS PC             23
NUMBER OF DAYS CLOUDY          7

AVERAGE RH (PERCENT)     75

WEATHER CONDITIONS. NUMBER OF DAYS WITH
THUNDERSTORM             26     MIXED PRECIP               0
HEAVY RAIN               11     RAIN                       9
LIGHT RAIN               23     LT FREEZING RAIN           0
HAIL                      0     LIGHT SNOW                 0
SLEET                     0     FOG                       17
FOG W/VIS <= 1/4 MILE     0     HAZE                       2

-  INDICATES NEGATIVE NUMBERS.
R  INDICATES RECORD WAS SET OR TIED.
MM INDICATES DATA IS MISSING.
T  INDICATES TRACE AMOUNT.

$$
