000
CXUS52 KMLB 021650 AAA
CLMMCO

CLIMATE REPORT...UPDATED TO INCLUDE THE SUMMER SEASON
NATIONAL WEATHER SERVICE MELBOURNE FL
1250 PM EDT WED SEP 2 2015

.................................................................

...THE ORLANDO  AREA CLIMATE SUMMARY FOR THE MONTH OF AUGUST 2015...

CLIMATE NORMAL PERIOD 1981 TO 2010
CLIMATE RECORD PERIOD 1892 TO 2015

WEATHER         OBSERVED          NORMAL  DEPART  LAST YEAR`S
                 VALUE   DATE(S)  VALUE   FROM    VALUE  DATE(S)
                                          NORMAL
................................................................
TEMPERATURE (F)
MONTHLY RECORD
 HOTTEST         85.4   1903
 COLDEST         77.8   1893

DAILY RECORD
 HIGH             101   08/16/1918
                        08/18/1916
 LOW               63   08/22/1930
                        08/10/1893

AUGUST 2015
HIGHEST            96   08/25                         98
                        08/21
                        08/11
LOWEST             71   08/14                         73
                        08/13

AVG. MAXIMUM     91.5              91.6    -0.1     93.2
AVG. MINIMUM     74.2              74.1     0.1     74.4
MEAN             82.8              82.8     0.0     83.8
DAYS MAX >= 90     24              23.3     0.7       29
DAYS MAX <= 32      0               0.0     0.0        0
DAYS MIN <= 32      0               0.0     0.0        0
DAYS MIN <= 0       0               0.0     0.0        0

PRECIPITATION (INCHES)
MONTHLY RECORD
 MAXIMUM        17.13   1903
 MINIMUM         1.24   1934

DAILY RECORD
 MAXIMUM         4.88  08/09/1928

AUGUST 2015
TOTALS          15.86              7.13    8.73     7.01
DAYS >= .01        19              16.6     2.4       14
DAYS >= .10        14              11.4     2.6        8
DAYS >= .50         9               4.2     4.8        4
DAYS >= 1.00        5               2.2     2.8        2
GREATEST
 24 HR. TOTAL    3.59   08/30 TO 08/31
                        08/31 TO 08/31

SNOWFALL (INCHES)
TOTALS            0.0               0.0     0.0      0.0
SINCE 7/1         0.0               0.0     0.0      0.0
DAYS >= TRACE       0                                  0

DEGREE_DAYS
HEATING TOTAL       0                 0       0        0
 SINCE 7/1          0                 0       0        0
COOLING TOTAL     562               553       9      591
 SINCE 1/1       2871              2393     478     2598
.................................................................

WIND (MPH)
AVERAGE WIND SPEED              5.5
HIGHEST WIND SPEED/DIRECTION    33/060    DATE  08/13
HIGHEST GUST SPEED/DIRECTION    41/050    DATE  08/13

SKY COVER
POSSIBLE SUNSHINE (PERCENT)   MM
AVERAGE SKY COVER           0.70
NUMBER OF DAYS FAIR            0
NUMBER OF DAYS PC             27
NUMBER OF DAYS CLOUDY          4

AVERAGE RH (PERCENT)     79

WEATHER CONDITIONS. NUMBER OF DAYS WITH
THUNDERSTORM             22     MIXED PRECIP               0
HEAVY RAIN               11     RAIN                       6
LIGHT RAIN               24     LT FREEZING RAIN           0
HAIL                      0     LIGHT SNOW                 0
SLEET                     0     FOG                       20
FOG W/VIS <= 1/4 MILE     0     HAZE                       1

-  INDICATES NEGATIVE NUMBERS.
R  INDICATES RECORD WAS SET OR TIED.
MM INDICATES DATA IS MISSING.
T  INDICATES TRACE AMOUNT.

================================================================

.................................................................

...THE ORLANDO INTERNATIONAL CLIMATE SUMMARY FOR THE SUMMER SEASON,
FROM 6/1/2015 TO 8/31/2015...

CLIMATE NORMAL PERIOD 1981 TO 2010
CLIMATE RECORD PERIOD 1892 TO 2015

WEATHER         OBSERVED          NORMAL  DEPART  LAST YEAR`S
                 VALUE   DATE(S)  VALUE   FROM    VALUE  DATE(S)
                                          NORMAL
................................................................
TEMPERATURE (F)
SUMMER RECORDS
 WARMEST         84.9   1903
 COLDEST         77.6   1893

DAILY RECORD
 HIGH             101   07/02/1998
                        07/28/1936
                        06/06/1927
 LOW               54   06/01/1984

SUMMER 2015
HIGHEST           100   06/19                         98
LOWEST             69   06/10                         68
                        06/04
                        06/06
AVG. MAXIMUM     92.4              91.4     1.0     92.1
AVG. MINIMUM     73.9              73.2     0.7     73.6
MEAN             83.1              82.3     0.8     82.8
DAYS MAX >= 90     77              64.6    12.4       77
DAYS MAX <= 32      0               0.0     0.0        0
DAYS MIN <= 32      0               0.0     0.0        0
DAYS MIN <= 0       0               0.0                0

PRECIPITATION (INCHES)
SUMMER RECORDS
 MAXIMUM        34.19   2002
 MINIMUM        12.35   1895

SUMMER 2015
TOTALS          30.07             21.98    8.09    20.44
DAYS >= .01        51              48.5     2.5       46
DAYS >= .10        34              33.5     0.5       29
DAYS >= .50        19              14.6     4.4       13
DAYS >= 1.00        9               6.6     2.4        6
GREATEST
 24 HR. TOTAL    3.59   08/30 TO 08/31

SNOWFALL (INCHES)
TOTALS            0.0               0.0     0.0      0.0
SINCE 7/1         0.0               0.0     0.0      0.0
DAYS >= TRACE       0                                  0

DEGREE_DAYS
HEATING TOTAL       0                 0       0        0
COOLING TOTAL    1691              1592      99     1664
.................................................................

WIND (MPH)
AVERAGE WIND SPEED              6.0
HIGHEST WIND SPEED/DIRECTION    46/270    DATE  07/02
HIGHEST GUST SPEED/DIRECTION    70/280    DATE  07/02

SKY COVER
POSSIBLE SUNSHINE (PERCENT)   MM
AVERAGE SKY COVER           0.60
NUMBER OF DAYS FAIR            8
NUMBER OF DAYS PC             74
NUMBER OF DAYS CLOUDY         10

AVERAGE RH (PERCENT)     75

WEATHER CONDITIONS. NUMBER OF DAYS WITH
THUNDERSTORM             62     MIXED PRECIP               0
HEAVY RAIN               24     RAIN                      20
LIGHT RAIN               64     LT FREEZING RAIN           0
HAIL                      0     LIGHT SNOW                 0
SLEET                     0     FOG                       46
FOG W/VIS <= 1/4 MILE     1     HAZE                       3

-  INDICATES NEGATIVE NUMBERS.
R  INDICATES RECORD WAS SET OR TIED.
MM INDICATES DATA IS MISSING.
T  INDICATES TRACE AMOUNT.

$$

GLITTO
