000
CXUS52 KMLB 011301
CLMMCO


CLIMATE REPORT
NATIONAL WEATHER SERVICE MELBOURNE FL
742 AM EST SUN FEB 1 2015

...................................

...THE ORLANDO AREA CLIMATE SUMMARY FOR THE MONTH OF JANUARY 2015...

CLIMATE NORMAL PERIOD 1981 TO 2010
CLIMATE RECORD PERIOD 1892 TO 2015

WEATHER         OBSERVED          NORMAL  DEPART  LAST YEAR`S
                 VALUE   DATE(S)  VALUE   FROM    VALUE  DATE(S)
                                          NORMAL
................................................................
TEMPERATURE (F)

MONTHLY RECORD
 WARMEST         71.6   1974
 COOLEST         50.6   1977

DAILY RECORD
 HIGH              88   01/30/1923
                        01/06/1921
 LOW               19   01/21/1985

JANUARY 2015
HIGHEST            85   01/04                         86
                        01/03
LOWEST             38   01/08                         30
AVG. MAXIMUM     72.1              71.2     0.9     69.3
AVG. MINIMUM     51.8              49.2     2.6     48.0
MEAN             62.0              60.2     1.8     58.6
DAYS MAX >= 90      0               0.0     0.0        0
DAYS MAX <= 32      0               0.0     0.0        0
DAYS MIN <= 32      0               1.4    -1.4        1
DAYS MIN <= 0       0               0.0     0.0        0

PRECIPITATION (INCHES)

MONTHLY RECORD
 MAXIMUM         8.54   1912
 MINIMUM         0.02   1907

DAILY RECORD
 MAXIMUM         4.17   01/11/1986

JANUARY 2015
TOTALS           3.52              2.35    1.17     2.92
DAYS >= .01         7               6.6     0.4       14
DAYS >= .10         2               3.8    -1.8        7
DAYS >= .50         1               1.5    -0.5        1
DAYS >= 1.00        1               0.6     0.4        0
GREATEST
 24 HR. TOTAL    3.02   01/11 TO 01/12

SNOWFALL (INCHES)
TOTALS            0.0               0.0     0.0      0.0
SINCE 7/1         0.0               0.0     0.0      0.0
DAYS >= TRACE       0                                  0

DEGREE_DAYS
HEATING TOTAL     141               193     -52      234
 SINCE 7/1        317               384     -67      291
COOLING TOTAL      52                45       7       45
 SINCE 1/1         52                38      14       45
.................................................................

WIND (MPH)
AVERAGE WIND SPEED              8.5
HIGHEST WIND SPEED/DIRECTION    33/280    DATE  01/26
HIGHEST GUST SPEED/DIRECTION    41/280    DATE  01/26

SKY COVER
POSSIBLE SUNSHINE (PERCENT)   MM
AVERAGE SKY COVER           0.60
NUMBER OF DAYS FAIR            6
NUMBER OF DAYS PC             18
NUMBER OF DAYS CLOUDY          7

AVERAGE RH (PERCENT)     75

WEATHER CONDITIONS. NUMBER OF DAYS WITH
THUNDERSTORM              1     MIXED PRECIP               0
HEAVY RAIN                2     RAIN                       2
LIGHT RAIN               10     LT FREEZING RAIN           0
HAIL                      0     LIGHT SNOW                 0
SLEET                     0     FOG                       16
FOG W/VIS <= 1/4 MILE     5     HAZE                       0

-  INDICATES NEGATIVE NUMBERS.
R  INDICATES RECORD WAS SET OR TIED.
MM INDICATES DATA IS MISSING.
T  INDICATES TRACE AMOUNT.

$$

ULRICH
