000
CXUS51 KCTP 020634 CCA
CLMMDT

CLIMATE REPORT...CORRECTED
NATIONAL WEATHER SERVICE STATE COLLEGE PA
234 AM EDT THU JUL 2 2015

...................................

...THE HARRISBURG PA CLIMATE SUMMARY FOR THE MONTH OF JUNE 2015...
...8TH WETTEST JUNE ON RECORD...

CLIMATE NORMAL PERIOD 1981 TO 2010
CLIMATE RECORD PERIOD 1888 TO 2015

WEATHER         OBSERVED          NORMAL  DEPART  LAST YEAR`S
                 VALUE   DATE(S)  VALUE   FROM    VALUE  DATE(S)
                                          NORMAL
................................................................
TEMPERATURE (F)
RECORD
 HIGH             100   06/27/1966
                        06/26/1952
                        06/29/1934
 LOW               40   06/11/1980
HIGHEST            92   06/11                         91  06/18
                                                          06/17
LOWEST             54   06/02                         54  06/01
AVG. MAXIMUM     81.2              81.0     0.2     82.3
AVG. MINIMUM     64.6              62.0     2.6     63.5
MEAN             72.9              71.5     1.4     72.9
DAYS MAX >= 90      2               2.7    -0.7        2
DAYS MAX <= 32      0               0.0     0.0        0
DAYS MIN <= 32      0               0.0     0.0        0
DAYS MIN <= 0       0               0.0     0.0        0

PRECIPITATION (INCHES)
RECORD
 MAXIMUM        18.55   1972
 MINIMUM         0.07   1966
TOTALS           6.84              3.60    3.24     3.78
DAILY AVG.       0.23              0.12    0.11     0.13
DAYS >= .01        18              11.1     6.9       12
DAYS >= .10        10               6.9     3.1       10
DAYS >= .50         7               2.9     4.1        3
DAYS >= 1.00        1               0.9     0.1        0
GREATEST
 24 HR. TOTAL    1.64   06/20 TO 06/21

SNOWFALL (INCHES)
RECORDS
 TOTAL            0.0   MM
TOTALS            0.0               0.0     0.0      0.0
SINCE 7/1        39.2              30.6     8.6     44.0
SNOWDEPTH AVG.      0                MM      MM        0
DAYS >= 1.0         0               0.0     0.0        0
GREATEST
 SNOW DEPTH         0   MM                             0  MM
 24 HR TOTAL      0.0   06/30 TO 06/30

DEGREE_DAYS
HEATING TOTAL      13                18      -5        1
 SINCE 7/1       5600              5269     331     5726
COOLING TOTAL     261               213      48      247
 SINCE 1/1        435               278     157      307
..................................................

WIND (MPH)
AVERAGE WIND SPEED              6.2
HIGHEST WIND SPEED/DIRECTION    28/290    DATE  06/12
HIGHEST GUST SPEED/DIRECTION    38/360    DATE  06/23

SKY COVER
POSSIBLE SUNSHINE (PERCENT)   MM
AVERAGE SKY COVER           0.70
NUMBER OF DAYS FAIR            2
NUMBER OF DAYS PC             10
NUMBER OF DAYS CLOUDY         18

AVERAGE RH (PERCENT)     71

WEATHER CONDITIONS. NUMBER OF DAYS WITH
THUNDERSTORM              8     MIXED PRECIP               0
HEAVY RAIN                9     RAIN                      11
LIGHT RAIN               21     FREEZING RAIN              0
LT FREEZING RAIN          0     HAIL                       0
HEAVY SNOW                0     SNOW                       0
LIGHT SNOW                0     SLEET                      0
FOG                      20     FOG W/VIS <= 1/4 MILE      0
HAZE                     12

-  INDICATES NEGATIVE NUMBERS.
R  INDICATES RECORD WAS SET OR TIED.
MM INDICATES DATA IS MISSING.
T  INDICATES TRACE AMOUNT.

$$
