000
CXUS51 KCTP 010853
CLMMDT

CLIMATE REPORT
NATIONAL WEATHER SERVICE STATE COLLEGE PA
453 AM EDT WED OCT 1 2014

...................................

...THE HARRISBURG PA CLIMATE SUMMARY FOR THE MONTH OF SEPTEMBER 2014...

CLIMATE NORMAL PERIOD 1981 TO 2010
CLIMATE RECORD PERIOD 1888 TO 2014

WEATHER         OBSERVED          NORMAL  DEPART  LAST YEAR`S
                 VALUE   DATE(S)  VALUE   FROM    VALUE  DATE(S)
                                          NORMAL
................................................................
TEMPERATURE (F)
RECORD
 HIGH             102   09/03/1953
                        09/02/1953
 LOW               30   09/24/1963
HIGHEST            91   09/06                         94  09/11
LOWEST             48   09/23                         43  09/17
                        09/14
AVG. MAXIMUM     78.2              75.6     2.6     76.7
AVG. MINIMUM     58.5              56.2     2.3     54.8
MEAN             68.3              65.9     2.4     65.8
DAYS MAX >= 90      2               0.5     1.5        2
DAYS MAX <= 32      0               0.0     0.0        0
DAYS MIN <= 32      0               0.0     0.0        0
DAYS MIN <= 0       0               0.0     0.0        0

PRECIPITATION (INCHES)
RECORD
 MAXIMUM        18.43   2011
 MINIMUM         0.65   1986
TOTALS           1.54              4.07   -2.53     1.16
DAILY AVG.       0.05              0.14   -0.09     0.04
DAYS >= .01         7               9.2    -2.2        4
DAYS >= .10         4               5.9    -1.9        3
DAYS >= .50         0               3.1    -3.1        1
DAYS >= 1.00        0               1.4    -1.4        0
GREATEST
 24 HR. TOTAL    0.47   09/25 TO 09/25

SNOWFALL (INCHES)
RECORDS
 TOTAL            0.0   MM
TOTALS            0.0               0.0     0.0      0.0
SINCE 7/1         0.0               0.0     0.0      0.0
SNOWDEPTH AVG.      0                MM      MM        0
DAYS >= 1.0         0               0.0     0.0        0
GREATEST
 SNOW DEPTH         0   MM                             0  MM
 24 HR TOTAL      0.0

DEGREE_DAYS
HEATING TOTAL      34                70     -36       75
 SINCE 7/1         34                72     -38       75
COOLING TOTAL     141                97      44      108
 SINCE 1/1       1042               993      49     1060
..................................................

WIND (MPH)
AVERAGE WIND SPEED              5.1
HIGHEST WIND SPEED/DIRECTION    32/220    DATE  09/02
HIGHEST GUST SPEED/DIRECTION    39/230    DATE  09/02

SKY COVER
POSSIBLE SUNSHINE (PERCENT)   MM
AVERAGE SKY COVER           0.60
NUMBER OF DAYS FAIR            4
NUMBER OF DAYS PC             21
NUMBER OF DAYS CLOUDY          5

AVERAGE RH (PERCENT)     69

WEATHER CONDITIONS. NUMBER OF DAYS WITH
THUNDERSTORM              3     MIXED PRECIP               0
HEAVY RAIN                3     RAIN                       3
LIGHT RAIN               10     FREEZING RAIN              0
LT FREEZING RAIN          0     HAIL                       0
HEAVY SNOW                0     SNOW                       0
LIGHT SNOW                0     SLEET                      0
FOG                      11     FOG W/VIS <= 1/4 MILE      3
HAZE                      8

-  INDICATES NEGATIVE NUMBERS.
R  INDICATES RECORD WAS SET OR TIED.
MM INDICATES DATA IS MISSING.
T  INDICATES TRACE AMOUNT.

&&

SEPTEMBER 2014 RANKED AS THE 23RD DRIEST SEPTEMBER ON RECORD AND
TIED 1999 FOR THE 28TH WARMEST. THERE WERE NO DAILY RECORDS SET
DURING THE MONTH.

$$
MS
