000
CXUS51 KCTP 010650
CLMMDT

CLIMATE REPORT
NATIONAL WEATHER SERVICE STATE COLLEGE PA
241 AM EDT TUE AUG 1 2017

...................................

...THE HARRISBURG PA CLIMATE SUMMARY FOR THE MONTH OF JULY 2017...

CLIMATE NORMAL PERIOD 1981 TO 2010
CLIMATE RECORD PERIOD 1888 TO 2017

WEATHER         OBSERVED          NORMAL  DEPART  LAST YEAR`S
                 VALUE   DATE(S)  VALUE   FROM    VALUE  DATE(S)
                                          NORMAL
................................................................
TEMPERATURE (F)
RECORD
 HIGH             107   07/03/1966
 LOW               49   07/12/1945

HIGHEST            93   07/19                         98  07/23
LOWEST             61   07/30                         62  07/03
AVG. MAXIMUM     86.0              85.5     0.5     88.7
AVG. MINIMUM     69.1              66.3     2.8     70.1
MEAN             77.6              75.9     1.7     79.4
DAYS MAX >= 90      5               6.7    -1.7       15
DAYS MAX <= 32      0               0.0     0.0        0
DAYS MIN <= 32      0               0.0     0.0        0
DAYS MIN <= 0       0               0.0     0.0        0

PRECIPITATION (INCHES)
RECORD
 MAXIMUM         9.72   1969
 MINIMUM         0.78   1955

TOTALS           9.53              4.61    4.92     5.10
DAILY AVG.       0.31              0.15    0.16     0.16
DAYS >= .01        12              10.7     1.3       11
DAYS >= .10         8               7.4     0.6        9
DAYS >= .50         5               3.1     1.9        2
DAYS >= 1.00        3               1.1     1.9        1
GREATEST
 24 HR. TOTAL    4.71   07/23 TO 07/23

SNOWFALL (INCHES)
RECORDS
 TOTAL            0.0   MM
TOTALS            0.0               0.0     0.0      0.0
SINCE 7/1         0.0               0.0     0.0      0.0
SNOWDEPTH AVG.      0                MM      MM        0
DAYS >= 1.0         0               0.0     0.0        0
GREATEST
 SNOW DEPTH         0   MM                             0
 24 HR TOTAL      0.0

DEGREE_DAYS
HEATING TOTAL       0                 0       0        0
 SINCE 7/1          0                 0       0        0
COOLING TOTAL     399               338      61      455
 SINCE 1/1        741               616     125      818
.........................................................

WIND (MPH)
AVERAGE WIND SPEED              5.5
HIGHEST WIND SPEED/DIRECTION    32/300    DATE  07/01
HIGHEST GUST SPEED/DIRECTION    40/310    DATE  07/01

SKY COVER
POSSIBLE SUNSHINE (PERCENT)   MM
AVERAGE SKY COVER           0.60
NUMBER OF DAYS FAIR            5
NUMBER OF DAYS PC             16
NUMBER OF DAYS CLOUDY         10

AVERAGE RH (PERCENT)     72

WEATHER CONDITIONS. NUMBER OF DAYS WITH
THUNDERSTORM             10     MIXED PRECIP               0
HEAVY RAIN                6     RAIN                       6
LIGHT RAIN               16     FREEZING RAIN              0
LT FREEZING RAIN          0     HAIL                       0
HEAVY SNOW                0     SNOW                       0
LIGHT SNOW                0     SLEET                      0
FOG                      15     FOG W/VIS <= 1/4 MILE      0
HAZE                      7

-  INDICATES NEGATIVE NUMBERS.
R  INDICATES RECORD WAS SET OR TIED.
MM INDICATES DATA IS MISSING.
T  INDICATES TRACE AMOUNT.

JULY WAS THE SECOND WETTEST ON RECORD WITH 9.53" OF RAIN.
THE WETTEST WAS 1969 WHEN 9.72" OF RAIN FELL.

RECORD DAILY RAINFALL...4.71" ON THE 23RD. THE OLD RECORD WAS
4.00" SET IN 1969.

RECORD DAILY RAINFALL...1.06" ON THE 7TH. THE OLD RECORD WAS
86" SET IN 1904.

$$

LA CORTE
