000
CXUS51 KCTP 011049
CLMMDT

PHLCLMMDT 000
TTAA00 KCTP 011020


CLIMATE REPORT
NATIONAL WEATHER SERVICE STATE COLLEGE PA
620 AM EDT MON AUG 1 2016

...................................

...THE HARRISBURG PA CLIMATE SUMMARY FOR THE MONTH OF JULY 2016...

CLIMATE NORMAL PERIOD 1981 TO 2010
CLIMATE RECORD PERIOD 1888 TO 2016

WEATHER         OBSERVED          NORMAL  DEPART  LAST YEAR`S
                 VALUE   DATE(S)  VALUE   FROM    VALUE  DATE(S)
                                          NORMAL
................................................................
TEMPERATURE (F)
RECORD
 HIGH             107   07/03/1966
 LOW               49   07/12/1945
HIGHEST            98   07/23                         93  07/19
LOWEST             62   07/03                         58  07/16
AVG. MAXIMUM     88.7              85.5     3.2     84.6
AVG. MINIMUM     70.1              66.3     3.8     67.5
MEAN             79.4              75.9     3.5     76.1
DAYS MAX >= 90     15               6.7     8.3        4
DAYS MAX <= 32      0               0.0     0.0        0
DAYS MIN <= 32      0               0.0     0.0        0
DAYS MIN <= 0       0               0.0     0.0        0

PRECIPITATION (INCHES)
RECORD
 MAXIMUM         9.72   1969
 MINIMUM         0.78   1955
TOTALS           5.10              4.61    0.49     2.69
DAILY AVG.       0.16              0.15    0.01     0.09
DAYS >= .01        11              10.7     0.3       11
DAYS >= .10         9               7.4     1.6        6
DAYS >= .50         2               3.1    -1.1        1
DAYS >= 1.00        1               1.1    -0.1        1
GREATEST
 24 HR. TOTAL    2.51   07/08 TO 07/08
                        07/07 TO 07/08
                        07/08 TO 07/08

SNOWFALL (INCHES)
RECORDS
 TOTAL            0.0   MM
TOTALS            0.0               0.0     0.0      0.0
SINCE 7/1         0.0               0.0     0.0      0.0
SNOWDEPTH AVG.      0                MM      MM        0
DAYS >= 1.0         0               0.0     0.0        0
GREATEST
 SNOW DEPTH         0   MM                             0  MM
 24 HR TOTAL      0.0   07/31 TO 07/31                                                          07/31 TO 07/31


DEGREE_DAYS
HEATING TOTAL       0                 0       0        0
 SINCE 7/1          0                 0       0        0
COOLING TOTAL     455               338     117      348
 SINCE 1/1        818               616     202      783
..................................................

WIND (MPH)
AVERAGE WIND SPEED              5.3
HIGHEST WIND SPEED/DIRECTION    28/280    DATE  07/24
HIGHEST GUST SPEED/DIRECTION    37/280    DATE  07/24

SKY COVER
POSSIBLE SUNSHINE (PERCENT)   MM
AVERAGE SKY COVER           0.60
NUMBER OF DAYS FAIR            4
NUMBER OF DAYS PC             21
NUMBER OF DAYS CLOUDY          6

AVERAGE RH (PERCENT)     66

WEATHER CONDITIONS. NUMBER OF DAYS WITH
THUNDERSTORM              8     MIXED PRECIP               0
HEAVY RAIN                5     RAIN                       4
LIGHT RAIN               13     FREEZING RAIN              0
LT FREEZING RAIN          0     HAIL                       0
HEAVY SNOW                0     SNOW                       0
LIGHT SNOW                0     SLEET                      0
FOG                      11     FOG W/VIS <= 1/4 MILE      1
HAZE                      6

-  INDICATES NEGATIVE NUMBERS.
R  INDICATES RECORD WAS SET OR TIED.
MM INDICATES DATA IS MISSING.
T  INDICATES TRACE AMOUNT.

&&

THE LOW TEMPERATURE OF 75 DEGREES ON THE MORNING OF THE 14TH TIED THE WARMEST
MINIMUM TEMPERATURE SET IN 1995.

THE MEAN TEMPERATURE OF 79.4 DEGREES IS THE 5TH WARMEST JULY ON RECORD. THE
AVERAGE TEMPERATURE WAS WARMER THAN THE 79.3 DEGREES SET IN JULY 2012.
JULY 2010 AND 2011 WERE ALSO IN THE TOP 10TH WARMEST.

$$

MARTIN
