000
CXUS53 KLOT 011436
CLMMDW


CLIMATE REPORT
NATIONAL WEATHER SERVICE CHICAGO IL
917 AM CDT FRI JUL 1 2016

...................................

...THE CHICAGO-MIDWAY CLIMATE SUMMARY FOR THE MONTH OF JUNE 2016...

CLIMATE NORMAL PERIOD 1981 TO 2010
CLIMATE RECORD PERIOD 1928 TO 2016

WEATHER         OBSERVED          NORMAL  DEPART  LAST YEAR`S
                 VALUE   DATE(S)  VALUE   FROM    VALUE
                                          NORMAL
.............................................................
TEMPERATURE (F)
RECORD
 HIGH             104   06/25/1988
                        06/20/1953
                        06/28/1934
 LOW               35   06/04/1945
HIGHEST            94   06/10        MM      MM       94
LOWEST             54   06/08        MM      MM       45
AVG. MAXIMUM     83.2              79.9     3.3     79.2
AVG. MINIMUM     65.0              62.1     2.9     61.1
MEAN             74.1              71.0     3.1     70.2

PRECIPITATION (INCHES)
RECORD
 MAXIMUM         8.89   1950
 MINIMUM         0.78   1956
TOTALS           1.56              4.06   -2.50       MM

DEGREE_DAYS
HEATING TOTAL       6                31     -25       20
 SINCE 7/1       4881              5990   -1109     6083
COOLING TOTAL     288               210      78      182
 SINCE 1/1        395               284     111      288
..............................................................

WIND (MPH)
AVERAGE WIND SPEED              9.2
HIGHEST WIND SPEED/DIRECTION    32/350    DATE  06/22
HIGHEST GUST SPEED/DIRECTION    40/330    DATE  06/22

AVERAGE RH (PERCENT)     57


-  INDICATES NEGATIVE NUMBERS.
R  INDICATES RECORD WAS SET OR TIED.
MM INDICATES DATA IS MISSING.
T  INDICATES TRACE AMOUNT.

$$
