000
CXUS54 KMEG 050123
CLMMEG


CLIMATE REPORT..RESENT
NATIONAL WEATHER SERVICE MEMPHIS TN
721 PM CST TUE NOV 4 2014

...................................

...THE MEMPHIS/GERMANTOWN WFO CLIMATE SUMMARY FOR THE MONTH OF OCTOBER 2014...

CLIMATE NORMAL PERIOD 1981 TO 2010
CLIMATE RECORD PERIOD 1988 TO 2014

WEATHER         OBSERVED          NORMAL  DEPART  LAST YEAR`S
                 VALUE   DATE(S)  VALUE   FROM    VALUE  DATE(S)
                                          NORMAL
................................................................
TEMPERATURE (F)
RECORD
 HIGH              94   10/03/2006
                        10/01/1998
 LOW               29   10/28/2001
                        10/22/1987
HIGHEST            90   10/01        MM      MM       88  10/05
LOWEST             38   10/31        MM      MM       34  10/25
AVG. MAXIMUM     75.2              74.0     1.2     73.2
AVG. MINIMUM     53.2              49.5     3.7     53.3
MEAN             64.2              61.7     2.5     63.2
DAYS MAX >= 90      1               0.3     0.7        0
DAYS MAX <= 32      0               0.0     0.0        0
DAYS MIN <= 32      0               0.5    -0.5        0
DAYS MIN <= 0       0               0.0     0.0        0

PRECIPITATION (INCHES)
RECORD
 MAXIMUM           MM   MM
 MINIMUM           MM   MM
TOTALS           4.40              4.30    0.10     3.66
DAILY AVG.       0.14              0.14    0.00     0.12
DAYS >= .01        11               7.4     3.6       10
DAYS >= .10        10               4.9     5.1        5
DAYS >= .50         3               2.7     0.3        3
DAYS >= 1.00        1               1.4    -0.4        1
GREATEST
 24 HR. TOTAL    1.48   10/13 TO 10/13

SNOWFALL (INCHES)
RECORDS
 TOTAL             MM   5
TOTALS            0.0               0.0     0.0      0.0
SINCE 7/1         0.0               0.0     0.0      0.0
SNOWDEPTH AVG.      0                MM      MM        0
DAYS >= 1.0         0               0.0     0.0        0
GREATEST
 SNOW DEPTH         0   MM                             0  MM
 24 HR TOTAL      0.0   10/31 TO 10/31

DEGREE_DAYS
HEATING TOTAL     112               166     -54      140
 SINCE 7/1        117               184     -67      140
COOLING TOTAL      97                65      32       91
 SINCE 1/1       1965              1917      48     1962
.................................................................



-  INDICATES NEGATIVE NUMBERS.
R  INDICATES RECORD WAS SET OR TIED.
MM INDICATES DATA IS MISSING.
T  INDICATES TRACE AMOUNT.

$$
