000
CXUS54 KMEG 082124
CLMMEG


CLIMATE REPORT
NATIONAL WEATHER SERVICE MEMPHIS TN
419 PM CDT MON SEP 8 2014

...................................

...THE MEMPHIS/GERMANTOWN WFO CLIMATE SUMMARY FOR THE MONTH OF AUGUST 2014...

CLIMATE NORMAL PERIOD 1981 TO 2010
CLIMATE RECORD PERIOD 1988 TO 2014

WEATHER         OBSERVED          NORMAL  DEPART  LAST YEAR`S
                 VALUE   DATE(S)  VALUE   FROM    VALUE  DATE(S)
                                          NORMAL
................................................................
TEMPERATURE (F)
RECORD
 HIGH             106   08/15/2007
 LOW               47   08/08/2009
HIGHEST            99   08/24        MM      MM       97  08/31
                        08/23
LOWEST             60   08/14        MM      MM       59  08/15
AVG. MAXIMUM     91.4              90.6     0.8     88.5
AVG. MINIMUM     70.8              69.5     1.3     69.9
MEAN             81.1              80.1     1.0     79.2
DAYS MAX >= 90     21              17.3     3.7       16
DAYS MAX <= 32      0               0.0     0.0        0
DAYS MIN <= 32      0               0.0     0.0        0
DAYS MIN <= 0       0               0.0     0.0        0

PRECIPITATION (INCHES)
RECORD
 MAXIMUM           MM   MM
 MINIMUM           MM   MM
TOTALS           1.34              3.30   -1.96     2.14
DAILY AVG.       0.04              0.11   -0.07     0.07
DAYS >= .01         8               6.6     1.4        5
DAYS >= .10         3               4.4    -1.4        5
DAYS >= .50         1               1.7    -0.7        2
DAYS >= 1.00        0               0.7    -0.7        1
GREATEST
 24 HR. TOTAL    0.61   08/30 TO 08/30

SNOWFALL (INCHES)
RECORDS
 TOTAL             MM   5
TOTALS            0.0               0.0     0.0      0.0
SINCE 7/1         0.0               0.0     0.0      0.0
SNOWDEPTH AVG.      0                MM      MM        0
DAYS >= 1.0         0               0.0     0.0        0
GREATEST
 SNOW DEPTH         0   MM                             0  MM
 24 HR TOTAL      0.0   08/31 TO 08/31

DEGREE_DAYS
HEATING TOTAL       0                 0       0        0
 SINCE 7/1          0                 0       0        0
COOLING TOTAL     508               467      41      449
 SINCE 1/1       1581              1595     -14     1548
.................................................................



-  INDICATES NEGATIVE NUMBERS.
R  INDICATES RECORD WAS SET OR TIED.
MM INDICATES DATA IS MISSING.
T  INDICATES TRACE AMOUNT.

$$
