000
CXUS54 KMEG 161929
CLMMEG


CLIMATE REPORT...CORRECTED
NATIONAL WEATHER SERVICE MEMPHIS TN
227 PM CDT THU JUL 16 2015

...................................

...THE MEMPHIS/GERMANTOWN WFO CLIMATE SUMMARY FOR THE MONTH OF JUNE 2015...

CLIMATE NORMAL PERIOD 1981 TO 2010
CLIMATE RECORD PERIOD 1988 TO 2015

WEATHER         OBSERVED          NORMAL  DEPART  LAST YEAR`S
                 VALUE   DATE(S)  VALUE   FROM    VALUE  DATE(S)
                                          NORMAL
................................................................
TEMPERATURE (F)
RECORD
 HIGH             102   06/29/2012
 LOW                0   06/23/2014
HIGHEST            97   06/24        MM      MM       94  06/21
LOWEST             57   06/03        MM      MM       57  06/14
AVG. MAXIMUM     89.8              87.9     1.9     87.8
AVG. MINIMUM     69.8              67.4     2.4     69.5
MEAN             79.8              77.7     2.1     78.7
DAYS MAX >= 90     21              12.9     8.1       14
DAYS MAX <= 32      0               0.0     0.0        0
DAYS MIN <= 32      0               0.0     0.0        0
DAYS MIN <= 0       0               0.0     0.0        0

PRECIPITATION (INCHES)
RECORD
 MAXIMUM           MM   MM
 MINIMUM           MM   MM
TOTALS           2.94              3.68   -0.74    13.09
DAILY AVG.       0.10              0.12   -0.02     0.44
DAYS >= .01         9               9.0     0.0       16
DAYS >= .10         6               5.9     0.1       10
DAYS >= .50         3               2.5     0.5        6
DAYS >= 1.00        1               1.2    -0.2        5
GREATEST
 24 HR. TOTAL    1.04   06/29 TO 06/29

SNOWFALL (INCHES)
RECORDS
 TOTAL             MM   5
TOTALS            0.0               0.0     0.0      0.0
SINCE 7/1         6.3               2.4     3.9      0.8
SNOWDEPTH AVG.      0                MM      MM        0
DAYS >= 1.0         0               0.0     0.0        0
GREATEST
 SNOW DEPTH         0   MM                             0  MM
 24 HR TOTAL      0.0   06/30 TO 06/30

DEGREE_DAYS
HEATING TOTAL       0                 2      -2        0
 SINCE 7/1       3459              3414      45     3743
COOLING TOTAL     452               381      71      417
 SINCE 1/1        752               632     120      716
.................................................................



-  INDICATES NEGATIVE NUMBERS.
R  INDICATES RECORD WAS SET OR TIED.
MM INDICATES DATA IS MISSING.
T  INDICATES TRACE AMOUNT.

$$
