000
CXUS54 KMEG 011355
CLMMEG


CLIMATE REPORT
NATIONAL WEATHER SERVICE MEMPHIS TN
854 AM CDT SUN MAY 1 2016

...................................

...THE MEMPHIS/GERMANTOWN WFO CLIMATE SUMMARY FOR THE MONTH OF APRIL 2016...

CLIMATE NORMAL PERIOD 1981 TO 2010
CLIMATE RECORD PERIOD 1988 TO 2016

WEATHER         OBSERVED          NORMAL  DEPART  LAST YEAR`S
                 VALUE   DATE(S)  VALUE   FROM    VALUE  DATE(S)
                                          NORMAL
................................................................
TEMPERATURE (F)
RECORD
 HIGH              94   04/18/2006
 LOW               26   04/08/2007
                        04/12/1989
                        04/07/2007
HIGHEST            87   04/28        MM      MM       86  04/08
LOWEST             40   04/03        MM      MM       37  04/05
AVG. MAXIMUM     74.2              72.1     2.1     74.1
AVG. MINIMUM     52.4              48.8     3.6     53.2
MEAN             63.3              60.5     2.8     63.7
DAYS MAX >= 90      0               0.1    -0.1        0
DAYS MAX <= 32      0               0.0     0.0        0
DAYS MIN <= 32      0               1.0    -1.0        0
DAYS MIN <= 0       0               0.0     0.0        0

PRECIPITATION (INCHES)
RECORD
 MAXIMUM           MM   MM
 MINIMUM           MM   MM
TOTALS           6.08              5.32    0.76     3.42
DAILY AVG.       0.20              0.18    0.02     0.11
DAYS >= .01        12               9.6     2.4       10
DAYS >= .10         7               6.6     0.4        8
DAYS >= .50         4               3.9     0.1        2
DAYS >= 1.00        3               1.9     1.1        1
GREATEST
 24 HR. TOTAL    1.50   04/29 TO 04/29

SNOWFALL (INCHES)
RECORDS
 TOTAL             MM   5
TOTALS            0.0               0.0     0.0      0.0
SINCE 7/1         0.9               2.4    -1.5      6.3
SNOWDEPTH AVG.      0                MM      MM        0
DAYS >= 1.0         0               0.0     0.0        0
GREATEST
 SNOW DEPTH         0   MM                             0  MM
 24 HR TOTAL      0.0   04/30 TO 04/30

DEGREE_DAYS
HEATING TOTAL     106               191     -85      106
 SINCE 7/1       2447              3373    -926     3434
COOLING TOTAL      60                54       6       74
 SINCE 1/1         73                66       7       77
.................................................................



-  INDICATES NEGATIVE NUMBERS.
R  INDICATES RECORD WAS SET OR TIED.
MM INDICATES DATA IS MISSING.
T  INDICATES TRACE AMOUNT.

$$
