000
CXUS54 KMEG 222019
CLMMEG


CLIMATE REPORT
NATIONAL WEATHER SERVICE MEMPHIS TN
319 PM CDT FRI MAY 22 2015

...................................

...THE MEMPHIS/GERMANTOWN WFO CLIMATE SUMMARY FOR THE MONTH OF APRIL 2015...

CLIMATE NORMAL PERIOD 1981 TO 2010
CLIMATE RECORD PERIOD 1988 TO 2015

WEATHER         OBSERVED          NORMAL  DEPART  LAST YEAR`S
                 VALUE   DATE(S)  VALUE   FROM    VALUE  DATE(S)
                                          NORMAL
................................................................
TEMPERATURE (F)
RECORD
 HIGH              94   04/18/2006
 LOW               26   04/08/2007
                        04/12/1989
                        04/07/2007
HIGHEST            86   04/08        MM      MM       85  04/26
LOWEST             37   04/05        MM      MM       32  04/16
AVG. MAXIMUM     74.1              72.1     2.0     72.4
AVG. MINIMUM     53.2              48.8     4.4     49.4
MEAN             63.7              60.5     3.2     60.9
DAYS MAX >= 90      0               0.1    -0.1        0
DAYS MAX <= 32      0               0.0     0.0        0
DAYS MIN <= 32      0               1.0    -1.0        1
DAYS MIN <= 0       0               0.0     0.0        0

PRECIPITATION (INCHES)
RECORD
 MAXIMUM           MM   MM
 MINIMUM           MM   MM
TOTALS           3.42              5.32   -1.90     6.06
DAILY AVG.       0.11              0.18   -0.07     0.20
DAYS >= .01        10               9.6     0.4       11
DAYS >= .10         8               6.6     1.4        8
DAYS >= .50         2               3.9    -1.9        6
DAYS >= 1.00        1               1.9    -0.9        2
GREATEST
 24 HR. TOTAL    1.02   04/24 TO 04/24

SNOWFALL (INCHES)
RECORDS
 TOTAL             MM   5
TOTALS            0.0               0.0     0.0      0.0
SINCE 7/1         6.3               2.4     3.9      0.8
SNOWDEPTH AVG.      0                MM      MM        0
DAYS >= 1.0         0               0.0     0.0        0
GREATEST
 SNOW DEPTH         0   MM                             0  MM
 24 HR TOTAL      0.0   04/30 TO 04/30

DEGREE_DAYS
HEATING TOTAL     106               191     -85      160
 SINCE 7/1       3434              3373      61     3686
COOLING TOTAL      74                54      20       46
 SINCE 1/1         77                66      11       48
.................................................................



-  INDICATES NEGATIVE NUMBERS.
R  INDICATES RECORD WAS SET OR TIED.
MM INDICATES DATA IS MISSING.
T  INDICATES TRACE AMOUNT.

$$
