000
CXUS54 KMEG 031321
CLMMEG


CLIMATE REPORT
NATIONAL WEATHER SERVICE MEMPHIS TN
817 AM CDT WED MAY 3 2017

...................................

...THE MEMPHIS/GERMANTOWN WFO CLIMATE SUMMARY FOR THE MONTH OF APRIL 2017...

CLIMATE NORMAL PERIOD 1981 TO 2010
CLIMATE RECORD PERIOD 1988 TO 2017

WEATHER         OBSERVED          NORMAL  DEPART  LAST YEAR`S
                 VALUE   DATE(S)  VALUE   FROM    VALUE  DATE(S)
                                          NORMAL
................................................................
TEMPERATURE (F)
RECORD
 HIGH              94   04/18/2006
 LOW               26   04/08/2007
                        04/12/1989
                        04/07/2007
HIGHEST            89   04/29        MM      MM       87  04/28
                        04/14
LOWEST             40   04/07        MM      MM       40  04/03
AVG. MAXIMUM     77.6              72.1     5.5     74.2
AVG. MINIMUM     55.4              48.8     6.6     52.4
MEAN             66.5              60.5     6.0     63.3
DAYS MAX >= 90      0               0.1    -0.1        0
DAYS MAX <= 32      0               0.0     0.0        0
DAYS MIN <= 32      0               1.0    -1.0        0
DAYS MIN <= 0       0               0.0     0.0        0

PRECIPITATION (INCHES)
RECORD
 MAXIMUM           MM   MM
 MINIMUM           MM   MM
TOTALS           5.56              5.32    0.24     6.08
DAILY AVG.       0.19              0.18    0.01     0.20
DAYS >= .01        12               9.6     2.4       12
DAYS >= .10         8               6.6     1.4        7
DAYS >= .50         4               3.9     0.1        4
DAYS >= 1.00        2               1.9     0.1        3
GREATEST
 24 HR. TOTAL    1.26   04/30 TO 04/30

SNOWFALL (INCHES)
RECORDS
 TOTAL             MM   5
TOTALS            0.0               0.0     0.0      0.0
SINCE 7/1         1.4               2.4    -1.0      0.9
SNOWDEPTH AVG.      0                MM      MM        0
DAYS >= 1.0         0               0.0     0.0        0
GREATEST
 SNOW DEPTH         0   MM                             0  MM
 24 HR TOTAL      0.0   04/30 TO 04/30

DEGREE_DAYS
HEATING TOTAL      62               191    -129      106
 SINCE 7/1       2210              3373   -1163     2447
COOLING TOTAL     113                54      59       60
 SINCE 1/1        160                66      94       73
.................................................................



-  INDICATES NEGATIVE NUMBERS.
R  INDICATES RECORD WAS SET OR TIED.
MM INDICATES DATA IS MISSING.
T  INDICATES TRACE AMOUNT.

$$
