000
CXUS54 KMEG 011707
CLMMEG


CLIMATE REPORT
NATIONAL WEATHER SERVICE MEMPHIS TN
1157 AM CDT WED NOV 1 2017

...................................

...THE MEMPHIS/GERMANTOWN WFO CLIMATE SUMMARY FOR THE MONTH OF OCTOBER 2017...

CLIMATE NORMAL PERIOD 1981 TO 2010
CLIMATE RECORD PERIOD 1988 TO 2017

WEATHER         OBSERVED          NORMAL  DEPART  LAST YEAR`S
                 VALUE   DATE(S)  VALUE   FROM    VALUE  DATE(S)
                                          NORMAL
................................................................
TEMPERATURE (F)
RECORD
 HIGH              94   10/03/2006
                        10/01/1998
 LOW               29   10/29/2017
                        10/28/2001
                        10/22/1987
HIGHEST            93   10/09        MM      MM       91  10/07
LOWEST             29R  10/29        MM      MM       40  10/22
AVG. MAXIMUM     75.8              74.0     1.8     81.9
AVG. MINIMUM     52.4              49.5     2.9     56.8
MEAN             64.1              61.7     2.4     69.3
DAYS MAX >= 90      2               0.3     1.7        3
DAYS MAX <= 32      0               0.0     0.0        0
DAYS MIN <= 32      2               0.5     1.5        0
DAYS MIN <= 0       0               0.0     0.0        0

PRECIPITATION (INCHES)
RECORD
 MAXIMUM           MM   MM
 MINIMUM           MM   MM
TOTALS           3.61              4.30   -0.69     1.64
DAILY AVG.       0.12              0.14   -0.02     0.05
DAYS >= .01         8               7.4     0.6        4
DAYS >= .10         5               4.9     0.1        2
DAYS >= .50         2               2.7    -0.7        1
DAYS >= 1.00        1               1.4    -0.4        1
GREATEST
 24 HR. TOTAL    1.96   10/10 TO 10/10

SNOWFALL (INCHES)
RECORDS
 TOTAL             MM   5
TOTALS            0.0               0.0     0.0      0.0
SINCE 7/1         0.0               0.0     0.0      0.0
SNOWDEPTH AVG.      0                MM      MM        0
DAYS >= 1.0         0               0.0     0.0        0
GREATEST
 SNOW DEPTH         0   MM                             0  MM
 24 HR TOTAL      0.0   10/31 TO 10/31

DEGREE_DAYS
HEATING TOTAL     150               166     -16       27
 SINCE 7/1        154               184     -30       29
COOLING TOTAL     132                65      67      168
 SINCE 1/1       2106              1917     189     2397
.................................................................



-  INDICATES NEGATIVE NUMBERS.
R  INDICATES RECORD WAS SET OR TIED.
MM INDICATES DATA IS MISSING.
T  INDICATES TRACE AMOUNT.

$$
