000
CXUS54 KJAN 012238
CLMMEI


CLIMATE REPORT
NATIONAL WEATHER SERVICE JACKSON MS
537 PM CDT WED JUL 1 2015

...................................

...THE MERIDIAN CLIMATE SUMMARY FOR THE MONTH OF JUNE 2015...

CLIMATE NORMAL PERIOD 1981 TO 2010
CLIMATE RECORD PERIOD 1889 TO 2015

WEATHER         OBSERVED          NORMAL  DEPART  LAST YEAR`S
                 VALUE   DATE(S)  VALUE   FROM    VALUE  DATE(S)
                                          NORMAL
................................................................
TEMPERATURE (F)
RECORD
 HIGH             104   06/29/1988
                        06/27/1988
 LOW               42   06/01/1984
HIGHEST            96   06/23        96       0       94  06/30
                                                          06/20
LOWEST             59   06/04        55       4       61  06/12
AVG. MAXIMUM     89.4              89.2     0.2     88.8
AVG. MINIMUM     67.8              66.1     1.7     68.1
MEAN             78.6              77.6     1.0     78.4
DAYS MAX >= 90     16              13.8     2.2       14
DAYS MAX <= 32      0               0.0     0.0        0
DAYS MIN <= 32      0               0.0     0.0        0
DAYS MIN <= 0       0               0.0     0.0        0

PRECIPITATION (INCHES)
RECORD
 MAXIMUM        20.06   1900
 MINIMUM         0.21   1917
TOTALS           4.97              4.40    0.57     2.54
DAILY AVG.       0.17              0.15    0.02     0.08
DAYS >= .01        13              10.2     2.8       13
DAYS >= .10         6               7.1    -1.1        4
DAYS >= .50         2               3.0    -1.0        1
DAYS >= 1.00        2               1.3     0.7        1
GREATEST
 24 HR. TOTAL    2.40   06/29 TO 06/30              1.25
                        06/30 TO 06/30

SNOWFALL (INCHES)
RECORDS
 TOTAL            0.0   MM
TOTALS            0.0               0.0     0.0      0.0
SINCE 7/1           T               0.6    -0.6      2.5
DAYS >= TRACE       0
DAYS >= 1.0         0               0.0     0.0        0
GREATEST
 24 HR TOTAL      0.0   06/30 TO 06/30

DEGREE_DAYS
HEATING TOTAL       0                 0       0        0
 SINCE 7/1       2504              2553     -49     2865
COOLING TOTAL     416               380      36      410
 SINCE 1/1        781               663     118      680
.................................................................

WIND (MPH)
AVERAGE WIND SPEED              4.6
HIGHEST WIND SPEED/DIRECTION    62/010    DATE  06/10
HIGHEST GUST SPEED/DIRECTION    73/010    DATE  06/10

SKY COVER
POSSIBLE SUNSHINE (PERCENT)   MM
AVERAGE SKY COVER           0.20
NUMBER OF DAYS FAIR           25
NUMBER OF DAYS PC              5
NUMBER OF DAYS CLOUDY          0

AVERAGE RH (PERCENT)     74

WEATHER CONDITIONS. NUMBER OF DAYS WITH
THUNDERSTORM             14     MIXED PRECIP               0
HEAVY RAIN                7     RAIN                       8
LIGHT RAIN               14     FREEZING RAIN              0
LT FREEZING RAIN          0     HAIL                       0
HEAVY SNOW                0     SNOW                       0
LIGHT SNOW                0     SLEET                      0
FOG                      15     FOG W/VIS <= 1/4 MILE      1
HAZE                      2

-  INDICATES NEGATIVE NUMBERS.
R  INDICATES RECORD WAS SET OR TIED.
MM INDICATES DATA IS MISSING.
T  INDICATES TRACE AMOUNT.

$$
