000
CXUS54 KJAN 011850
CLMMEI


CLIMATE REPORT
NATIONAL WEATHER SERVICE JACKSON MS
149 PM CDT MON AUG 1 2016

...................................

...THE MERIDIAN CLIMATE SUMMARY FOR THE MONTH OF JULY 2016...

CLIMATE NORMAL PERIOD 1981 TO 2010
CLIMATE RECORD PERIOD 1889 TO 2016

WEATHER         OBSERVED          NORMAL  DEPART  LAST YEAR`S
                 VALUE   DATE(S)  VALUE   FROM    VALUE  DATE(S)
                                          NORMAL
................................................................
TEMPERATURE (F)
RECORD
 HIGH             107   07/14/1980
 LOW               54   07/23/1947
HIGHEST           102   07/21        99       3       98  07/20
LOWEST             65   07/01        64       1       66  07/06
                                                          07/05
AVG. MAXIMUM     96.5              91.8     4.7     92.9
AVG. MINIMUM     73.7              69.4     4.3     71.9
MEAN             85.1              80.6     4.5     82.4
DAYS MAX >= 90     30              21.2     8.8       27
DAYS MAX <= 32      0               0.0     0.0        0
DAYS MIN <= 32      0               0.0     0.0        0
DAYS MIN <= 0       0               0.0     0.0        0

PRECIPITATION (INCHES)
RECORD
 MAXIMUM        15.29   1959
 MINIMUM         0.56   1918
TOTALS           2.40              5.14   -2.74     3.57
DAILY AVG.       0.08              0.17   -0.09     0.12
DAYS >= .01        12              11.6     0.4        8
DAYS >= .10         7               7.9    -0.9        6
DAYS >= .50         2               3.5    -1.5        3
DAYS >= 1.00        0               1.6    -1.6        1
GREATEST
 24 HR. TOTAL    0.66   07/14 TO 07/15              2.40

SNOWFALL (INCHES)
RECORDS
 TOTAL            0.0   MM
TOTALS            0.0               0.0     0.0      0.0
SINCE 7/1         0.0               0.0     0.0      0.0
DAYS >= TRACE       0
DAYS >= 1.0         0               0.0     0.0        0
GREATEST
 24 HR TOTAL      0.0   07/31 TO 07/31

DEGREE_DAYS
HEATING TOTAL       0                 0       0        0
 SINCE 7/1          0                 0       0        0
COOLING TOTAL     630               484     146      547
 SINCE 1/1       1486              1147     339     1328
.................................................................

WIND (MPH)
AVERAGE WIND SPEED              5.0
HIGHEST WIND SPEED/DIRECTION    26/300    DATE  07/06
HIGHEST GUST SPEED/DIRECTION    37/140    DATE  07/14

SKY COVER
POSSIBLE SUNSHINE (PERCENT)   MM
AVERAGE SKY COVER           0.20
NUMBER OF DAYS FAIR           24
NUMBER OF DAYS PC              6
NUMBER OF DAYS CLOUDY          1

AVERAGE RH (PERCENT)     68

WEATHER CONDITIONS. NUMBER OF DAYS WITH
THUNDERSTORM             19     MIXED PRECIP               0
HEAVY RAIN                6     RAIN                       8
LIGHT RAIN               19     FREEZING RAIN              0
LT FREEZING RAIN          0     HAIL                       0
HEAVY SNOW                0     SNOW                       0
LIGHT SNOW                0     SLEET                      0
FOG                      13     FOG W/VIS <= 1/4 MILE      3
HAZE                      3

-  INDICATES NEGATIVE NUMBERS.
R  INDICATES RECORD WAS SET OR TIED.
MM INDICATES DATA IS MISSING.
T  INDICATES TRACE AMOUNT.

$$
