000
CXUS54 KJAN 011246
CLMMEI


CLIMATE REPORT
NATIONAL WEATHER SERVICE JACKSON MS
643 AM CST SUN MAR 1 2015

...................................

...THE MERIDIAN CLIMATE SUMMARY FOR THE MONTH OF FEBRUARY 2015...

CLIMATE NORMAL PERIOD 1981 TO 2010
CLIMATE RECORD PERIOD 1889 TO 2015

WEATHER         OBSERVED          NORMAL  DEPART  LAST YEAR`S
                 VALUE   DATE(S)  VALUE   FROM    VALUE  DATE(S)
                                          NORMAL
................................................................
TEMPERATURE (F)
RECORD
 HIGH              85   02/23/1982
                        02/25/1918
 LOW               -6   02/13/1899
HIGHEST            72   02/09        79      -7       81  02/20
                        02/08
LOWEST             19   02/19        20      -1       22  02/27
AVG. MAXIMUM     54.6              61.0    -6.4     58.9
AVG. MINIMUM     30.9              36.4    -5.5     35.1
MEAN             42.7              48.7    -6.0     47.0
DAYS MAX >= 90      0               0.0     0.0        0
DAYS MAX <= 32      0               0.2    -0.2        0
DAYS MIN <= 32     19              10.2     8.8       14
DAYS MIN <= 0       0               0.0     0.0        0

PRECIPITATION (INCHES)
RECORD
 MAXIMUM        15.95   1990
 MINIMUM         1.46   2000
TOTALS           4.13              5.60   -1.47     6.88
DAILY AVG.       0.15              0.20   -0.05     0.25
DAYS >= .01         8               9.9    -1.9       12
DAYS >= .10         6               6.6    -0.6       10
DAYS >= .50         4               3.6     0.4        6
DAYS >= 1.00        1               1.9    -0.9        3
GREATEST
 24 HR. TOTAL    1.16   02/21 TO 02/22              1.46

SNOWFALL (INCHES)
RECORDS
 TOTAL            5.8   1899
TOTALS              T                 T     0.0      0.5
SINCE 7/1           T               0.3    -0.3      2.5
DAYS >= TRACE       1
DAYS >= 1.0         0               0.0     0.0        0
GREATEST
 24 HR TOTAL        T   02/25 TO 02/25

DEGREE_DAYS
HEATING TOTAL     617               460     157      503
 SINCE 7/1       2241              2097     144     2376
COOLING TOTAL       0                 4      -4        7
 SINCE 1/1          0                 7      -7        7
.................................................................

WIND (MPH)
AVERAGE WIND SPEED              8.1
HIGHEST WIND SPEED/DIRECTION    31/180    DATE  02/21
HIGHEST GUST SPEED/DIRECTION    39/190    DATE  02/21

SKY COVER
POSSIBLE SUNSHINE (PERCENT)   MM
AVERAGE SKY COVER           0.40
NUMBER OF DAYS FAIR           11
NUMBER OF DAYS PC              9
NUMBER OF DAYS CLOUDY          8

AVERAGE RH (PERCENT)     65

WEATHER CONDITIONS. NUMBER OF DAYS WITH
THUNDERSTORM              3     MIXED PRECIP               0
HEAVY RAIN                5     RAIN                       5
LIGHT RAIN                9     FREEZING RAIN              1
LT FREEZING RAIN          1     HAIL                       0
HEAVY SNOW                0     SNOW                       0
LIGHT SNOW                1     SLEET                      0
FOG                      12     FOG W/VIS <= 1/4 MILE      1
HAZE                      2

-  INDICATES NEGATIVE NUMBERS.
R  INDICATES RECORD WAS SET OR TIED.
MM INDICATES DATA IS MISSING.
T  INDICATES TRACE AMOUNT.

$$
