000
CXUS54 KJAN 011152
CLMMEI


CLIMATE REPORT
NATIONAL WEATHER SERVICE JACKSON MS
650 AM CDT SAT JUL 1 2017

...................................

...THE MERIDIAN CLIMATE SUMMARY FOR THE MONTH OF JUNE 2017...

CLIMATE NORMAL PERIOD 1981 TO 2010
CLIMATE RECORD PERIOD 1889 TO 2017

WEATHER         OBSERVED          NORMAL  DEPART  LAST YEAR`S
                 VALUE   DATE(S)  VALUE   FROM    VALUE  DATE(S)
                                          NORMAL
................................................................
TEMPERATURE (F)
RECORD
 HIGH             104   06/29/1988
                        06/27/1988
 LOW               42   06/01/1984
HIGHEST            92   06/19        96      -4      100  06/26
                        06/12                             06/25
                        06/11
LOWEST             58   06/09        55       3       63  06/10
                                                          06/09
AVG. MAXIMUM     87.1              89.2    -2.1     94.4
AVG. MINIMUM     68.9              66.1     2.8     71.4
MEAN             78.0              77.6     0.4     82.9
DAYS MAX >= 90      8              13.8    -5.8       27
DAYS MAX <= 32      0               0.0     0.0        0
DAYS MIN <= 32      0               0.0     0.0        0
DAYS MIN <= 0       0               0.0     0.0        0

PRECIPITATION (INCHES)
RECORD
 MAXIMUM        20.06   1900
 MINIMUM         0.21   1917
TOTALS          11.09              4.40    6.69     4.91
DAILY AVG.       0.37              0.15    0.22     0.16
DAYS >= .01        20              10.2     9.8        8
DAYS >= .10        16               7.1     8.9        4
DAYS >= .50         7               3.0     4.0        2
DAYS >= 1.00        4               1.3     2.7        2
GREATEST
 24 HR. TOTAL    2.60   06/21 TO 06/21              2.96

SNOWFALL (INCHES)
RECORDS
 TOTAL            0.0   MM
TOTALS            0.0               0.0     0.0      0.0
SINCE 7/1         0.8               0.6     0.2        T
DAYS >= TRACE       0
DAYS >= 1.0         0               0.0     0.0        0
GREATEST
 24 HR TOTAL      0.0   06/30 TO 06/30

DEGREE_DAYS
HEATING TOTAL       0                 0       0        0
 SINCE 7/1       1362              2553   -1191     1815
COOLING TOTAL     399               380      19      544
 SINCE 1/1        892               663     229      856
.................................................................

WIND (MPH)
AVERAGE WIND SPEED              5.7
HIGHEST WIND SPEED/DIRECTION    26/290    DATE  06/23
HIGHEST GUST SPEED/DIRECTION    38/300    DATE  06/23

SKY COVER
POSSIBLE SUNSHINE (PERCENT)   MM
AVERAGE SKY COVER           0.50
NUMBER OF DAYS FAIR           13
NUMBER OF DAYS PC             10
NUMBER OF DAYS CLOUDY          7

AVERAGE RH (PERCENT)     80

WEATHER CONDITIONS. NUMBER OF DAYS WITH
THUNDERSTORM             12     MIXED PRECIP               0
HEAVY RAIN               16     RAIN                      18
LIGHT RAIN               22     FREEZING RAIN              0
LT FREEZING RAIN          0     HAIL                       0
HEAVY SNOW                0     SNOW                       0
LIGHT SNOW                0     SLEET                      0
FOG                      21     FOG W/VIS <= 1/4 MILE      1
HAZE                      2

-  INDICATES NEGATIVE NUMBERS.
R  INDICATES RECORD WAS SET OR TIED.
MM INDICATES DATA IS MISSING.
T  INDICATES TRACE AMOUNT.

$$
