000
CXUS54 KJAN 012249
CLMMEI


CLIMATE REPORT
NATIONAL WEATHER SERVICE JACKSON MS
448 PM CST MON DEC 1 2014

...................................

...THE MERIDIAN CLIMATE SUMMARY FOR THE MONTH OF NOVEMBER 2014...

CLIMATE NORMAL PERIOD 1981 TO 2010
CLIMATE RECORD PERIOD 1889 TO 2014

WEATHER         OBSERVED          NORMAL  DEPART  LAST YEAR`S
                 VALUE   DATE(S)  VALUE   FROM    VALUE  DATE(S)
                                          NORMAL
................................................................
TEMPERATURE (F)
RECORD
 HIGH              87   11/08/2005
                        11/03/1946
                        11/03/1935
 LOW               12   11/16/2000
HIGHEST            79   11/11        82      -3       75  11/17
LOWEST             20   11/19        27      -7       22  11/28
AVG. MAXIMUM     63.3              67.7    -4.4     62.9
AVG. MINIMUM     35.2              41.6    -6.4     39.4
MEAN             49.2              54.7    -5.5     51.2
DAYS MAX >= 90      0               0.0     0.0        0
DAYS MAX <= 32      0               0.0     0.0        0
DAYS MIN <= 32     15               6.5     8.5        9
DAYS MIN <= 0       0               0.0     0.0        0

PRECIPITATION (INCHES)
RECORD
 MAXIMUM        13.93   1948
 MINIMUM         0.17   1924
TOTALS           3.18              4.95   -1.77     4.77
DAILY AVG.       0.11              0.16   -0.05     0.16
DAYS >= .01         5               8.7    -3.7       10
DAYS >= .10         3               6.6    -3.6        6
DAYS >= .50         1               3.2    -2.2        3
DAYS >= 1.00        1               1.8    -0.8        2
GREATEST
 24 HR. TOTAL    2.70   11/16 TO 11/17              2.97

SNOWFALL (INCHES)
RECORDS
 TOTAL              T   2001
                        2000
                        1998
TOTALS            0.0               0.0     0.0      0.0
SINCE 7/1         0.0               0.0     0.0      0.0
DAYS >= TRACE       0
DAYS >= 1.0         0               0.0     0.0        0
GREATEST
 24 HR TOTAL      0.0   11/30 TO 11/30

DEGREE_DAYS
HEATING TOTAL     466               326     140      413
 SINCE 7/1        549               450      99      501
COOLING TOTAL       0                16     -16        5
 SINCE 1/1       2085              2029      56     2041
.................................................................

WIND (MPH)
AVERAGE WIND SPEED              6.3
HIGHEST WIND SPEED/DIRECTION    28/200    DATE  11/23
HIGHEST GUST SPEED/DIRECTION    36/200    DATE  11/23

SKY COVER
POSSIBLE SUNSHINE (PERCENT)   MM
AVERAGE SKY COVER           0.20
NUMBER OF DAYS FAIR           21
NUMBER OF DAYS PC              6
NUMBER OF DAYS CLOUDY          3

AVERAGE RH (PERCENT)     65

WEATHER CONDITIONS. NUMBER OF DAYS WITH
THUNDERSTORM              0     MIXED PRECIP               0
HEAVY RAIN                3     RAIN                       3
LIGHT RAIN                8     FREEZING RAIN              0
LT FREEZING RAIN          0     HAIL                       0
HEAVY SNOW                0     SNOW                       0
LIGHT SNOW                0     SLEET                      0
FOG                       8     FOG W/VIS <= 1/4 MILE      0
HAZE                      2

-  INDICATES NEGATIVE NUMBERS.
R  INDICATES RECORD WAS SET OR TIED.
MM INDICATES DATA IS MISSING.
T  INDICATES TRACE AMOUNT.

$$
