697
CXUS54 KJAN 011551
CLMMEI


CLIMATE REPORT
NATIONAL WEATHER SERVICE JACKSON MS
949 AM CST WED MAR 1 2017

...................................

...THE MERIDIAN CLIMATE SUMMARY FOR THE MONTH OF FEBRUARY 2017...

CLIMATE NORMAL PERIOD 1981 TO 2010
CLIMATE RECORD PERIOD 1889 TO 2017

WEATHER         OBSERVED          NORMAL  DEPART  LAST YEAR`S
                 VALUE   DATE(S)  VALUE   FROM    VALUE  DATE(S)
                                          NORMAL
................................................................
TEMPERATURE (F)
RECORD
 HIGH              85   02/23/1982
                        02/25/1918
 LOW               -6   02/13/1899
HIGHEST            83   02/20        79       4       76  02/01
                        02/19
LOWEST             31   02/16        20      11       23  02/10
AVG. MAXIMUM     71.7              61.0    10.7     63.9
AVG. MINIMUM     45.9              36.4     9.5     37.9
MEAN             58.8              48.7    10.1     50.9
DAYS MAX >= 90      0               0.0     0.0        0
DAYS MAX <= 32      0               0.2    -0.2        0
DAYS MIN <= 32      3              10.2    -7.2       12
DAYS MIN <= 0       0               0.0     0.0        0

PRECIPITATION (INCHES)
RECORD
 MAXIMUM        15.95   1990
 MINIMUM         1.46   2000
TOTALS           2.20              5.60   -3.40     4.25
DAILY AVG.       0.08              0.20   -0.12     0.15
DAYS >= .01         5               9.9    -4.9        6
DAYS >= .10         4               6.6    -2.6        5
DAYS >= .50         2               3.6    -1.6        4
DAYS >= 1.00        0               1.9    -1.9        3
GREATEST
 24 HR. TOTAL    0.88   02/27 TO 02/27              1.29

SNOWFALL (INCHES)
RECORDS
 TOTAL            5.8   1899
TOTALS            0.0                 T     0.0      0.0
SINCE 7/1         0.8               0.3     0.5        T
DAYS >= TRACE       0
DAYS >= 1.0         0               0.0     0.0        0
GREATEST
 24 HR TOTAL      0.0   02/28 TO 02/28

DEGREE_DAYS
HEATING TOTAL     189               460    -271      405
 SINCE 7/1       1128              2097    -969     1562
COOLING TOTAL      22                 4      18        5
 SINCE 1/1         46                 7      39        5
.................................................................

WIND (MPH)
AVERAGE WIND SPEED              7.1
HIGHEST WIND SPEED/DIRECTION    25/190    DATE  02/28
HIGHEST GUST SPEED/DIRECTION    32/190    DATE  02/28

SKY COVER
POSSIBLE SUNSHINE (PERCENT)   MM
AVERAGE SKY COVER           0.40
NUMBER OF DAYS FAIR           11
NUMBER OF DAYS PC             11
NUMBER OF DAYS CLOUDY          6

AVERAGE RH (PERCENT)     71

WEATHER CONDITIONS. NUMBER OF DAYS WITH
THUNDERSTORM              3     MIXED PRECIP               0
HEAVY RAIN                4     RAIN                       6
LIGHT RAIN               11     FREEZING RAIN              0
LT FREEZING RAIN          0     HAIL                       0
HEAVY SNOW                0     SNOW                       0
LIGHT SNOW                0     SLEET                      0
FOG                      16     FOG W/VIS <= 1/4 MILE      6
HAZE                      1

-  INDICATES NEGATIVE NUMBERS.
R  INDICATES RECORD WAS SET OR TIED.
MM INDICATES DATA IS MISSING.
T  INDICATES TRACE AMOUNT.

$$
