000
CXUS54 KMEG 020034
CLMMEM


CLIMATE REPORT
NATIONAL WEATHER SERVICE MEMPHIS TN
731 PM CDT SAT AUG 1 2015

...................................

...THE MEMPHIS CLIMATE SUMMARY FOR THE MONTH OF JULY 2015...

CLIMATE NORMAL PERIOD 1981 TO 2010
CLIMATE RECORD PERIOD 1872 TO 2015

WEATHER         OBSERVED          NORMAL  DEPART  LAST YEAR`S
                 VALUE   DATE(S)  VALUE   FROM    VALUE  DATE(S)
                                          NORMAL
................................................................
TEMPERATURE (F)
RECORD
 HIGH             108   07/13/1980
 LOW               52   07/23/1947
HIGHEST            99   07/29        92       7       95  07/14
                        07/20
LOWEST             69   07/05        73      -4       62  07/16
AVG. MAXIMUM     92.7              91.6     1.1     86.5
AVG. MINIMUM     76.4              73.8     2.6     69.5
MEAN             84.5              82.7     1.8     78.0
DAYS MAX >= 90     25              20.9     4.1       11
DAYS MAX <= 32      0               0.0     0.0        0
DAYS MIN <= 32      0               0.0     0.0        0
DAYS MIN <= 0       0               0.0     0.0        0

PRECIPITATION (INCHES)
RECORD
 MAXIMUM         9.96   1998
 MINIMUM         0.01   1943
TOTALS           5.17              4.59    0.58     2.56
DAILY AVG.       0.17              0.15    0.02     0.08
DAYS >= .01         9               8.8     0.2       10
DAYS >= .10         4               6.2    -2.2        4
DAYS >= .50         2               3.0    -1.0        3
DAYS >= 1.00        2               1.6     0.4        0
GREATEST
 24 HR. TOTAL    3.41   07/02 TO 07/03

SNOWFALL (INCHES)
RECORDS
 TOTAL            0.0   2002
                        2001
                        2000
TOTALS            0.0               0.0     0.0      0.0
SINCE 7/1         0.0               0.0     0.0      0.0
SNOWDEPTH AVG.      0                MM      MM        0
DAYS >= 1.0         0               0.0     0.0        0
GREATEST
 SNOW DEPTH         0   MM                             0  MM
 24 HR TOTAL      0.0   07/31 TO 07/31

DEGREE_DAYS
HEATING TOTAL       0                 0       0        0
 SINCE 7/1          0                 0       0        0
COOLING TOTAL     613               549      64      407
 SINCE 1/1       1444              1308     136     1155
.................................................................

WIND (MPH)
AVERAGE WIND SPEED              6.6
HIGHEST WIND SPEED/DIRECTION    36/320    DATE  07/14
HIGHEST GUST SPEED/DIRECTION    48/340    DATE  07/14

SKY COVER
POSSIBLE SUNSHINE (PERCENT)   MM
AVERAGE SKY COVER           0.50
NUMBER OF DAYS FAIR           13
NUMBER OF DAYS PC             12
NUMBER OF DAYS CLOUDY          6

AVERAGE RH (PERCENT)     69

WEATHER CONDITIONS. NUMBER OF DAYS WITH
THUNDERSTORM              0     MIXED PRECIP               0
HEAVY RAIN                3     RAIN                       4
LIGHT RAIN               11     FREEZING RAIN              0
LT FREEZING RAIN          0     HAIL                       0
HEAVY SNOW                0     SNOW                       0
LIGHT SNOW                0     SLEET                      0
FOG                       7     FOG W/VIS <= 1/4 MILE      2
HAZE                      3

-  INDICATES NEGATIVE NUMBERS.
R  INDICATES RECORD WAS SET OR TIED.
MM INDICATES DATA IS MISSING.
T  INDICATES TRACE AMOUNT.

$$
