000
CXUS54 KMEG 031321
CLMMEM


CLIMATE REPORT
NATIONAL WEATHER SERVICE MEMPHIS TN
817 AM CDT WED MAY 3 2017

...................................

...THE MEMPHIS CLIMATE SUMMARY FOR THE MONTH OF APRIL 2017...

CLIMATE NORMAL PERIOD 1981 TO 2010
CLIMATE RECORD PERIOD 1872 TO 2017

WEATHER         OBSERVED          NORMAL  DEPART  LAST YEAR`S
                 VALUE   DATE(S)  VALUE   FROM    VALUE  DATE(S)
                                          NORMAL
................................................................
TEMPERATURE (F)
RECORD
 HIGH              94   04/21/1987
 LOW               27   04/02/1881
                        04/01/1881
HIGHEST            88   04/29        73      15       85  04/28
                                                          04/26
LOWEST             44   04/08        52      -8       43  04/02
                        04/07
AVG. MAXIMUM     76.9              73.0     3.9     74.2
AVG. MINIMUM     56.4              52.9     3.5     55.5
MEAN             66.6              62.9     3.7     64.8
DAYS MAX >= 90      0               0.2    -0.2        0
DAYS MAX <= 32      0               0.0     0.0        0
DAYS MIN <= 32      0               0.2    -0.2        0
DAYS MIN <= 0       0               0.0     0.0        0

PRECIPITATION (INCHES)
RECORD
 MAXIMUM        17.13   1991
 MINIMUM         0.89   1925
TOTALS           5.36              5.50   -0.14     5.97
DAILY AVG.       0.18              0.18    0.00     0.20
DAYS >= .01        13               9.6     3.4       10
DAYS >= .10        10               7.0     3.0        7
DAYS >= .50         4               3.8     0.2        6
DAYS >= 1.00        2               2.0     0.0        2
GREATEST
 24 HR. TOTAL    1.06   04/30 TO 04/30

SNOWFALL (INCHES)
RECORDS
 TOTAL              T   2008
                        1971
                        1920
TOTALS            0.0               0.0     0.0      0.0
SINCE 7/1         2.0               3.8    -1.8      0.3
SNOWDEPTH AVG.      0                MM      MM        0
DAYS >= 1.0         0               0.0     0.0        0
GREATEST
 SNOW DEPTH         0   MM                             0  MM
 24 HR TOTAL      0.0   04/30 TO 04/30

DEGREE_DAYS
HEATING TOTAL      57               137     -80       80
 SINCE 7/1       2036              2945    -909     2164
COOLING TOTAL     114                75      39       83
 SINCE 1/1        174                95      79      107
.................................................................

WIND (MPH)
AVERAGE WIND SPEED              9.6
HIGHEST WIND SPEED/DIRECTION    32/120    DATE  04/03
HIGHEST GUST SPEED/DIRECTION    46/120    DATE  04/03

SKY COVER
POSSIBLE SUNSHINE (PERCENT)   MM
AVERAGE SKY COVER           0.50
NUMBER OF DAYS FAIR            9
NUMBER OF DAYS PC             15
NUMBER OF DAYS CLOUDY          6

AVERAGE RH (PERCENT)     68

WEATHER CONDITIONS. NUMBER OF DAYS WITH
THUNDERSTORM              0     MIXED PRECIP               0
HEAVY RAIN                7     RAIN                      10
LIGHT RAIN               13     FREEZING RAIN              0
LT FREEZING RAIN          0     HAIL                       0
HEAVY SNOW                0     SNOW                       0
LIGHT SNOW                0     SLEET                      0
FOG                      11     FOG W/VIS <= 1/4 MILE      0
HAZE                      0

-  INDICATES NEGATIVE NUMBERS.
R  INDICATES RECORD WAS SET OR TIED.
MM INDICATES DATA IS MISSING.
T  INDICATES TRACE AMOUNT.

$$
