376
CXUS54 KMEG 052131
CLMMEM


CLIMATE REPORT
NATIONAL WEATHER SERVICE MEMPHIS TN
427 PM CDT WED JUL 5 2017

...................................

...THE MEMPHIS CLIMATE SUMMARY FOR THE MONTH OF JUNE 2017...

CLIMATE NORMAL PERIOD 1981 TO 2010
CLIMATE RECORD PERIOD 1872 TO 2017

WEATHER         OBSERVED          NORMAL  DEPART  LAST YEAR`S
                 VALUE   DATE(S)  VALUE   FROM    VALUE  DATE(S)
                                          NORMAL
................................................................
TEMPERATURE (F)
RECORD
 HIGH             104   06/28/1954
                        06/28/1952
 LOW               48   06/01/1966
HIGHEST            92   06/20        89       3       98  06/26
                        06/14                             06/25
                                                          06/24
LOWEST             59   06/09        69     -10       66  06/06
AVG. MAXIMUM     87.4              88.9    -1.5     92.8
AVG. MINIMUM     69.5              70.3    -0.8     73.6
MEAN             78.4              79.6    -1.2     83.2
DAYS MAX >= 90      8              13.9    -5.9       22
DAYS MAX <= 32      0               0.0     0.0        0
DAYS MIN <= 32      0               0.0     0.0        0
DAYS MIN <= 0       0               0.0     0.0        0

PRECIPITATION (INCHES)
RECORD
 MAXIMUM        18.16   1877
 MINIMUM         0.04   1953
TOTALS           4.61              3.63    0.98     1.17
DAILY AVG.       0.15              0.12    0.03     0.04
DAYS >= .01        10               9.0     1.0        7
DAYS >= .10         7               5.8     1.2        4
DAYS >= .50         3               2.5     0.5        1
DAYS >= 1.00        2               1.2     0.8        0
GREATEST
 24 HR. TOTAL    1.63   06/23 TO 06/23

SNOWFALL (INCHES)
RECORDS
 TOTAL            0.0   2002
                        2001
                        2000
TOTALS            0.0               0.0     0.0      0.0
SINCE 7/1         2.0               3.8    -1.8      0.3
SNOWDEPTH AVG.      0                MM      MM        0
DAYS >= 1.0         0               0.0     0.0        0
GREATEST
 SNOW DEPTH         0   MM                             0  MM
 24 HR TOTAL      0.0   06/30 TO 06/30

DEGREE_DAYS
HEATING TOTAL       0                 0       0        0
 SINCE 7/1       2059              2964    -905     2186
COOLING TOTAL     410               438     -28      552
 SINCE 1/1        790               759      31      857
.................................................................

WIND (MPH)
AVERAGE WIND SPEED              7.5
HIGHEST WIND SPEED/DIRECTION    37/190    DATE  06/23
HIGHEST GUST SPEED/DIRECTION    47/190    DATE  06/23

SKY COVER
POSSIBLE SUNSHINE (PERCENT)   MM
AVERAGE SKY COVER           0.50
NUMBER OF DAYS FAIR           10
NUMBER OF DAYS PC             14
NUMBER OF DAYS CLOUDY          6

AVERAGE RH (PERCENT)     72

WEATHER CONDITIONS. NUMBER OF DAYS WITH
THUNDERSTORM              0     MIXED PRECIP               0
HEAVY RAIN                5     RAIN                       8
LIGHT RAIN               15     FREEZING RAIN              0
LT FREEZING RAIN          0     HAIL                       0
HEAVY SNOW                0     SNOW                       0
LIGHT SNOW                0     SLEET                      0
FOG                      10     FOG W/VIS <= 1/4 MILE      0
HAZE                      4

-  INDICATES NEGATIVE NUMBERS.
R  INDICATES RECORD WAS SET OR TIED.
MM INDICATES DATA IS MISSING.
T  INDICATES TRACE AMOUNT.

$$
