000
CXUS54 KMEG 011351
CLMMEM


CLIMATE REPORT
NATIONAL WEATHER SERVICE MEMPHIS TN
843 AM CDT MON JUN 1 2015

...................................

...THE MEMPHIS CLIMATE SUMMARY FOR THE MONTH OF MAY 2015...

CLIMATE NORMAL PERIOD 1981 TO 2010
CLIMATE RECORD PERIOD 1872 TO 2015

WEATHER         OBSERVED          NORMAL  DEPART  LAST YEAR`S
                 VALUE   DATE(S)  VALUE   FROM    VALUE  DATE(S)
                                          NORMAL
................................................................
TEMPERATURE (F)
RECORD
 HIGH              99   05/30/1977
 LOW               36   05/04/2013
HIGHEST            88   05/07        81       7       89  05/26
                                                          05/24
                                                          05/12
LOWEST             48   05/22        61     -13       44  05/01
AVG. MAXIMUM     81.6              81.2     0.4     80.8
AVG. MINIMUM     64.1              62.2     1.9     62.0
MEAN             72.9              71.7     1.2     71.4
DAYS MAX >= 90      0               2.1    -2.1        0
DAYS MAX <= 32      0               0.0     0.0        0
DAYS MIN <= 32      0               0.0     0.0        0
DAYS MIN <= 0       0               0.0     0.0        0

PRECIPITATION (INCHES)
RECORD
 MAXIMUM        13.34   1893
 MINIMUM         0.20   1911
TOTALS           6.02              5.25    0.77     4.32
DAILY AVG.       0.19              0.17    0.02     0.14
DAYS >= .01        14              10.3     3.7       12
DAYS >= .10         9               6.9     2.1        9
DAYS >= .50         4               3.7     0.3        3
DAYS >= 1.00        3               1.7     1.3        0
GREATEST
 24 HR. TOTAL    1.84   05/31 TO 05/31

SNOWFALL (INCHES)
RECORDS
 TOTAL            0.0   2002
                        2001
                        2000
TOTALS            0.0               0.0     0.0      0.0
SINCE 7/1         6.1               3.8     2.3      0.8
SNOWDEPTH AVG.      0                MM      MM        0
DAYS >= 1.0         0               0.0     0.0        0
GREATEST
 SNOW DEPTH         0   MM                             0  MM
 24 HR TOTAL      0.0   05/31 TO 05/31

DEGREE_DAYS
HEATING TOTAL      13                19      -6       49
 SINCE 7/1       3184              2964     220     3484
COOLING TOTAL     264               226      38      255
 SINCE 1/1        354               321      33      311
.................................................................

WIND (MPH)
AVERAGE WIND SPEED              7.7
HIGHEST WIND SPEED/DIRECTION    26/170    DATE  05/16
HIGHEST GUST SPEED/DIRECTION    35/240    DATE  05/30

SKY COVER
POSSIBLE SUNSHINE (PERCENT)   MM
AVERAGE SKY COVER           0.70
NUMBER OF DAYS FAIR            4
NUMBER OF DAYS PC             11
NUMBER OF DAYS CLOUDY         16

AVERAGE RH (PERCENT)     65

WEATHER CONDITIONS. NUMBER OF DAYS WITH
THUNDERSTORM              0     MIXED PRECIP               0
HEAVY RAIN                5     RAIN                       6
LIGHT RAIN               17     FREEZING RAIN              0
LT FREEZING RAIN          0     HAIL                       0
HEAVY SNOW                0     SNOW                       0
LIGHT SNOW                0     SLEET                      0
FOG                       9     FOG W/VIS <= 1/4 MILE      0
HAZE                      3

-  INDICATES NEGATIVE NUMBERS.
R  INDICATES RECORD WAS SET OR TIED.
MM INDICATES DATA IS MISSING.
T  INDICATES TRACE AMOUNT.

$$
