000
CXUS54 KMEG 021905
CLMMEM


CLIMATE REPORT
NATIONAL WEATHER SERVICE MEMPHIS TN
102 PM CST FRI DEC 2 2016

...................................

...THE MEMPHIS CLIMATE SUMMARY FOR THE MONTH OF NOVEMBER 2016...

CLIMATE NORMAL PERIOD 1981 TO 2010
CLIMATE RECORD PERIOD 1872 TO 2016

WEATHER         OBSERVED          NORMAL  DEPART  LAST YEAR`S
                 VALUE   DATE(S)  VALUE   FROM    VALUE  DATE(S)
                                          NORMAL
................................................................
TEMPERATURE (F)
RECORD
 HIGH              86   11/01/2000
 LOW                9   11/25/1950
HIGHEST            85   11/03        62      23       81  11/05
                        11/01
LOWEST             33   11/27        43     -10       28  11/23
                        11/20
AVG. MAXIMUM     68.2              62.6     5.6     66.7
AVG. MINIMUM     46.5              43.7     2.8     48.9
MEAN             57.3              53.2     4.1     57.8
DAYS MAX >= 90      0               0.0     0.0        0
DAYS MAX <= 32      0               0.0     0.0        0
DAYS MIN <= 32      0               3.2    -3.2        2
DAYS MIN <= 0       0               0.0     0.0        0

PRECIPITATION (INCHES)
RECORD
 MAXIMUM        14.53   1906
 MINIMUM         0.49   1894
TOTALS           2.56              5.49   -2.93    10.16
DAILY AVG.       0.09              0.18   -0.09     0.34
DAYS >= .01         6               9.5    -3.5       11
DAYS >= .10         3               6.3    -3.3        8
DAYS >= .50         3               3.4    -0.4        6
DAYS >= 1.00        1               1.8    -0.8        4
GREATEST
 24 HR. TOTAL    1.34   11/28 TO 11/28
                        11/27 TO 11/28
                        11/28 TO 11/28

SNOWFALL (INCHES)
RECORDS
 TOTAL            4.9   1929
TOTALS            0.0                 T     0.0      0.0
SINCE 7/1         0.0                 T     0.0      0.0
SNOWDEPTH AVG.      0                MM      MM        0
DAYS >= 1.0         0               0.0     0.0        0
GREATEST
 SNOW DEPTH         0   MM                             0  MM
 24 HR TOTAL      0.0   11/30 TO 11/30

DEGREE_DAYS
HEATING TOTAL     252               368    -116      239
 SINCE 7/1        270               499    -229      301
COOLING TOTAL      30                13      17       30
 SINCE 1/1       2804              2256     548     2460
.................................................................

WIND (MPH)
AVERAGE WIND SPEED              6.1
HIGHEST WIND SPEED/DIRECTION    37/170    DATE  11/28
HIGHEST GUST SPEED/DIRECTION    53/170    DATE  11/28

SKY COVER
POSSIBLE SUNSHINE (PERCENT)   MM
AVERAGE SKY COVER           0.40
NUMBER OF DAYS FAIR           15
NUMBER OF DAYS PC              7
NUMBER OF DAYS CLOUDY          8

AVERAGE RH (PERCENT)     64

WEATHER CONDITIONS. NUMBER OF DAYS WITH
THUNDERSTORM              0     MIXED PRECIP               0
HEAVY RAIN                3     RAIN                       3
LIGHT RAIN                8     FREEZING RAIN              0
LT FREEZING RAIN          0     HAIL                       0
HEAVY SNOW                0     SNOW                       0
LIGHT SNOW                0     SLEET                      0
FOG                       7     FOG W/VIS <= 1/4 MILE      0
HAZE                      0

-  INDICATES NEGATIVE NUMBERS.
R  INDICATES RECORD WAS SET OR TIED.
MM INDICATES DATA IS MISSING.
T  INDICATES TRACE AMOUNT.

$$
