000
CXUS54 KMEG 021625
CLMMEM


CLIMATE REPORT
NATIONAL WEATHER SERVICE MEMPHIS TN
1022 AM CST THU FEB 2 2017

...................................

...THE MEMPHIS CLIMATE SUMMARY FOR THE MONTH OF JANUARY 2017...

CLIMATE NORMAL PERIOD 1981 TO 2010
CLIMATE RECORD PERIOD 1872 TO 2017

WEATHER         OBSERVED          NORMAL  DEPART  LAST YEAR`S
                 VALUE   DATE(S)  VALUE   FROM    VALUE  DATE(S)
                                          NORMAL
................................................................
TEMPERATURE (F)
RECORD
 HIGH              79   01/31/2002
                        01/12/1890
 LOW               -8   01/12/1918
                        01/09/1886
HIGHEST            76   01/12        49      27       73  01/31
LOWEST             13   01/08        31     -18       18  01/11
                        01/07
AVG. MAXIMUM     56.4              49.8     6.6     50.4
AVG. MINIMUM     40.6              32.6     8.0     31.8
MEAN             48.5              41.2     7.3     41.1
DAYS MAX >= 90      0               0.0     0.0        0
DAYS MAX <= 32      3               2.0     1.0        1
DAYS MIN <= 32      7              14.5    -7.5       18
DAYS MIN <= 0       0               0.0     0.0        0

PRECIPITATION (INCHES)
RECORD
 MAXIMUM        17.56   1937
 MINIMUM         0.57   1986
TOTALS           4.26              3.98    0.28     2.27
DAILY AVG.       0.14              0.13    0.01     0.07
DAYS >= .01        13               9.5     3.5        7
DAYS >= .10         5               6.4    -1.4        5
DAYS >= .50         4               2.6     1.4        1
DAYS >= 1.00        1               1.0     0.0        1
GREATEST
 24 HR. TOTAL    1.50   01/10 TO 01/11

SNOWFALL (INCHES)
RECORDS
 TOTAL           15.1   1948
TOTALS            2.0               1.9     0.1      0.3
SINCE 7/1         2.0               2.1    -0.1      0.3
SNOWDEPTH AVG.      0                MM      MM        0
DAYS >= 1.0         1               0.6     0.4        0
GREATEST
 SNOW DEPTH         1   01/07                         -1  01/22
 24 HR TOTAL      2.0   01/06 TO 01/06

DEGREE_DAYS
HEATING TOTAL     503               738    -235      736
 SINCE 7/1       1403              1902    -499     1385
COOLING TOTAL       2                 1       1        2
 SINCE 1/1          2                 0       2        2
.................................................................

WIND (MPH)
AVERAGE WIND SPEED              8.9
HIGHEST WIND SPEED/DIRECTION    36/180    DATE  01/10
HIGHEST GUST SPEED/DIRECTION    47/200    DATE  01/10

SKY COVER
POSSIBLE SUNSHINE (PERCENT)   MM
AVERAGE SKY COVER           0.70
NUMBER OF DAYS FAIR            6
NUMBER OF DAYS PC              7
NUMBER OF DAYS CLOUDY         18

AVERAGE RH (PERCENT)     73

WEATHER CONDITIONS. NUMBER OF DAYS WITH
THUNDERSTORM              0     MIXED PRECIP               0
HEAVY RAIN                6     RAIN                       4
LIGHT RAIN               14     FREEZING RAIN              0
LT FREEZING RAIN          0     HAIL                       0
HEAVY SNOW                0     SNOW                       1
LIGHT SNOW                1     SLEET                      0
FOG                      14     FOG W/VIS <= 1/4 MILE      1
HAZE                      3

-  INDICATES NEGATIVE NUMBERS.
R  INDICATES RECORD WAS SET OR TIED.
MM INDICATES DATA IS MISSING.
T  INDICATES TRACE AMOUNT.

$$
