000
CXUS51 KCLE 022020
CLMMFD


CLIMATE REPORT
NATIONAL WEATHER SERVICE CLEVELAND OH
314 PM EST MON JAN 2 2017

...................................

...THE MANSFIELD OH CLIMATE SUMMARY FOR THE MONTH OF DECEMBER 2016...

CLIMATE NORMAL PERIOD 1981 TO 2010
CLIMATE RECORD PERIOD 1916 TO 2017

WEATHER         OBSERVED          NORMAL  DEPART  LAST YEAR`S
                 VALUE   DATE(S)  VALUE   FROM    VALUE
                                          NORMAL
.............................................................
TEMPERATURE (F)
RECORD
 HIGH              73   12/03/1982
 LOW              -17   12/22/1989
HIGHEST            65   12/26
LOWEST              4   12/15
AVG. MAXIMUM     34.9              36.5    -1.6     50.5
AVG. MINIMUM     23.1              22.8     0.3     35.1
MEAN             29.0              29.7    -0.7     42.8
DAYS MAX >= 90      0               0.0     0.0        0
DAYS MAX <= 32     11              11.5    -0.5        2
DAYS MIN <= 32     27              25.4     1.6       14
DAYS MIN <= 0       0               1.0    -1.0        0

PRECIPITATION (INCHES)
RECORD
 MAXIMUM        11.19   1990
 MINIMUM         0.74   1976
TOTALS           3.14              3.29   -0.15     4.16
DAYS >= .01        14              14.9    -0.9       12
DAYS >= .10         6               7.3    -1.3        8
DAYS >= .50         2               1.9     0.1        3
DAYS >= 1.00        1               0.7     0.3        1
GREATEST
 24 HR. TOTAL    1.12   12/17 TO 12/18              1.96

SNOWFALL (INCHES)
RECORDS
 TOTAL           28.7   2004
TOTALS           11.0              10.5     0.5      0.2
SINCE 7/1        11.2              13.2    -2.0      0.2
DAYS >= 1.0         3               3.0     0.0        0
GREATEST
 24 HR TOTAL      5.0   12/09 TO 12/09

DEGREE_DAYS
HEATING TOTAL    1108              1096      12      680
 SINCE 7/1       1985              2377    -392     1620
COOLING TOTAL       0                 0       0        0
 SINCE 1/1       1084               632     452      778
..............................................................

WIND (MPH)
AVERAGE WIND SPEED              10.7
HIGHEST WIND SPEED/DIRECTION    36/200    DATE  12/26
HIGHEST GUST SPEED/DIRECTION    47/190    DATE  12/26

SKY COVER
AVERAGE SKY COVER           0.70

AVERAGE RH (PERCENT)     79

WEATHER CONDITIONS. NUMBER OF DAYS WITH
THUNDERSTORM              0     MIXED PRECIP               0
HEAVY RAIN                1     RAIN                       3
LIGHT RAIN                7     FREEZING RAIN              2
LT FREEZING RAIN          3     HAIL                       0
HEAVY SNOW                0     SNOW                       1
LIGHT SNOW               13     SLEET                      0
FOG                      23     FOG W/VIS <= 1/4 MILE      1
HAZE                      7

-  INDICATES NEGATIVE NUMBERS.
R  INDICATES RECORD WAS SET OR TIED.
MM INDICATES DATA IS MISSING.
T  INDICATES TRACE AMOUNT.

$$
