699
CXUS44 KBRO 011231
CLMMFE


CLIMATE REPORT
NATIONAL WEATHER SERVICE BROWNSVILLE TX
624 AM CST MON FEB 1 2016

...................................

...THE MCALLEN CLIMATE SUMMARY FOR THE MONTH OF JANUARY 2016...

CLIMATE NORMAL PERIOD 1981 TO 2010
CLIMATE RECORD PERIOD 1941 TO 2016

WEATHER         OBSERVED          NORMAL  DEPART  LAST YEAR`S
                 VALUE   DATE(S)  VALUE   FROM    VALUE  DATE(S)
                                          NORMAL
................................................................
TEMPERATURE (F)
HIGHEST            95R  01/31        86       9       83  01/20
LOWEST             40   01/29        32       8       37  01/24
                        01/28                             01/10
                        01/23
AVG. MAXIMUM     72.6              71.0     1.6
AVG. MINIMUM     48.9              50.7    -1.8
MEAN             60.8              60.8     0.0     55.5
DAYS MAX >= 90      1               0.3     0.7
DAYS MAX <= 32      0               0.0     0.0
DAYS MIN <= 32      0               0.4    -0.4
DAYS MIN <= 0       0               0.0     0.0

PRECIPITATION (INCHES)
TOTALS           0.40              1.05   -0.65     0.17
DAILY AVG.       0.01              0.03   -0.02     0.01
DAYS >= .01         3               7.4    -4.4        3
DAYS >= .10         1               2.6    -1.6        1
DAYS >= .50         0               0.7    -0.7        0
DAYS >= 1.00        0               0.2    -0.2        0
GREATEST
 24 HR. TOTAL    0.39   01/02 TO 01/03

DEGREE_DAYS
HEATING TOTAL     166               190     -24      301
 SINCE 7/1        269               427    -158      535
COOLING TOTAL      45                62     -17       17
 SINCE 1/1         45                62     -17       17
..................................................

WIND (MPH)
AVERAGE WIND SPEED              8.4
HIGHEST WIND SPEED/DIRECTION    39/320    DATE  01/16
HIGHEST GUST SPEED/DIRECTION    48/300    DATE  01/16

SKY COVER
AVERAGE SKY COVER           0.40
NUMBER OF DAYS FAIR           17
NUMBER OF DAYS PC              6
NUMBER OF DAYS CLOUDY          8

AVERAGE RH (PERCENT)     65

WEATHER CONDITIONS. NUMBER OF DAYS WITH
THUNDERSTORM              0     MIXED PRECIP               0
HEAVY RAIN                1     RAIN                       1
LIGHT RAIN                7     FREEZING RAIN              0
LT FREEZING RAIN          0     HAIL                       0
HEAVY SNOW                0     SNOW                       0
LIGHT SNOW                0     SLEET                      0
FOG                      20     FOG W/VIS <= 1/4 MILE      2
HAZE                     11

-  INDICATES NEGATIVE NUMBERS.
R  INDICATES RECORD WAS SET OR TIED.
MM INDICATES DATA IS MISSING.
T  INDICATES TRACE AMOUNT.

$$
