000
CXUS44 KBRO 011717
CLMMFE


CLIMATE REPORT
NATIONAL WEATHER SERVICE BROWNSVILLE TX
1212 PM CDT FRI JUL 1 2016

...................................

...THE MCALLEN CLIMATE SUMMARY FOR THE MONTH OF JUNE 2016...

CLIMATE NORMAL PERIOD 1981 TO 2010
CLIMATE RECORD PERIOD 1961 TO 2016

WEATHER         OBSERVED          NORMAL  DEPART  LAST YEAR`S
                 VALUE   DATE(S)  VALUE   FROM    VALUE  DATE(S)
                                          NORMAL
................................................................
TEMPERATURE (F)
HIGHEST           103   06/30        99       4      100  06/16
LOWEST             71   06/03        68       3       71  06/01
AVG. MAXIMUM     96.6              96.2     0.4
AVG. MINIMUM     76.9              75.7     1.2
MEAN             86.7              85.9     0.8     86.1
DAYS MAX >= 90     29              27.8     1.2
DAYS MAX <= 32      0               0.0     0.0
DAYS MIN <= 32      0               0.0     0.0
DAYS MIN <= 0       0               0.0     0.0

PRECIPITATION (INCHES)
TOTALS             MM              2.58      MM     5.39
DAILY AVG.         MM              0.09      MM     0.18
DAYS >= .01        MM               5.4      MM        9
DAYS >= .10        MM               3.5      MM        6
DAYS >= .50        MM               1.5      MM        3
DAYS >= 1.00       MM               0.7      MM        2
GREATEST
 24 HR. TOTAL      MM

DEGREE_DAYS
HEATING TOTAL       0                 0       0        0
 SINCE 7/1        318               579    -261      756
COOLING TOTAL     657               628      29      641
 SINCE 1/1       2275              1883     392     1886                               ..........................................................

WIND (MPH)
AVERAGE WIND SPEED              9.4
HIGHEST WIND SPEED/DIRECTION    31/130    DATE  06/01
HIGHEST GUST SPEED/DIRECTION    38/130    DATE  06/01

SKY COVER
POSSIBLE SUNSHINE (PERCENT)   MM
AVERAGE SKY COVER           0.30
NUMBER OF DAYS FAIR           24
NUMBER OF DAYS PC              6
NUMBER OF DAYS CLOUDY          0

AVERAGE RH (PERCENT)     67

WEATHER CONDITIONS. NUMBER OF DAYS WITH
THUNDERSTORM              0     MIXED PRECIP               0
HEAVY RAIN                0     RAIN                       2
LIGHT RAIN               12     FREEZING RAIN              0
LT FREEZING RAIN          0     HAIL                       0
HEAVY SNOW                0     SNOW                       0
LIGHT SNOW                0     SLEET                      0
FOG                      13     FOG W/VIS <= 1/4 MILE      0
HAZE                      9

-  INDICATES NEGATIVE NUMBERS.
R  INDICATES RECORD WAS SET OR TIED.
MM INDICATES DATA IS MISSING.
T  INDICATES TRACE AMOUNT.

$$
