000
CXUS44 KBRO 011526
CLMMFE


CLIMATE REPORT
NATIONAL WEATHER SERVICE BROWNSVILLE TX
1020 AM CDT TUE SEP 1 2015

...................................

...THE MCALLEN CLIMATE SUMMARY FOR THE MONTH OF AUGUST 2015...

CLIMATE NORMAL PERIOD 1981 TO 2010
CLIMATE RECORD PERIOD 1941 TO 2015

WEATHER         OBSERVED          NORMAL  DEPART  LAST YEAR`S
                 VALUE   DATE(S)  VALUE   FROM    VALUE  DATE(S)
                                          NORMAL
................................................................
TEMPERATURE (F)
HIGHEST           106   08/19       101       5      104  08/16
                        08/13                             08/07
                                                          08/06
LOWEST             72   08/28        71       1       73  08/09
AVG. MAXIMUM    101.3              98.1     3.2
AVG. MINIMUM     79.0              76.7     2.3
MEAN             90.1              87.4     2.7     89.2
DAYS MAX >= 90     30              29.5     0.5
DAYS MAX <= 32      0               0.0     0.0
DAYS MIN <= 32      0               0.0     0.0
DAYS MIN <= 0       0               0.0     0.0

PRECIPITATION (INCHES)
TOTALS           2.65              2.21    0.44     3.08
DAILY AVG.       0.09              0.07    0.02     0.10
DAYS >= .01         3               5.4    -2.4        5
DAYS >= .10         3               3.2    -0.2        4
DAYS >= .50         1               1.2    -0.2        2
DAYS >= 1.00        1               0.4     0.6        1
GREATEST
 24 HR. TOTAL    2.39   08/19 TO 08/20

DEGREE_DAYS
HEATING TOTAL       0                 0       0        0
 SINCE 7/1          0                 0       0        0
COOLING TOTAL     788               694      94      757
 SINCE 1/1       3427              3251     176     3195
..................................................

WIND (MPH)
AVERAGE WIND SPEED              10.2
HIGHEST WIND SPEED/DIRECTION    32/340    DATE  08/20
HIGHEST GUST SPEED/DIRECTION    42/340    DATE  08/20

SKY COVER
POSSIBLE SUNSHINE (PERCENT)   MM
AVERAGE SKY COVER           0.10
NUMBER OF DAYS FAIR           30
NUMBER OF DAYS PC              1
NUMBER OF DAYS CLOUDY          0

AVERAGE RH (PERCENT)     60

WEATHER CONDITIONS. NUMBER OF DAYS WITH
THUNDERSTORM              0     MIXED PRECIP               0
HEAVY RAIN                3     RAIN                       2
LIGHT RAIN                9     FREEZING RAIN              0
LT FREEZING RAIN          0     HAIL                       0
HEAVY SNOW                0     SNOW                       0
LIGHT SNOW                0     SLEET                      0
FOG                       4     FOG W/VIS <= 1/4 MILE      0
HAZE                     11

-  INDICATES NEGATIVE NUMBERS.
R  INDICATES RECORD WAS SET OR TIED.
MM INDICATES DATA IS MISSING.
T  INDICATES TRACE AMOUNT.

$$
