000
CXUS44 KBRO 010752
CLMMFE


CLIMATE REPORT
NATIONAL WEATHER SERVICE BROWNSVILLE TX
148 AM CST WED FEB 1 2017

...................................

...THE MCALLEN CLIMATE SUMMARY FOR THE MONTH OF JANUARY 2017...

CLIMATE NORMAL PERIOD 1981 TO 2010
CLIMATE RECORD PERIOD 1961 TO 2017

WEATHER         OBSERVED          NORMAL  DEPART  LAST YEAR`S
                 VALUE   DATE(S)  VALUE   FROM    VALUE  DATE(S)
                                          NORMAL
................................................................
TEMPERATURE (F)
HIGHEST            96R  01/21        86      10       95  01/31
LOWEST             32   01/07        32       0       40  01/29
                                                          01/28
                                                          01/23
AVG. MAXIMUM     79.4              71.0     8.4
AVG. MINIMUM     56.0              50.7     5.3
MEAN             67.7              60.8     6.9     60.8
DAYS MAX >= 90      3               0.3     2.7
DAYS MAX <= 32      0               0.0     0.0
DAYS MIN <= 32      1               0.4     0.6
DAYS MIN <= 0       0               0.0     0.0

PRECIPITATION (INCHES)
TOTALS           0.98              1.05   -0.07     0.40
DAILY AVG.       0.03              0.03    0.00     0.01
DAYS >= .01         8               7.4     0.6        3
DAYS >= .10         4               2.6     1.4        1
DAYS >= .50         1               0.7     0.3        0
DAYS >= 1.00        0               0.2    -0.2        0
GREATEST
 24 HR. TOTAL    0.60   01/18 TO 01/19


DEGREE_DAYS
HEATING TOTAL      87               190    -103      166
 SINCE 7/1        180               427    -247      269
COOLING TOTAL     179                62     117       45
 SINCE 1/1        179                62     117       45

..................................................

WIND (MPH)
AVERAGE WIND SPEED              10.1
HIGHEST WIND SPEED/DIRECTION    33/140    DATE  01/15
HIGHEST GUST SPEED/DIRECTION    45/320    DATE  01/22

SKY COVER
POSSIBLE SUNSHINE (PERCENT)   MM
AVERAGE SKY COVER           0.40
NUMBER OF DAYS FAIR           17
NUMBER OF DAYS PC              9
NUMBER OF DAYS CLOUDY          5

AVERAGE RH (PERCENT)     62

WEATHER CONDITIONS. NUMBER OF DAYS WITH
THUNDERSTORM              0     MIXED PRECIP               0
HEAVY RAIN                2     RAIN                       4
LIGHT RAIN                8     FREEZING RAIN              0
LT FREEZING RAIN          0     HAIL                       0
HEAVY SNOW                0     SNOW                       0
LIGHT SNOW                0     SLEET                      0
FOG                      15     FOG W/VIS <= 1/4 MILE      5
HAZE                     12

-  INDICATES NEGATIVE NUMBERS.
R  INDICATES RECORD WAS SET OR TIED.
MM INDICATES DATA IS MISSING.
T  INDICATES TRACE AMOUNT.

$$
