000
CXUS44 KBRO 011008
CLMMFE


CLIMATE REPORT
NATIONAL WEATHER SERVICE BROWNSVILLE TX
402 AM CST FRI DEC 1 2017

...................................

...THE MCALLEN CLIMATE SUMMARY FOR THE MONTH OF NOVEMBER 2017...

CLIMATE NORMAL PERIOD 1981 TO 2010
CLIMATE RECORD PERIOD 1961 TO 2017

WEATHER         OBSERVED          NORMAL  DEPART  LAST YEAR`S
                 VALUE   DATE(S)  VALUE   FROM    VALUE  DATE(S)
                                          NORMAL
................................................................
TEMPERATURE (F)
HIGHEST            95   11/05        91       4       99  11/28
LOWEST             46   11/23        42       4       45  11/20
AVG. MAXIMUM     83.6              79.9     3.7
AVG. MINIMUM     63.5              58.9     4.6
MEAN             73.6              69.4     4.2     75.6
DAYS MAX >= 90      8               2.9     5.1
DAYS MAX <= 32      0               0.0     0.0
DAYS MIN <= 32      0               0.0     0.0
DAYS MIN <= 0       0               0.0     0.0

PRECIPITATION (INCHES)
TOTALS           3.15              0.89    2.26     2.01
DAILY AVG.       0.11              0.03    0.08     0.07
DAYS >= .01         7               4.1     2.9        7
DAYS >= .10         4               1.6     2.4        5
DAYS >= .50         2               0.5     1.5        2
DAYS >= 1.00        1               0.1     0.9        0
GREATEST
 24 HR. TOTAL    2.19   11/13 TO 11/13

SNOWFALL (INCHES)
RECORDS
 24 HR TOTAL       MM
TOTALS            0.0               0.0     0.0      0.0
 LIQUID EQUIV    0.00              0.00    0.00     0.00
SINCE 7/1         0.0               0.0     0.0      0.0
 LIQUID 7/1      0.00
DAYS >= TRACE       0               0.0     0.0        0
DAYS >= 1.0         0               0.0     0.0        0

DEGREE_DAYS
HEATING TOTAL      19                55     -36        7
 SINCE 7/1         29                60     -31        7
COOLING TOTAL     285               187      98      330
 SINCE 1/1       5610              4369    1241     5514

.........................................................

WIND (MPH)
AVERAGE WIND SPEED              7.9
HIGHEST WIND SPEED/DIRECTION    29/360    DATE  11/18
HIGHEST GUST SPEED/DIRECTION    36/010    DATE  11/18

SKY COVER
POSSIBLE SUNSHINE (PERCENT)   MM
AVERAGE SKY COVER           0.30
NUMBER OF DAYS FAIR           19
NUMBER OF DAYS PC              5
NUMBER OF DAYS CLOUDY          6

AVERAGE RH (PERCENT)     70

WEATHER CONDITIONS. NUMBER OF DAYS WITH
THUNDERSTORM              0     MIXED PRECIP               0
HEAVY RAIN                3     RAIN                       4
LIGHT RAIN                8     FREEZING RAIN              0
LT FREEZING RAIN          0     HAIL                       0
HEAVY SNOW                0     SNOW                       0
LIGHT SNOW                0     SLEET                      0
FOG                      19     FOG W/VIS <= 1/4 MILE      4
HAZE                      5

-  INDICATES NEGATIVE NUMBERS.
R  INDICATES RECORD WAS SET OR TIED.
MM INDICATES DATA IS MISSING.
T  INDICATES TRACE AMOUNT.

$$
