000
CXUS44 KBRO 011710
CLMMFE


CLIMATE REPORT
NATIONAL WEATHER SERVICE BROWNSVILLE TX
1107 AM CST THU DEC 1 2016

...................................

...THE MCALLEN CLIMATE SUMMARY FOR THE MONTH OF NOVEMBER 2016...

CLIMATE NORMAL PERIOD 1981 TO 2010
CLIMATE RECORD PERIOD 1961 TO 2016

WEATHER         OBSERVED          NORMAL  DEPART  LAST YEAR`S
                 VALUE   DATE(S)  VALUE   FROM    VALUE  DATE(S)
                                          NORMAL
................................................................
TEMPERATURE (F)
HIGHEST            99   11/28        91       8       91  11/11
                                                          11/05
LOWEST             45   11/20        42       3       45  11/23
AVG. MAXIMUM     85.4              79.9     5.5
AVG. MINIMUM     65.7              58.9     6.8
MEAN             75.6              69.4     6.2     72.2
DAYS MAX >= 90     10               2.9     7.1
DAYS MAX <= 32      0               0.0     0.0
DAYS MIN <= 32      0               0.0     0.0
DAYS MIN <= 0       0               0.0     0.0

PRECIPITATION (INCHES)
TOTALS           2.01              0.89    1.12     0.78
DAILY AVG.       0.07              0.03    0.04     0.03
DAYS >= .01         7               4.1     2.9        2
DAYS >= .10         5               1.6     3.4        2
DAYS >= .50         2               0.5     1.5        1
DAYS >= 1.00        0               0.1    -0.1        0
GREATEST
 24 HR. TOTAL    0.84   11/08 TO 11/08

DEGREE_DAYS
HEATING TOTAL       7                55     -48       34
 SINCE 7/1          7                60     -53       34
COOLING TOTAL     330               187     143      259
 SINCE 1/1       5514              4369    1145     4800
.................................................

WIND (MPH)
AVERAGE WIND SPEED              8.2
HIGHEST WIND SPEED/DIRECTION    32/010    DATE  11/18
HIGHEST GUST SPEED/DIRECTION    41/020    DATE  11/18

SKY COVER
POSSIBLE SUNSHINE (PERCENT)   MM
AVERAGE SKY COVER           0.30
NUMBER OF DAYS FAIR           19
NUMBER OF DAYS PC              7
NUMBER OF DAYS CLOUDY          4

AVERAGE RH (PERCENT)     66

WEATHER CONDITIONS. NUMBER OF DAYS WITH
THUNDERSTORM              0     MIXED PRECIP               0
HEAVY RAIN                4     RAIN                       5
LIGHT RAIN                9     FREEZING RAIN              0
LT FREEZING RAIN          0     HAIL                       0
HEAVY SNOW                0     SNOW                       0
LIGHT SNOW                0     SLEET                      0
FOG                      15     FOG W/VIS <= 1/4 MILE      3
HAZE                     10

-  INDICATES NEGATIVE NUMBERS.
R  INDICATES RECORD WAS SET OR TIED.
MM INDICATES DATA IS MISSING.
T  INDICATES TRACE AMOUNT.

$$
