000
CXUS44 KBRO 011413
CLMMFE


CLIMATE REPORT
NATIONAL WEATHER SERVICE BROWNSVILLE TX
805 AM CST SUN JAN 1 2017

...................................

...THE MCALLEN CLIMATE SUMMARY FOR THE MONTH OF DECEMBER 2016...

CLIMATE NORMAL PERIOD 1981 TO 2010
CLIMATE RECORD PERIOD 1961 TO 2016

WEATHER         OBSERVED          NORMAL  DEPART  LAST YEAR`S
                 VALUE   DATE(S)  VALUE   FROM    VALUE  DATE(S)
                                          NORMAL
................................................................
TEMPERATURE (F)
HIGHEST            93   12/17        87       6       91  12/24
                                                          12/23
LOWEST             39   12/19        34       5       43  12/28
                                                          12/04
AVG. MAXIMUM     77.2              72.0     5.2
AVG. MINIMUM     58.7              51.9     6.8
MEAN             67.9              62.0     5.9     67.2
DAYS MAX >= 90      2               0.4     1.6
DAYS MAX <= 32      0               0.0     0.0
DAYS MIN <= 32      0               0.5    -0.5
DAYS MIN <= 0       0               0.0     0.0

PRECIPITATION (INCHES)
TOTALS           0.63              1.19   -0.56     0.04
DAILY AVG.       0.02              0.04   -0.02     0.00
DAYS >= .01        10               5.9     4.1        3
DAYS >= .10         2               2.6    -0.6        0
DAYS >= .50         0               0.7    -0.7        0
DAYS >= 1.00        0               0.1    -0.1        0
GREATEST
 24 HR. TOTAL    0.34   12/04 TO 12/05           12/31 TO 12/31

DEGREE_DAYS
HEATING TOTAL      86               177     -91       69
 SINCE 7/1         93               237    -144      103
COOLING TOTAL     183                83     100      144
 SINCE 1/1       5697              4452    1245     4944
..................................................

WIND (MPH)
AVERAGE WIND SPEED              9.3
HIGHEST WIND SPEED/DIRECTION    39/010    DATE  12/18
HIGHEST GUST SPEED/DIRECTION    48/010    DATE  12/18

SKY COVER
AVERAGE SKY COVER           0.70
NUMBER OF DAYS FAIR            2
NUMBER OF DAYS PC             13
NUMBER OF DAYS CLOUDY         16

AVERAGE RH (PERCENT)     69

WEATHER CONDITIONS. NUMBER OF DAYS WITH
THUNDERSTORM              0     MIXED PRECIP               0
HEAVY RAIN                1     RAIN                       1
LIGHT RAIN               13     FREEZING RAIN              0
LT FREEZING RAIN          0     HAIL                       0
HEAVY SNOW                0     SNOW                       0
LIGHT SNOW                0     SLEET                      0
FOG                      22     FOG W/VIS <= 1/4 MILE      6
HAZE                     16

-  INDICATES NEGATIVE NUMBERS.
R  INDICATES RECORD WAS SET OR TIED.
MM INDICATES DATA IS MISSING.
T  INDICATES TRACE AMOUNT.

$$
