000
CXUS56 KMFR 051817
CLMMFR


CLIMATE REPORT
NATIONAL WEATHER SERVICE MEDFORD, OR
945 AM PST MON JAN 5 2015

...................................

...THE MEDFORD OR CLIMATE SUMMARY FOR THE MONTH OF DECEMBER 2014...

CLIMATE NORMAL PERIOD 1981 TO 2010
CLIMATE RECORD PERIOD 1911 TO 2015

WEATHER         OBSERVED          NORMAL  DEPART  LAST YEAR`S
                 VALUE   DATE(S)  VALUE   FROM    VALUE  DATE(S)
                                          NORMAL
................................................................
TEMPERATURE (F)
RECORD
 HIGH              72   12/14/1962
 LOW              -10   12/13/1919
HIGHEST            65   12/21                         MM  MM
LOWEST             19   12/31                         MM  MM
AVG. MAXIMUM     52.9              45.9     7.0       MM
AVG. MINIMUM     38.4              32.7     5.7       MM
MEAN             45.7              39.3     6.4       MM
DAYS MAX >= 90      0               0.0     0.0       MM
DAYS MAX <= 32      0               0.5    -0.5       MM
DAYS MIN <= 32      5              13.7    -8.7       MM
DAYS MIN <= 0       0               0.0     0.0       MM

PRECIPITATION (INCHES)
RECORD
 MAXIMUM        12.72   1964
TOTALS           2.31              3.49   -1.18       MM
DAILY AVG.       0.07              0.11   -0.04       MM
DAYS >= .01        22              14.4     7.6       MM
DAYS >= .10         7               7.8    -0.8       MM
DAYS >= .50         0               2.1    -2.1       MM
DAYS >= 1.00        0               0.5    -0.5       MM
GREATEST
 24 HR. TOTAL    0.53   12/10 TO 12/11

SNOWFALL (INCHES)
RECORDS
 TOTAL           12.2   1972
TOTALS            0.0               1.5    -1.5       MM
SINCE 7/1         0.0               1.7    -1.7       MM

DEGREE_DAYS
HEATING TOTAL     592               797    -205       MM
 SINCE 7/1       1266              1766    -500       MM
COOLING TOTAL       0                 0       0       MM
 SINCE 1/1       1238               829     409       MM

FREEZE DATES
RECORD
 EARLIEST     09/13/1921
 LATEST       06/12/1952
EARLIEST                        10/18
LATEST                          04/29
.................................................................

WIND (MPH)
AVERAGE WIND SPEED              3.4
HIGHEST WIND SPEED/DIRECTION    38/160    DATE  12/11
HIGHEST GUST SPEED/DIRECTION    50/160    DATE  12/11

SKY COVER
POSSIBLE SUNSHINE (PERCENT)   MM
AVERAGE SKY COVER           0.70
NUMBER OF DAYS FAIR            3
NUMBER OF DAYS PC             10
NUMBER OF DAYS CLOUDY         18

AVERAGE RH (PERCENT)     81

WEATHER CONDITIONS. NUMBER OF DAYS WITH
THUNDERSTORM              0     MIXED PRECIP               0
HEAVY RAIN                2     RAIN                       7
LIGHT RAIN               25     FREEZING RAIN              0
LT FREEZING RAIN          0     HAIL                       0
HEAVY SNOW                0     SNOW                       0
LIGHT SNOW                0     SLEET                      0
FOG                      28     FOG W/VIS <= 1/4 MILE      9
HAZE                      6

-  INDICATES NEGATIVE NUMBERS.
R  INDICATES RECORD WAS SET OR TIED.
MM INDICATES DATA IS MISSING.
T  INDICATES TRACE AMOUNT.

$$
