000
CXUS56 KMFR 011010
CLMMFR

CLIMATE REPORT
NATIONAL WEATHER SERVICE MEDFORD, OR
152 AM PDT TUE JUL 1 2014

...................................

...THE MEDFORD OR CLIMATE SUMMARY FOR THE MONTH OF JUNE 2014...

CLIMATE NORMAL PERIOD 1981 TO 2010
CLIMATE RECORD PERIOD 1911 TO 2014

WEATHER         OBSERVED          NORMAL  DEPART  LAST YEAR`S
                 VALUE   DATE(S)  VALUE   FROM    VALUE  DATE(S)
                                          NORMAL
................................................................
TEMPERATURE (F)
RECORD
 HIGH             111   06/22/1992
 LOW               31   06/12/1952
HIGHEST            99   06/30                        102  06/30
LOWEST             44   06/18                         44  06/14
                        06/14                             06/12
AVG. MAXIMUM     83.3              81.6     1.7     83.7
AVG. MINIMUM     52.2              52.0     0.2     53.4
MEAN             67.7              66.8     0.9     68.6
DAYS MAX >= 90      6               6.3    -0.3       10
DAYS MAX <= 32      0               0.0     0.0        0
DAYS MIN <= 32      0               0.0     0.0        0
DAYS MIN <= 0       0               0.0     0.0        0

PRECIPITATION (INCHES)
RECORD
 MAXIMUM         3.49   1931
TOTALS           0.54              0.62   -0.08     0.39
DAILY AVG.       0.02              0.02    0.00     0.01
DAYS >= .01         2               4.2    -2.2        4
DAYS >= .10         1               2.0    -1.0        2
DAYS >= .50         0               0.2    -0.2        0
DAYS >= 1.00        0               0.0     0.0        0
GREATEST
 24 HR. TOTAL    0.54   06/25 TO 06/26

SNOWFALL (INCHES)
RECORDS
 TOTAL            0.0   2010
TOTALS            0.0               0.0     0.0      0.0
SINCE 7/1         3.4               4.1    -0.7      1.7

DEGREE_DAYS
HEATING TOTAL      22                54     -32       35
 SINCE 7/1       4179              4251     -72     4037
COOLING TOTAL     111               108       3      146
 SINCE 1/1        167               146      21      181

FREEZE DATES
RECORD
 EARLIEST     09/13/1921
 LATEST       06/12/1952
EARLIEST      11/21             10/18
LATEST        02/23             04/29
.................................................................

WIND (MPH)
AVERAGE WIND SPEED              5.2
HIGHEST WIND SPEED/DIRECTION    28/300    DATE  06/12
HIGHEST GUST SPEED/DIRECTION    35/300    DATE  06/12

SKY COVER
POSSIBLE SUNSHINE (PERCENT)   MM
AVERAGE SKY COVER           0.20
NUMBER OF DAYS FAIR           21
NUMBER OF DAYS PC              8
NUMBER OF DAYS CLOUDY          1

AVERAGE RH (PERCENT)     49

WEATHER CONDITIONS. NUMBER OF DAYS WITH
THUNDERSTORM              0     MIXED PRECIP               0
HEAVY RAIN                0     RAIN                       1
LIGHT RAIN                3     FREEZING RAIN              0
LT FREEZING RAIN          0     HAIL                       0
HEAVY SNOW                0     SNOW                       0
LIGHT SNOW                0     SLEET                      0
FOG                       2     FOG W/VIS <= 1/4 MILE      0
HAZE                      3

-  INDICATES NEGATIVE NUMBERS.
R  INDICATES RECORD WAS SET OR TIED.
MM INDICATES DATA IS MISSING.
T  INDICATES TRACE AMOUNT.

&&

JUNE 2014 BROUGHT A MIXED BAG OF WEATHER FOR THE MEDFORD AREA.
DURING THE FIRST HALF OF THE MONTH, MEDFORD EXPERIENCED NEAR NORMAL
TEMPERATURES WITH AVERAGES READING ABOUT 5 DEGREES ABOVE NORMAL. THE
TWO BULLS WILDFIRE JUST OUTSIDE OF BEND, OREGON SENT SMOKE INTO THE
ROGUE VALLEY ON THE 9TH. THANKFULLY, THE VALLEY ONLY HAD TO ENDURE
ONE DAY OF SMOKY CONDITIONS. TROUGHING SET IN OVER THE REGION AROUND
THE MIDDLE OF THE MONTH, BRINGING TEMPERATURES DOWN TO AROUND 5 TO
10 DEGREES BELOW NORMAL FOR ABOUT A WEEK. ON THE 12TH, WINDY
CONDITIONS BROUGHT SOME TREES DOWN IN MEDFORD AND ROGUE RIVER,
RESULTING IN SOME TEMPORARY POWER OUTAGES. TEMPERATURES WARMED TO
NEAR NORMAL AGAIN FOR ABOUT ANOTHER WEEK. AFTERWARD, A SPRING-LIKE
SYSTEM BROUGHT WIDESPREAD RAINFALL TO THE AREA. THE MEDFORD AIRPORT
MEASURED 0.54 INCHES BETWEEN THE 25TH AND 26TH, WHICH WAS CERTAINLY
SIGNIFICANT BY LATE JUNE`S STANDARDS. AFTER THIS SYSTEM EXITED THE
AREA, A STRONG WARMING TREND BEGAN. THE MONTH ENDED WITH THE HOTTEST
DAY MEDFORD HAS SEEN SO FAR IN 2014, TOPPING OUT AT 99 DEGREES.

$$
