000
CXUS56 KMFR 011026
CLMMFR

CLIMATE REPORT
NATIONAL WEATHER SERVICE MEDFORD, OR
326 AM PDT SUN MAY 1 2016

...................................

...THE MEDFORD OR CLIMATE SUMMARY FOR THE MONTH OF APRIL 2016...

CLIMATE NORMAL PERIOD 1981 TO 2010
CLIMATE RECORD PERIOD 1911 TO 2016

WEATHER         OBSERVED          NORMAL  DEPART  LAST YEAR`S
                 VALUE   DATE(S)  VALUE   FROM    VALUE  DATE(S)
                                          NORMAL
................................................................
TEMPERATURE (F)
RECORD
 HIGH              96   04/28/1998
                        04/28/1957
                        04/28/1926
 LOW               21   04/01/1936
HIGHEST            91   04/18                         87  04/27
                        04/07
LOWEST             34   04/26                         32  04/02
AVG. MAXIMUM     72.1              64.9     7.2     67.5
AVG. MINIMUM     44.4              40.8     3.6     39.9
MEAN             58.2              52.8     5.4     53.7
DAYS MAX >= 90      2               0.1     1.9        0
DAYS MAX <= 32      0               0.0     0.0        0
DAYS MIN <= 32      0               1.7    -1.7        1
DAYS MIN <= 0       0               0.0     0.0        0

PRECIPITATION (INCHES)
RECORD
 MAXIMUM         4.40   1912
TOTALS           0.96              1.38   -0.42     0.60
DAILY AVG.       0.03              0.05   -0.02     0.02
DAYS >= .01         8              10.6    -2.6        8
DAYS >= .10         4               4.8    -0.8        4
DAYS >= .50         0               0.4    -0.4        0
DAYS >= 1.00        0               0.0     0.0        0
GREATEST
 24 HR. TOTAL    0.37   04/13 TO 04/14

SNOWFALL (INCHES)
RECORDS
 TOTAL            4.2   1953
TOTALS            0.0               0.0     0.0      0.0
SINCE 7/1         1.9               4.1    -2.2        T

DEGREE_DAYS
HEATING TOTAL     210               367    -157      334
 SINCE 7/1       3329              3999    -670     3129
COOLING TOTAL      17                 3      14        0
 SINCE 1/1         17                 3      14        0

FREEZE DATES
RECORD
 EARLIEST     09/13/1921
 LATEST       06/12/1952
EARLIEST                        10/18
LATEST                          04/29
.................................................................

WIND (MPH)
AVERAGE WIND SPEED              4.4
HIGHEST WIND SPEED/DIRECTION    35/250    DATE  04/13
HIGHEST GUST SPEED/DIRECTION    47/250    DATE  04/13

SKY COVER
POSSIBLE SUNSHINE (PERCENT)   MM
AVERAGE SKY COVER           0.30
NUMBER OF DAYS FAIR           16
NUMBER OF DAYS PC              9
NUMBER OF DAYS CLOUDY          5

AVERAGE RH (PERCENT)     58

WEATHER CONDITIONS. NUMBER OF DAYS WITH
THUNDERSTORM              0     MIXED PRECIP               0
HEAVY RAIN                1     RAIN                       5
LIGHT RAIN               11     FREEZING RAIN              0
LT FREEZING RAIN          0     HAIL                       0
HEAVY SNOW                0     SNOW                       0
LIGHT SNOW                0     SLEET                      0
FOG                       4     FOG W/VIS <= 1/4 MILE      0
HAZE                      0

-  INDICATES NEGATIVE NUMBERS.
R  INDICATES RECORD WAS SET OR TIED.
MM INDICATES DATA IS MISSING.
T  INDICATES TRACE AMOUNT.

&&

DESPITE APRIL 2016 SEEING SEVERAL HIGH TEMPERATURE RECORDS, IT IS
BESTDESCRIBED AS A STANDARD TRANSITIONAL MONTH FROM THE SOGGIER
WINTER MONTHSTOWARD THE WARMER AND DRIER SUMMER PATTERN. THE
BEGINNING OF THE MONTHSTARTED OFF WITH WELL ABOVE NORMAL
TEMPERATURES AND A FEW WEAK SYSTEMSWHICH BROUGHT LIGHT SHOWERS TO
THE AREA. THEN, WINDS TURNED OFFSHORE BRINGINGMUCH WARMER AND DRIER
AIR TO MEDFORD BETWEEN THE 6TH AND THE 8TH. SEVERAL RECORDHIGH
TEMPERATURES WERE BROKEN ACROSS SOUTHERN OREGON AND NORTHERN
CALIFORNIADURING THIS TIME. IN FACT, BOTH MEDFORD AND ROSEBURG ALSO
SET THE RECORD FORTHE EARLIEST 90 DEGREE DAY WHICH OCCURRED ON THE
7TH. TEMPERATURES QUICKLYSHIFTED BACK TOWARD NORMAL OVER THE NEXT
FEW DAYS AS A STRONG COLD FRONTPROGRESSED THROUGH. THIS COLD FRONT
BROUGHT ABOUT A HALF AN INCH OF RAINFALLTO THE MEDFORD AIRPORT OVER
A FOUR DAY PERIOD BETWEEN THE 11TH AND THE 14TH.

OTHERWISE, THE SECOND HALF OF APRIL SAW SEVERAL SWINGS BETWEEN WARM,
DRY DAYSAND WET, COOL DAYS. IT IS WORTH NOTING THAT HIGH TEMPERATURE
RECORDSWERE BROKEN AT THE MEDFORD AIRPORT AGAIN ON THE 17TH AND THE
18TH INCLUDING ASECOND 90 DEGREE DAY AS ANOTHER THERMAL TROUGH MOVED
INLAND. FINALLY, AFTERSEVERAL SHOWERY DAYS TO CLOSE OUT THE MONTH, A
THIRD THERMAL TROUGH PATTERNSET UP ON THE 30TH TO CLOSE OUT APRIL
WITH ONE LAST MILD AND DRY DAY.

$$
