000
CXUS54 KBMX 011416
CLMMGM


CLIMATE REPORT
NATIONAL WEATHER SERVICE BIRMINGHAM, AL
915 AM CDT WED JUL 1 2015

...................................

...THE MONTGOMERY CLIMATE SUMMARY FOR THE MONTH OF JUNE 2015...

CLIMATE NORMAL PERIOD 1981 TO 2010
CLIMATE RECORD PERIOD 1994 TO 2015

WEATHER         OBSERVED          NORMAL  DEPART  LAST YEAR`S
                 VALUE   DATE(S)  VALUE   FROM    VALUE  DATE(S)
                                          NORMAL
................................................................
TEMPERATURE (F)
RECORD
 HIGH             106   06/27/1881
 LOW               48   06/01/1889
HIGHEST            98   06/23        MM      MM       97  06/21
                        06/22
LOWEST             65   06/04        MM      MM       67  06/12
AVG. MAXIMUM     91.3              89.8     1.5     90.6
AVG. MINIMUM     71.4              68.1     3.3     70.5
MEAN             81.4                               80.6
DAYS MAX >= 90     21              15.9     5.1       22
DAYS MAX <= 32      0               0.0     0.0        0
DAYS MIN <= 32      0               0.0     0.0        0
DAYS MIN <= 0       0               0.0     0.0        0

PRECIPITATION (INCHES)
RECORD
 MAXIMUM        15.59   1928
 MINIMUM         0.33   1979
TOTALS           3.99              4.07   -0.08     5.17
DAILY AVG.       0.13              0.14   -0.01     0.17
DAYS >= .01         9               9.7    -0.7       16
DAYS >= .10         7               6.2     0.8       10
DAYS >= .50         3               2.8     0.2        3
DAYS >= 1.00        1               1.1    -0.1        1

DEGREE_DAYS
HEATING TOTAL       0                 0       0        0
 SINCE 7/1       2136              2236    -100     2312
COOLING TOTAL     497               419      78      472
 SINCE 1/1       1035               758     277      838
.................................................................

WIND (MPH)
AVERAGE WIND SPEED              4.0
HIGHEST WIND SPEED/DIRECTION    36/080    DATE  06/24
HIGHEST GUST SPEED/DIRECTION    49/060    DATE  06/24

AVERAGE RH (PERCENT)     70

WEATHER CONDITIONS. NUMBER OF DAYS WITH
THUNDERSTORM              0     MIXED PRECIP               0
HEAVY RAIN                7     RAIN                       8
LIGHT RAIN               10     FREEZING RAIN              0
LT FREEZING RAIN          0     HAIL                       0
HEAVY SNOW                0     SNOW                       0
LIGHT SNOW                0     SLEET                      0
FOG                      16     FOG W/VIS <= 1/4 MILE      0
HAZE                      4

-  INDICATES NEGATIVE NUMBERS.
R  INDICATES RECORD WAS SET OR TIED.
MM INDICATES DATA IS MISSING.
T  INDICATES TRACE AMOUNT.

$$
