000
CXUS54 KBMX 011231
CLMMGM


CLIMATE REPORT
NATIONAL WEATHER SERVICE BIRMINGHAM, AL
726 AM CDT WED JUN 1 2016

...................................

...THE MONTGOMERY CLIMATE SUMMARY FOR THE MONTH OF MAY 2016...

CLIMATE NORMAL PERIOD 1981 TO 2010
CLIMATE RECORD PERIOD 1872 TO 2016

WEATHER         OBSERVED          NORMAL  DEPART  LAST YEAR`S
                 VALUE   DATE(S)  VALUE   FROM    VALUE  DATE(S)
                                          NORMAL
................................................................
TEMPERATURE (F)
RECORD
 HIGH              99   05/27/1916
 LOW               40   05/04/1971
HIGHEST            96   05/31        MM      MM       93  05/10
                        05/30
LOWEST             48   05/07        MM      MM       47  05/02
                        05/06
AVG. MAXIMUM     85.0              84.0     1.0     86.7
AVG. MINIMUM     62.1              60.7     1.4     63.3
MEAN             73.6                               75.0
DAYS MAX >= 90      5               4.2     0.8        6
DAYS MAX <= 32      0               0.0     0.0        0
DAYS MIN <= 32      0               0.0     0.0        0
DAYS MIN <= 0       0               0.0     0.0        0

PRECIPITATION (INCHES)
RECORD
 MAXIMUM        12.01   1978
 MINIMUM         0.23   2007
TOTALS           0.73              3.54   -2.81     4.34
DAILY AVG.       0.02              0.11   -0.09     0.14
DAYS >= .01         4               7.6    -3.6       12
DAYS >= .10         3               5.2    -2.2       11
DAYS >= .50         0               2.3    -2.3        3
DAYS >= 1.00        0               1.2    -1.2        0

DEGREE_DAYS
HEATING TOTAL       4                10      -6        1
 SINCE 7/1       1488              2236    -748     2136
COOLING TOTAL     275               238      37      317
 SINCE 1/1        461               339     122      538
.................................................................

WIND (MPH)
AVERAGE WIND SPEED              5.1
HIGHEST WIND SPEED/DIRECTION    33/300    DATE  05/12
HIGHEST GUST SPEED/DIRECTION    43/270    DATE  05/12

AVERAGE RH (PERCENT)     64

WEATHER CONDITIONS. NUMBER OF DAYS WITH
THUNDERSTORM              0     MIXED PRECIP               0
HEAVY RAIN                2     RAIN                       2
LIGHT RAIN                5     FREEZING RAIN              0
LT FREEZING RAIN          0     HAIL                       0
HEAVY SNOW                0     SNOW                       0
LIGHT SNOW                0     SLEET                      0
FOG                       6     FOG W/VIS <= 1/4 MILE      0
HAZE                      0

-  INDICATES NEGATIVE NUMBERS.
R  INDICATES RECORD WAS SET OR TIED.
MM INDICATES DATA IS MISSING.
T  INDICATES TRACE AMOUNT.

$$
