668
CXUS54 KBMX 021219
CLMMGM


CLIMATE REPORT
NATIONAL WEATHER SERVICE BIRMINGHAM, AL
619 AM CST THU MAR 2 2017

...................................

...THE MONTGOMERY CLIMATE SUMMARY FOR THE MONTH OF FEBRUARY 2017...

CLIMATE NORMAL PERIOD 1981 TO 2010
CLIMATE RECORD PERIOD 1872 TO 2017

WEATHER         OBSERVED          NORMAL  DEPART  LAST YEAR`S
                 VALUE   DATE(S)  VALUE   FROM    VALUE  DATE(S)
                                          NORMAL
................................................................
TEMPERATURE (F)
RECORD
 HIGH              85   02/13/1962
 LOW               -5   02/13/1899
HIGHEST            83   02/24        MM      MM       78  02/02
LOWEST             32   02/04        MM      MM       24  02/10
AVG. MAXIMUM     71.3              61.8     9.5     65.3
AVG. MINIMUM     47.5              39.2     8.3     40.8
MEAN             59.4                               53.1
DAYS MAX >= 90      0               0.0     0.0        0
DAYS MAX <= 32      0               0.1    -0.1        0
DAYS MIN <= 32      1               7.1    -6.1        8
DAYS MIN <= 0       0               0.0     0.0        0

PRECIPITATION (INCHES)
RECORD
 MAXIMUM        13.38   1961
 MINIMUM         1.11   1999
TOTALS           3.53              5.28   -1.75     5.41
DAILY AVG.       0.13              0.19   -0.06     0.19
DAYS >= .01         7               8.9    -1.9        7
DAYS >= .10         5               6.5    -1.5        6
DAYS >= .50         3               3.3    -0.3        3
DAYS >= 1.00        1               1.8    -0.8        3

DEGREE_DAYS
HEATING TOTAL     174               410    -236      350
 SINCE 7/1        997              1872    -875     1325
COOLING TOTAL      25                 4      21       13
 SINCE 1/1         46                 6      40       13
.................................................................

WIND (MPH)
AVERAGE WIND SPEED              6.0
HIGHEST WIND SPEED/DIRECTION    26/310    DATE  02/25
HIGHEST GUST SPEED/DIRECTION    33/320    DATE  02/25

AVERAGE RH (PERCENT)     62

WEATHER CONDITIONS. NUMBER OF DAYS WITH
THUNDERSTORM              0     MIXED PRECIP               0
HEAVY RAIN                4     RAIN                       5
LIGHT RAIN                8     FREEZING RAIN              0
LT FREEZING RAIN          0     HAIL                       0
HEAVY SNOW                0     SNOW                       0
LIGHT SNOW                0     SLEET                      0
FOG                      14     FOG W/VIS <= 1/4 MILE      4
HAZE                     12

-  INDICATES NEGATIVE NUMBERS.
R  INDICATES RECORD WAS SET OR TIED.
MM INDICATES DATA IS MISSING.
T  INDICATES TRACE AMOUNT.

$$
