000
CXUS54 KBMX 011154
CLMMGM


CLIMATE REPORT
NATIONAL WEATHER SERVICE BIRMINGHAM, AL
553 AM CST THU DEC 1 2016

...................................

...THE MONTGOMERY CLIMATE SUMMARY FOR THE MONTH OF NOVEMBER 2016...

CLIMATE NORMAL PERIOD 1981 TO 2010
CLIMATE RECORD PERIOD 1872 TO 2016

WEATHER         OBSERVED          NORMAL  DEPART  LAST YEAR`S
                 VALUE   DATE(S)  VALUE   FROM    VALUE  DATE(S)
                                          NORMAL
................................................................
TEMPERATURE (F)
RECORD
 HIGH              91   11/01/2016
 LOW               13   11/25/1950
HIGHEST            91R  11/01        MM      MM       88  11/06
LOWEST             27   11/27        MM      MM       28  11/23
                        11/21
AVG. MAXIMUM     76.3              69.0     7.3     73.0
AVG. MINIMUM     45.1              43.9     1.2     51.4
MEAN             60.7                               62.2
DAYS MAX >= 90      1               0.0     1.0        0
DAYS MAX <= 32      0               0.0     0.0        0
DAYS MIN <= 32      3               3.7    -0.7        2
DAYS MIN <= 0       0               0.0     0.0        0

PRECIPITATION (INCHES)
RECORD
 MAXIMUM        21.32   1948
 MINIMUM         0.19   1924
TOTALS           1.99              4.61   -2.62     5.23
DAILY AVG.       0.07              0.15   -0.08     0.17
DAYS >= .01         2               7.5    -5.5        7
DAYS >= .10         2               5.5    -3.5        5
DAYS >= .50         2               3.3    -1.3        4
DAYS >= 1.00        1               1.6    -0.6        2

DEGREE_DAYS
HEATING TOTAL     163               280    -117      160
 SINCE 7/1        175               371    -196      187
COOLING TOTAL      43                23      20       84
 SINCE 1/1       3015              2268     747     2783
.................................................................

WIND (MPH)
AVERAGE WIND SPEED              5.2
HIGHEST WIND SPEED/DIRECTION    32/260    DATE  11/30
HIGHEST GUST SPEED/DIRECTION    43/170    DATE  11/28

AVERAGE RH (PERCENT)     53

WEATHER CONDITIONS. NUMBER OF DAYS WITH
THUNDERSTORM              0     MIXED PRECIP               0
HEAVY RAIN                2     RAIN                       2
LIGHT RAIN                2     FREEZING RAIN              0
LT FREEZING RAIN          0     HAIL                       0
HEAVY SNOW                0     SNOW                       0
LIGHT SNOW                0     SLEET                      0
FOG                       5     FOG W/VIS <= 1/4 MILE      2
HAZE                      5

-  INDICATES NEGATIVE NUMBERS.
R  INDICATES RECORD WAS SET OR TIED.
MM INDICATES DATA IS MISSING.
T  INDICATES TRACE AMOUNT.

$$
