000
CXUS54 KBMX 021416
CLMMGM


CLIMATE REPORT
NATIONAL WEATHER SERVICE BIRMINGHAM, AL
916 AM CDT SAT SEP 2 2017

...................................

...THE MONTGOMERY CLIMATE SUMMARY FOR THE MONTH OF AUGUST 2017...

CLIMATE NORMAL PERIOD 1981 TO 2010
CLIMATE RECORD PERIOD 1872 TO 2017

WEATHER         OBSERVED          NORMAL  DEPART  LAST YEAR`S
                 VALUE   DATE(S)  VALUE   FROM    VALUE  DATE(S)
                                          NORMAL
................................................................
TEMPERATURE (F)
RECORD
 HIGH             106   08/14/2007
                        08/12/2007
                        08/11/2007
 LOW               56   08/29/1992
HIGHEST            98   08/20        MM      MM      100  08/04
LOWEST             67   08/25        MM      MM       72  08/27
                        08/01                             08/15
AVG. MAXIMUM     91.8              91.9    -0.1     95.1
AVG. MINIMUM     73.7              71.0     2.7     74.8
MEAN             82.8                               85.0
DAYS MAX >= 90     23              21.5     1.5       30
DAYS MAX <= 32      0               0.0     0.0        0
DAYS MIN <= 32      0               0.0     0.0        0
DAYS MIN <= 0       0               0.0     0.0        0

PRECIPITATION (INCHES)
RECORD
 MAXIMUM        15.58   1939
 MINIMUM         0.44   1925
TOTALS           8.14              3.96    4.18     2.47
DAILY AVG.       0.26              0.13    0.13     0.08
DAYS >= .01         8               9.1    -1.1       16
DAYS >= .10         5               5.6    -0.6        8
DAYS >= .50         3               2.5     0.5        1
DAYS >= 1.00        2               1.3     0.7        0

DEGREE_DAYS
HEATING TOTAL       0                 0       0        0
 SINCE 7/1          0                 0       0        0
COOLING TOTAL     559               510      49      627
 SINCE 1/1       2168              1789     379     2229
.................................................................

WIND (MPH)
AVERAGE WIND SPEED              4.3
HIGHEST WIND SPEED/DIRECTION    29/170    DATE  08/10
HIGHEST GUST SPEED/DIRECTION    35/180    DATE  08/10

AVERAGE RH (PERCENT)     68

WEATHER CONDITIONS. NUMBER OF DAYS WITH
THUNDERSTORM              0     MIXED PRECIP               0
HEAVY RAIN                4     RAIN                       4
LIGHT RAIN               11     FREEZING RAIN              0
LT FREEZING RAIN          0     HAIL                       0
HEAVY SNOW                0     SNOW                       0
LIGHT SNOW                0     SLEET                      0
FOG                      16     FOG W/VIS <= 1/4 MILE      3
HAZE                     14

-  INDICATES NEGATIVE NUMBERS.
R  INDICATES RECORD WAS SET OR TIED.
MM INDICATES DATA IS MISSING.
T  INDICATES TRACE AMOUNT.

$$
