000
CXUS54 KBMX 022206
CLMMGM


CLIMATE REPORT
NATIONAL WEATHER SERVICE BIRMINGHAM, AL
506 PM CDT THU APR 2 2015

...................................

...THE MONTGOMERY CLIMATE SUMMARY FOR THE MONTH OF MARCH 2015...

CLIMATE NORMAL PERIOD 1981 TO 2010
CLIMATE RECORD PERIOD 1994 TO 2015

WEATHER         OBSERVED          NORMAL  DEPART  LAST YEAR`S
                 VALUE   DATE(S)  VALUE   FROM    VALUE  DATE(S)
                                          NORMAL
................................................................
TEMPERATURE (F)
RECORD
 HIGH              90   03/24/1929
                        03/21/1907
 LOW               17   03/14/1993
HIGHEST            86   03/10        MM      MM       81  03/31
LOWEST             26   03/06        MM      MM       30  03/26
AVG. MAXIMUM     72.8              69.7     3.1     68.5
AVG. MINIMUM     51.3              45.3     6.0     43.2
MEAN             62.0                               55.9
DAYS MAX >= 90      0               0.0     0.0        0
DAYS MAX <= 32      0               0.0     0.0        0
DAYS MIN <= 32      4               2.1     1.9        1
DAYS MIN <= 0       0               0.0     0.0        0

PRECIPITATION (INCHES)
RECORD
 MAXIMUM        16.51   1909
 MINIMUM         0.72   1887
TOTALS           2.00              5.95   -3.95     5.52
DAILY AVG.       0.06              0.19   -0.13     0.18
DAYS >= .01        12               8.7     3.3       11
DAYS >= .10         7               6.4     0.6        8
DAYS >= .50         1               3.9    -2.9        4
DAYS >= 1.00        0               2.0    -2.0        2

DEGREE_DAYS
HEATING TOTAL     152               255    -103      280
 SINCE 7/1       2122              2127      -5     2238
COOLING TOTAL      71                23      48        3
 SINCE 1/1         71                29      42       10
.................................................................

WIND (MPH)
AVERAGE WIND SPEED              5.9
HIGHEST WIND SPEED/DIRECTION    26/290    DATE  03/27
HIGHEST GUST SPEED/DIRECTION    31/300    DATE  03/27

AVERAGE RH (PERCENT)     69

WEATHER CONDITIONS. NUMBER OF DAYS WITH
THUNDERSTORM              0     MIXED PRECIP               0
HEAVY RAIN                2     RAIN                       7
LIGHT RAIN               14     FREEZING RAIN              0
LT FREEZING RAIN          0     HAIL                       0
HEAVY SNOW                0     SNOW                       0
LIGHT SNOW                0     SLEET                      0
FOG                      18     FOG W/VIS <= 1/4 MILE      4
HAZE                     10

-  INDICATES NEGATIVE NUMBERS.
R  INDICATES RECORD WAS SET OR TIED.
MM INDICATES DATA IS MISSING.
T  INDICATES TRACE AMOUNT.

$$
