000
CXUS54 KBMX 011441
CLMMGM


CLIMATE REPORT
NATIONAL WEATHER SERVICE BIRMINGHAM, AL
841 AM CST SUN MAR 1 2015

...................................

...THE MONTGOMERY CLIMATE SUMMARY FOR THE MONTH OF FEBRUARY 2015...

CLIMATE NORMAL PERIOD 1981 TO 2010
CLIMATE RECORD PERIOD 1994 TO 2015

WEATHER         OBSERVED          NORMAL  DEPART  LAST YEAR`S
                 VALUE   DATE(S)  VALUE   FROM    VALUE  DATE(S)
                                          NORMAL
................................................................
TEMPERATURE (F)
RECORD
 HIGH              85   02/13/1962
 LOW               -5   02/13/1899
HIGHEST            73   02/08        MM      MM       80  02/19
LOWEST             20   02/20        MM      MM       24  02/28
                        02/19
AVG. MAXIMUM     56.6              61.8    -5.2     63.4
AVG. MINIMUM     32.8              39.2    -6.4     38.9
MEAN             44.7                               51.2
DAYS MAX >= 90      0               0.0     0.0        0
DAYS MAX <= 32      0               0.1    -0.1        0
DAYS MIN <= 32     15               7.1     7.9        7
DAYS MIN <= 0       0               0.0     0.0        0

PRECIPITATION (INCHES)
RECORD
 MAXIMUM        13.38   1961
 MINIMUM         1.11   1999
TOTALS           4.84              5.28   -0.44     5.15
DAILY AVG.       0.17              0.19   -0.02     0.18
DAYS >= .01        10               8.9     1.1       13
DAYS >= .10         8               6.5     1.5        8
DAYS >= .50         5               3.3     1.7        4
DAYS >= 1.00        2               1.8     0.2        2

DEGREE_DAYS
HEATING TOTAL     562               410     152      386
 SINCE 7/1       1970              1872      98     1958
COOLING TOTAL       0                 4      -4        7
 SINCE 1/1          0                 6      -6        7
.................................................................

WIND (MPH)
AVERAGE WIND SPEED              7.6
HIGHEST WIND SPEED/DIRECTION    31/290    DATE  02/18
HIGHEST GUST SPEED/DIRECTION    38/270    DATE  02/18

AVERAGE RH (PERCENT)     60

WEATHER CONDITIONS. NUMBER OF DAYS WITH
THUNDERSTORM              0     MIXED PRECIP               0
HEAVY RAIN                7     RAIN                       7
LIGHT RAIN               10     FREEZING RAIN              0
LT FREEZING RAIN          0     HAIL                       0
HEAVY SNOW                0     SNOW                       0
LIGHT SNOW                0     SLEET                      0
FOG                      11     FOG W/VIS <= 1/4 MILE      1
HAZE                      0

-  INDICATES NEGATIVE NUMBERS.
R  INDICATES RECORD WAS SET OR TIED.
MM INDICATES DATA IS MISSING.
T  INDICATES TRACE AMOUNT.

$$
