000
CXUS54 KBMX 011512
CLMMGM


CLIMATE REPORT
NATIONAL WEATHER SERVICE BIRMINGHAM, AL
911 AM CST WED FEB 1 2017

...................................

...THE MONTGOMERY CLIMATE SUMMARY FOR THE MONTH OF JANUARY 2017...

CLIMATE NORMAL PERIOD 1981 TO 2010
CLIMATE RECORD PERIOD 1872 TO 2017

WEATHER         OBSERVED          NORMAL  DEPART  LAST YEAR`S
                 VALUE   DATE(S)  VALUE   FROM    VALUE  DATE(S)
                                          NORMAL
................................................................
TEMPERATURE (F)
RECORD
 HIGH              83   01/11/1949
 LOW                0   01/21/1985
HIGHEST            81   01/13        MM      MM       75  01/31
LOWEST             21   01/09        MM      MM       24  01/19
                        01/08
AVG. MAXIMUM     67.2              57.4     9.8     57.1
AVG. MINIMUM     44.3              35.7     8.6     35.6
MEAN             55.8                               46.4
DAYS MAX >= 90      0               0.0     0.0        0
DAYS MAX <= 32      0               0.2    -0.2        0
DAYS MIN <= 32      5              12.5    -7.5       13
DAYS MIN <= 0       0               0.0     0.0        0

PRECIPITATION (INCHES)
RECORD
 MAXIMUM        17.78   1892
 MINIMUM         0.49   1927
TOTALS          11.17              4.65    6.52     5.25
DAILY AVG.       0.36              0.15    0.21     0.17
DAYS >= .01         9              10.1    -1.1        7
DAYS >= .10         7               7.1    -0.1        7
DAYS >= .50         5               3.3     1.7        4
DAYS >= 1.00        4               1.4     2.6        3

DEGREE_DAYS
HEATING TOTAL     299               574    -275      569
 SINCE 7/1        823              1462    -639      975
COOLING TOTAL      21                 2      19        0
 SINCE 1/1         21                 0      21        0
.................................................................

WIND (MPH)
AVERAGE WIND SPEED              6.9
HIGHEST WIND SPEED/DIRECTION    38/260    DATE  01/22
HIGHEST GUST SPEED/DIRECTION    51/260    DATE  01/22

AVERAGE RH (PERCENT)     63

WEATHER CONDITIONS. NUMBER OF DAYS WITH
THUNDERSTORM              0     MIXED PRECIP               0
HEAVY RAIN                8     RAIN                       9
LIGHT RAIN               10     FREEZING RAIN              0
LT FREEZING RAIN          0     HAIL                       0
HEAVY SNOW                0     SNOW                       0
LIGHT SNOW                0     SLEET                      0
FOG                      13     FOG W/VIS <= 1/4 MILE      2
HAZE                     11

-  INDICATES NEGATIVE NUMBERS.
R  INDICATES RECORD WAS SET OR TIED.
MM INDICATES DATA IS MISSING.
T  INDICATES TRACE AMOUNT.

$$
