000
CXUS53 KTOP 031525 CCA
CLMMHK

CLIMATE REPORT...CORRECTED NUMBER OF THUNDERSTORM DAYS
NATIONAL WEATHER SERVICE TOPEKA KS
1024 AM CDT FRI OCT 3 2014

...................................

...THE MANHATTAN KS CLIMATE SUMMARY FOR THE MONTH OF SEPTEMBER 2014...

CLIMATE NORMAL PERIOD 1981 TO 2010
CLIMATE RECORD PERIOD 9999 TO 9999

WEATHER         OBSERVED          NORMAL  DEPART  LAST YEAR`S
                 VALUE   DATE(S)  VALUE   FROM    VALUE
                                          NORMAL
.............................................................
TEMPERATURE (F)
HIGHEST            97   09/09                        104
LOWEST             35R  09/13                         42
AVG. MAXIMUM     81.3              81.0     0.3     86.3
AVG. MINIMUM     56.1              54.8     1.3     58.8
MEAN             68.7              67.9     0.8     72.6
DAYS MAX >= 90      5               4.7     0.3       10
DAYS MAX <= 32      0               0.0     0.0        0
DAYS MIN <= 32      0               0.1    -0.1        0
DAYS MIN <= 0       0               0.0     0.0        0

PRECIPITATION (INCHES)
TOTALS           1.27              3.17   -1.90     3.10
DAILY AVG.       0.04                               0.10
DAYS >= .01         9                                  6
DAYS >= .10         4                                  5
DAYS >= .50         0                                  3
DAYS >= 1.00        0                                  1
GREATEST
 24 HR. TOTAL    1.27   08/31 TO 09/01              1.67

DEGREE_DAYS
HEATING TOTAL      56                67     -11       17
 SINCE 7/1         57                70     -13       20
COOLING TOTAL     175               154      21      252
 SINCE 1/1       1553              1337     216     1480
..............................................................

WIND (MPH)
AVERAGE WIND SPEED              7.1
HIGHEST WIND SPEED/DIRECTION    31/210    DATE  09/04
HIGHEST GUST SPEED/DIRECTION    40/180    DATE  09/09

SKY COVER
POSSIBLE SUNSHINE (PERCENT)   MM
AVERAGE SKY COVER           0.30
NUMBER OF DAYS FAIR           20
NUMBER OF DAYS PC              7
NUMBER OF DAYS CLOUDY          3

AVERAGE RH (PERCENT)     70

WEATHER CONDITIONS. NUMBER OF DAYS WITH
THUNDERSTORM              7     MIXED PRECIP               0
HEAVY RAIN                2     RAIN                       3
LIGHT RAIN               11     FREEZING RAIN              0
LT FREEZING RAIN          0     HEAVY SNOW                 0
SNOW                      0     LIGHT SNOW                 0
FOG                      14     FOG W/VIS <= 1/4 MILE      1
HAZE                      3

-  INDICATES NEGATIVE NUMBERS.
R  INDICATES RECORD WAS SET OR TIED.
MM INDICATES DATA IS MISSING.
T  INDICATES TRACE AMOUNT.

$$
