000
CXUS53 KTOP 011532 CCA
CLMMHK

CLIMATE REPORT
NATIONAL WEATHER SERVICE TOPEKA KS
930 AM CDT TUE JUL 1 2014

...................................

...THE MANHATTAN KS CLIMATE SUMMARY FOR THE MONTH OF JUNE 2014...

CLIMATE NORMAL PERIOD 1981 TO 2010
CLIMATE RECORD PERIOD 9999 TO 9999

WEATHER         OBSERVED          NORMAL  DEPART  LAST YEAR`S
                 VALUE   DATE(S)  VALUE   FROM    VALUE
                                          NORMAL
.............................................................
TEMPERATURE (F)
HIGHEST            96   06/30                         98
LOWEST             50   06/13                         49
AVG. MAXIMUM     85.1              85.4    -0.3     86.8
AVG. MINIMUM     64.7              61.9     2.8     63.3
MEAN             74.9              73.7     1.2     75.0
DAYS MAX >= 90      8               8.3    -0.3       11
DAYS MAX <= 32      0               0.0     0.0        0
DAYS MIN <= 32      0               0.0     0.0        0
DAYS MIN <= 0       0               0.0     0.0        0

PRECIPITATION (INCHES)
TOTALS           6.82              5.09    1.73     3.18
DAILY AVG.       0.23                               0.11
DAYS >= .01        15                                  9
DAYS >= .10         8                                  6
DAYS >= .50         4                                  3
DAYS >= 1.00        2                                  0
GREATEST
 24 HR. TOTAL    2.67   06/09 TO 06/10              0.97

DEGREE_DAYS
HEATING TOTAL       0                11     -11        9
 SINCE 7/1       5741              5315     426     5184
COOLING TOTAL     305               270      35      318
 SINCE 1/1        508               370     138      454
..............................................................

WIND (MPH)
AVERAGE WIND SPEED              8.9
HIGHEST WIND SPEED/DIRECTION    41/070    DATE  06/05
HIGHEST GUST SPEED/DIRECTION    57/070    DATE  06/05

SKY COVER
POSSIBLE SUNSHINE (PERCENT)   MM
AVERAGE SKY COVER           0.30
NUMBER OF DAYS FAIR           22
NUMBER OF DAYS PC              7
NUMBER OF DAYS CLOUDY          1

AVERAGE RH (PERCENT)     73

WEATHER CONDITIONS. NUMBER OF DAYS WITH
THUNDERSTORM             13     MIXED PRECIP               0
HEAVY RAIN                7     RAIN                       9
LIGHT RAIN               13     FREEZING RAIN              0
LT FREEZING RAIN          0     HEAVY SNOW                 0
SNOW                      0     LIGHT SNOW                 0
FOG                      13     FOG W/VIS <= 1/4 MILE      1
HAZE                      2

-  INDICATES NEGATIVE NUMBERS.
R  INDICATES RECORD WAS SET OR TIED.
MM INDICATES DATA IS MISSING.
T  INDICATES TRACE AMOUNT.

$$
