000
CXUS53 KTOP 011500
CLMMHK


CLIMATE REPORT
NATIONAL WEATHER SERVICE TOPEKA KS
954 AM CDT SUN MAY 1 2016

...................................

...THE MANHATTAN KS CLIMATE SUMMARY FOR THE MONTH OF APRIL 2016...

CLIMATE NORMAL PERIOD 1981 TO 2010
CLIMATE RECORD PERIOD 9999 TO 9999

WEATHER         OBSERVED          NORMAL  DEPART  LAST YEAR`S
                 VALUE   DATE(S)  VALUE   FROM    VALUE
                                          NORMAL
.............................................................
TEMPERATURE (F)
HIGHEST            87   04/05                         85
LOWEST             22R  04/02                         26
AVG. MAXIMUM     71.2              66.8     4.4     69.5
AVG. MINIMUM     44.4              41.2     3.2     44.1
MEAN             57.8              54.0     3.8     56.8
DAYS MAX >= 90      0               0.1    -0.1        0
DAYS MAX <= 32      0               0.1    -0.1        0
DAYS MIN <= 32      4               6.0    -2.0        3
DAYS MIN <= 0       0               0.0     0.0        0

PRECIPITATION (INCHES)
TOTALS           7.92              2.80    5.12     2.52
DAILY AVG.       0.26                               0.08
DAYS >= .01        11                                  9
DAYS >= .10        10                                  5
DAYS >= .50         5                                  3
DAYS >= 1.00        2                                  0
GREATEST
 24 HR. TOTAL    3.06   04/26 TO 04/27              0.88

DEGREE_DAYS
HEATING TOTAL     231               345    -114      244
 SINCE 7/1       4001              5181   -1180     5019
COOLING TOTAL      19                15       4        6
 SINCE 1/1         28                17      11        8
..............................................................

WIND (MPH)
AVERAGE WIND SPEED              9.4
HIGHEST WIND SPEED/DIRECTION    36/220    DATE  04/05
HIGHEST GUST SPEED/DIRECTION    45/100    DATE  04/26

SKY COVER
POSSIBLE SUNSHINE (PERCENT)   MM
AVERAGE SKY COVER           0.40
NUMBER OF DAYS FAIR           18
NUMBER OF DAYS PC              7
NUMBER OF DAYS CLOUDY          5

AVERAGE RH (PERCENT)     60

WEATHER CONDITIONS. NUMBER OF DAYS WITH
THUNDERSTORM             MM    MIXED PRECIP               0
HEAVY RAIN                7     RAIN                       9
LIGHT RAIN               11     FREEZING RAIN              0
LT FREEZING RAIN          0     HEAVY SNOW                 0
SNOW                      0     LIGHT SNOW                 0
FOG                      14     FOG W/VIS <= 1/4 MILE      1
HAZE                     10

-  INDICATES NEGATIVE NUMBERS.
R  INDICATES RECORD WAS SET OR TIED.
MM INDICATES DATA IS MISSING.
T  INDICATES TRACE AMOUNT.

$$
